000
CXUS56 KBOI 011002
CF6REO
PRELIMINARY LOCAL CLIMATOLOGICAL DATA (WS FORM: F-6)
STATION: ROME OR
MONTH: SEPTEMBER
YEAR: 2021
LATITUDE: 42 35 N
LONGITUDE: 117 52 W
TEMPERATURE IN F: :PCPN: SNOW: WIND :SUNSHINE: SKY :PK WND
================================================================================
1 2 3 4 5 6A 6B 7 8 9 10 11 12 13 14 15 16 17 18
12Z AVG MX 2MIN
DY MAX MIN AVG DEP HDD CDD WTR SNW DPTH SPD SPD DIR MIN PSBL S-S WX SPD DR
================================================================================
1 82 39 61 -6 4 0 0.00 M M 6.1 12 50 M M 0 18 360
2 81 40 61 -6 4 0 0.00 M M 6.1 17 10 M M 0 23 10
3 85 37 61 -6 4 0 0.00 M M 4.6 9 100 M M 0 M M
4 91 41 66 0 0 1 0.00 M M 5.2 15 250 M M 0 24 250
5 97 47 72 6 0 7 0.00 M M 5.8 10 160 M M 0 24 280
6 97 45 71 5 0 6 0.00 M M 6.0 17 260 M M 0 29 230
7 99 47 73 8 0 8 0.00 M M 4.3 10 160 M M 0 M M
8 100 54 77 12 0 12 0.00 M M 6.1 26 240 M M 0 34 240
9 99 57 78 13 0 13 0.00 M M 7.6 28 320 M M 0 36 310
10 81 50 66 2 0 1 0.16 M M 10.2 33 240 M M 0 46 230
11 81 42 62 -2 3 0 0.00 M M 5.8 9 310 M M 0 M M
12 88 44 66 2 0 1 0.00 M M 6.3 15 270 M M 0 30 260
13 84 46 65 2 0 0 0.00 M M 6.4 12 20 M M 0 24 20
14 86 38 62 -1 3 0 0.00 M M 4.7 9 90 M M 0 18 250
15 89 41 65 3 0 0 0.00 M M 6.0 15 260 M M 0 33 260
16 73 41 57 -5 8 0 0.00 M M 9.9 18 30 M M 0 25 30
17 92 35 64 2 1 0 0.00 M M 8.4 20 250 M M 0 31 260
18 83 51 67 6 0 2 0.03 M M 16.1 31 240 M M 0 53 240
19 62 41 52 -9 13 0 0.35 M M 10.2 20 300 M M 0 33 310
20 66 32 49 -11 16 0 0.00 M M 5.4 9 150 M M 0 M M
21 80 33 57 -3 8 0 0.00 M M 4.2 10 150 M M 0 17 10
22 86 43 65 5 0 0 0.00 M M 10.0 29 250 M M 0 43 270
23 77 40 59 0 6 0 0.00 M M 4.8 8 20 M M 0 M M
24 84 39 62 3 3 0 0.00 M M 5.7 9 80 M M 0 17 99
25 91 44 68 10 0 3 0.00 M M 6.3 14 240 M M 0 28 240
26 87 50 69 11 0 4 0.00 M M 10.8 21 240 M M 0 31 240
27 82 50 66 9 0 1 0.00 M M 14.9 29 260 M M 0 37 250
28 59 39 49 -8 16 0 0.46 M M 7.2 10 310 M M 0 M M
29 63 32 48 -9 17 0 0.00 M M 4.8 10 160 M M 0 M M
30 M 34 M M M M 0.00 M M 3.9 8 160 M M 0 M M
================================================================================
SM 2425 1272 106 59 1.00 M 213.8 M 0
================================================================================
AV 83.6 42.4 7.1 FASTST M M 0 MAX(MPH)
MISC ----> 33 240 53 240
================================================================================
NOTES:
# LAST OF SEVERAL OCCURRENCES
COLUMN 17 PEAK WIND IN M.P.H.
PRELIMINARY LOCAL CLIMATOLOGICAL DATA (WS FORM: F-6) , PAGE 2
STATION: ROME OR
MONTH: SEPTEMBER
YEAR: 2021
LATITUDE: 42 35 N
LONGITUDE: 117 52 W
[TEMPERATURE DATA] [PRECIPITATION DATA] SYMBOLS USED IN COLUMN 16
AVERAGE MONTHLY: 63.0 TOTAL FOR MONTH: 1.00 1 = FOG OR MIST
DPTR FM NORMAL: 0.9 DPTR FM NORMAL: 0.61 2 = FOG REDUCING VISIBILITY
HIGHEST: 100 ON 8 GRTST 24HR 0.46 ON 28-28 TO 1/4 MILE OR LESS
LOWEST: 32 ON 29,20 3 = THUNDER
SNOW, ICE PELLETS, HAIL 4 = ICE PELLETS
TOTAL MONTH: M 5 = HAIL
GRTST 24HR M ON M 6 = FREEZING RAIN OR DRIZZLE
GRTST DEPTH: M ON M 7 = DUSTSTORM OR SANDSTORM:
VSBY 1/2 MILE OR LESS
8 = SMOKE OR HAZE
[NO. OF DAYS WITH] [WEATHER - DAYS WITH] 9 = BLOWING SNOW
X = TORNADO
MAX 32 OR BELOW: 0 0.01 INCH OR MORE: 4
MAX 90 OR ABOVE: 8 0.10 INCH OR MORE: 3
MIN 32 OR BELOW: 2 0.50 INCH OR MORE: 0
MIN 0 OR BELOW: 0 1.00 INCH OR MORE: 0
[HDD (BASE 65) ]
TOTAL THIS MO. 106 CLEAR (SCALE 0-3) 30
DPTR FM NORMAL -41 PTCLDY (SCALE 4-7) 0
TOTAL FM JUL 1 118 CLOUDY (SCALE 8-10) 0
DPTR FM NORMAL -53
[CDD (BASE 65) ]
TOTAL THIS MO. 59
DPTR FM NORMAL 0 [PRESSURE DATA]
TOTAL FM JAN 1 1016 HIGHEST SLP M ON M
DPTR FM NORMAL 360 LOWEST SLP 29.76 ON 1
[REMARKS]
#FINAL-09-21#