000
CXUS56 KSGX 011145
CF6RIV
PRELIMINARY LOCAL CLIMATOLOGICAL DATA (WS FORM: F-6)
STATION: RIVERSIDE/MARCH ARB CA
MONTH: FEBRUARY
YEAR: 2021
LATITUDE: 33 53 N
LONGITUDE: 117-15 E
TEMPERATURE IN F: :PCPN: SNOW: WIND :SUNSHINE: SKY :PK WND
================================================================================
1 2 3 4 5 6A 6B 7 8 9 10 11 12 13 14 15 16 17 18
12Z AVG MX 2MIN
DY MAX MIN AVG DEP HDD CDD WTR SNW DPTH SPD SPD DIR MIN PSBL S-S WX SPD DR
================================================================================
1 66 50 58 M 7 0 T M M 1.5 7 20 M M 5 M M
2 74 45 60 M 5 0 0.00 M M 2.7 8 310 M M 4 M M
3 69 38 54 M 11 0 0.00 M M 3.7 13 330 M M 0 M M
4 66 36 51 M 14 0 0.00 M M 4.1 13 330 M M 1 12 M M
5 71 31 51 M 14 0 0.00 M M 2.5 9 320 M M 0 1 M M
6 76 32 54 M 11 0 0.00 M M 2.2 7 300 M M 0 M M
7 74 31 53 M 12 0 0.00 M M 1.7 9 320 M M 0 M M
8 69 31 50 M 15 0 0.00 M M 1.8 10 330 M M 0 1 M M
9 58 44 51 M 14 0 0.00 M M 3.1 8 320 M M 8 18 M M
10 61 40 51 M 14 0 0.00 M M 2.7 7 310 M M 4 1 M M
11 71 36 54 M 11 0 0.00 M M 3.2 13 310 M M 1 18 M M
12 64 39 52 M 13 0 0.01 M M 6.5 17 320 M M 5 1 20 350
13 59 37 48 M 17 0 0.00 M M 4.7 12 300 M M 3 1 M M
14 62 36 49 M 16 0 0.00 M M 9.3 22 320 M M 2 12 33 340
15 59 33 46 M 19 0 0.00 M M 1.8 7 330 M M 2 8 M M
16 62 42 52 M 13 0 0.00 M M 6.3 12 300 M M 4 18 290
17 63 37 50 M 15 0 0.00 M M 8.9 24 340 M M 3 1 33 310
18 64 34 49 M 16 0 0.00 M M 4.3 10 70 M M 0 M M
19 37 30 34 M 31 0 0.00 M M 0.0 M M M M 0 M M
20 M M M M M M 0.00 M M M M M M M M M M
21 69 34 52 M 13 0 0.00 M M 4.4 16 60 M M 0 21 60
22 76 40 58 M 7 0 0.00 M M 8.5 17 70 M M 0 25 50
23 80 31 56 M 9 0 0.00 M M 2.8 15 310 M M 0 M M
24 74 33 54 M 11 0 0.00 M M 3.2 12 320 M M 0 M M
25 67 33 50 M 15 0 0.00 M M 8.5 17 360 M M 0 30 340
26 74 25 50 M 15 0 0.00 M M 2.5 12 330 M M 0 M M
27 69 28 49 M 16 0 0.00 M M 4.6 12 320 M M 0 M M
28 65 36 51 M 14 0 0.00 M M 8.5 15 80 M M 0 24 50
================================================================================
SM 1799 962 368 0 0.01 M 114.0 M 42
================================================================================
AV 66.6 35.6 4.2 FASTST M M 2 MAX(MPH)
MISC ----> 24 340 33 340
================================================================================
NOTES:
# LAST OF SEVERAL OCCURRENCES
COLUMN 17 PEAK WIND IN M.P.H.
PRELIMINARY LOCAL CLIMATOLOGICAL DATA (WS FORM: F-6) , PAGE 2
STATION: RIVERSIDE/MARCH ARB CA
MONTH: FEBRUARY
YEAR: 2021
LATITUDE: 33 53 N
LONGITUDE: 117-15 E
[TEMPERATURE DATA] [PRECIPITATION DATA] SYMBOLS USED IN COLUMN 16
AVERAGE MONTHLY: 51.1 TOTAL FOR MONTH: 0.01 1 = FOG OR MIST
DPTR FM NORMAL: 0.0 DPTR FM NORMAL: 0.01 2 = FOG REDUCING VISIBILITY
HIGHEST: 80 ON 23 GRTST 24HR 0.01 ON 12-12 TO 1/4 MILE OR LESS
LOWEST: 25 ON 26 3 = THUNDER
SNOW, ICE PELLETS, HAIL 4 = ICE PELLETS
TOTAL MONTH: M 5 = HAIL
GRTST 24HR M ON M 6 = FREEZING RAIN OR DRIZZLE
GRTST DEPTH: M ON M 7 = DUSTSTORM OR SANDSTORM:
VSBY 1/2 MILE OR LESS
8 = SMOKE OR HAZE
[NO. OF DAYS WITH] [WEATHER - DAYS WITH] 9 = BLOWING SNOW
X = TORNADO
MAX 32 OR BELOW: 0 0.01 INCH OR MORE: 1
MAX 90 OR ABOVE: 0 0.10 INCH OR MORE: 0
MIN 32 OR BELOW: 8 0.50 INCH OR MORE: 0
MIN 0 OR BELOW: 0 1.00 INCH OR MORE: 0
[HDD (BASE 65) ]
TOTAL THIS MO. 368 CLEAR (SCALE 0-3) 21
DPTR FM NORMAL M PTCLDY (SCALE 4-7) 6
TOTAL FM JUL 1 1436 CLOUDY (SCALE 8-10) 1
DPTR FM NORMAL M
[CDD (BASE 65) ]
TOTAL THIS MO. 0
DPTR FM NORMAL M [PRESSURE DATA]
TOTAL FM JAN 1 0 HIGHEST SLP M ON M
DPTR FM NORMAL M LOWEST SLP M ON M
[REMARKS]
#FINAL-02-21#