000
CXUS56 KSGX 011145
CF6RIV
PRELIMINARY LOCAL CLIMATOLOGICAL DATA (WS FORM: F-6)
STATION: RIVERSIDE/MARCH ARB CA
MONTH: JANUARY
YEAR: 2021
LATITUDE: 33 53 N
LONGITUDE: 117-15 E
TEMPERATURE IN F: :PCPN: SNOW: WIND :SUNSHINE: SKY :PK WND
================================================================================
1 2 3 4 5 6A 6B 7 8 9 10 11 12 13 14 15 16 17 18
12Z AVG MX 2MIN
DY MAX MIN AVG DEP HDD CDD WTR SNW DPTH SPD SPD DIR MIN PSBL S-S WX SPD DR
================================================================================
1 65 37 51 M 14 0 0.00 M M 7.1 20 360 M M 0 26 360
2 64 30 47 M 18 0 0.00 M M 1.5 7 310 M M 1 M M
3 62 33 48 M 17 0 0.00 M M 1.0 6 320 M M 0 1 M M
4 68 36 52 M 13 0 T M M 2.3 13 320 M M 3 12 M M
5 72 31 52 M 13 0 0.00 M M 2.7 13 320 M M 1 12 M M
6 73 36 55 M 10 0 0.00 M M 3.2 9 50 M M 0 M M
7 74 31 53 M 12 0 0.00 M M 2.1 10 10 M M 0 M M
8 73 34 54 M 11 0 0.00 M M 2.9 9 290 M M 0 M M
9 70 31 51 M 14 0 0.00 M M 6.7 18 360 M M 0 25 360
10 67 35 51 M 14 0 0.00 M M 4.2 13 110 M M 0 M M
11 70 34 52 M 13 0 0.00 M M 4.4 12 120 M M 0 M M
12 71 32 52 M 13 0 0.00 M M 3.7 9 90 M M 0 21 90
13 76 34 55 M 10 0 0.00 M M 1.0 7 310 M M 0 M M
14 83 36 60 M 5 0 0.00 M M 3.5 13 360 M M 0 M M
15 85 40 63 M 2 0 0.00 M M 3.6 9 340 M M 0 M M
16 85 38 62 M 3 0 0.00 M M 4.0 13 10 M M 0 M M
17 82 42 62 M 3 0 0.00 M M 3.0 8 320 M M 0 M M
18 79 34 57 M 8 0 0.00 M M 4.1 21 340 M M 0 M M
19 62 40 51 M 14 0 T M M 11.3 27 90 M M 6 43 90
20 66 57 62 M 3 0 0.00 M M 17.2 23 90 M M 4 37 100
21 M M M M M M 0.00 M M M M M M M M M M
22 M M M M M M 0.00 M 0 M M M M M M M M
23 M M M M M M 0.00 M 0 M M M M M M M M
24 53 36 45 M 20 0 0.04 M M 4.2 8 210 M M 7 M M
25 49 35 42 M 23 0 0.35 M M 8.5 21 310 M M 6 13 29 260
26 49 28 39 M 26 0 0.00 M M 2.1 8 170 M M 1 M M
27 57 33 45 M 20 0 0.00 M M 2.6 8 120 M M 4 M M
28 64 33 49 M 16 0 0.07 M M 5.3 16 170 M M 2 M M
29 50 40 45 M 20 0 0.89 M M 5.1 20 150 M M 8 1 23 150
30 60 34 47 M 18 0 0.00 M M 2.6 8 70 M M 4 12 M M
31 68 37 53 M 12 0 0.00 M M 7.1 15 70 M M 3 M M
================================================================================
SM 1897 997 365 0 1.35 M 127.0 M 50
================================================================================
AV 67.8 35.6 4.5 FASTST M M 2 MAX(MPH)
MISC ----> 27 90 43 90
================================================================================
NOTES:
# LAST OF SEVERAL OCCURRENCES
COLUMN 17 PEAK WIND IN M.P.H.
PRELIMINARY LOCAL CLIMATOLOGICAL DATA (WS FORM: F-6) , PAGE 2
STATION: RIVERSIDE/MARCH ARB CA
MONTH: JANUARY
YEAR: 2021
LATITUDE: 33 53 N
LONGITUDE: 117-15 E
[TEMPERATURE DATA] [PRECIPITATION DATA] SYMBOLS USED IN COLUMN 16
AVERAGE MONTHLY: 51.7 TOTAL FOR MONTH: 1.35 1 = FOG OR MIST
DPTR FM NORMAL: 0.0 DPTR FM NORMAL: M 2 = FOG REDUCING VISIBILITY
HIGHEST: 85 ON 16,15 GRTST 24HR 1.11 ON 29-30 TO 1/4 MILE OR LESS
LOWEST: 28 ON 26 3 = THUNDER
SNOW, ICE PELLETS, HAIL 4 = ICE PELLETS
TOTAL MONTH: M 5 = HAIL
GRTST 24HR M ON M 6 = FREEZING RAIN OR DRIZZLE
GRTST DEPTH: 0 7 = DUSTSTORM OR SANDSTORM:
VSBY 1/2 MILE OR LESS
8 = SMOKE OR HAZE
[NO. OF DAYS WITH] [WEATHER - DAYS WITH] 9 = BLOWING SNOW
X = TORNADO
MAX 32 OR BELOW: 0 0.01 INCH OR MORE: 4
MAX 90 OR ABOVE: 0 0.10 INCH OR MORE: 2
MIN 32 OR BELOW: 6 0.50 INCH OR MORE: 1
MIN 0 OR BELOW: 0 1.00 INCH OR MORE: 0
[HDD (BASE 65) ]
TOTAL THIS MO. 365 CLEAR (SCALE 0-3) 21
DPTR FM NORMAL M PTCLDY (SCALE 4-7) 7
TOTAL FM JUL 1 1068 CLOUDY (SCALE 8-10) 3
DPTR FM NORMAL M
[CDD (BASE 65) ]
TOTAL THIS MO. 0
DPTR FM NORMAL M [PRESSURE DATA]
TOTAL FM JAN 1 0 HIGHEST SLP M ON M
DPTR FM NORMAL M LOWEST SLP M ON M
[REMARKS]
#FINAL-01-21#