000
CXUS55 KRIW 011110
CF6RKS
PRELIMINARY LOCAL CLIMATOLOGICAL DATA (WS FORM: F-6)
STATION: ROCK SPRINGS WY
MONTH: DECEMBER
YEAR: 2022
LATITUDE: 41 35 N
LONGITUDE: 109 4 W
TEMPERATURE IN F: :PCPN: SNOW: WIND :SUNSHINE: SKY :PK WND
================================================================================
1 2 3 4 5 6A 6B 7 8 9 10 11 12 13 14 15 16 17 18
12Z AVG MX 2MIN
DY MAX MIN AVG DEP HDD CDD WTR SNW DPTH SPD SPD DIR MIN PSBL S-S WX SPD DR
================================================================================
1 39 10 25 1 40 0 0.00 M M 18.0 35 210 M M 2 51 170
2 35 7 21 -3 44 0 T M M 18.4 36 270 M M 5 18 46 270
3 21 -1 10 -14 55 0 0.00 M M 2.9 8 240 M M 0 10 230
4 26 4 15 -8 50 0 T M M 1.7 8 350 M M 7 128 10 310
5 32 17 25 2 40 0 T M M 14.7 23 250 M M 7 1 29 280
6 30 14 22 -1 43 0 0.00 M M 15.4 28 260 M M 2 34 270
7 28 8 18 -4 47 0 T M M 3.2 12 220 M M 3 13 220
8 25 9 17 -5 48 0 T M M 15.1 30 260 M M 4 1 39 260
9 29 7 18 -4 47 0 0.00 M M 9.4 28 260 M M 4 37 250
10 30 6 18 -4 47 0 0.00 M M 4.7 21 160 M M 2 27 160
11 39 26 33 11 32 0 0.00 M M 14.8 31 200 M M 4 42 210
12 35 17 26 5 39 0 0.02 M M 10.4 23 230 M M 8 1 30 230
13 18 11 15 -6 50 0 0.02 M M 7.1 20 250 M M 10 18 24 250
14 23 12 18 -3 47 0 0.00 M M 18.9 29 260 M M 5 38 270
15 16 -4 6 -15 59 0 0.01 M M 8.2 16 250 M M 7 18 19 250
16 13 -3 5 -16 60 0 0.00 M M 17.5 29 240 M M 0 18 35 240
17 17 4 11 -10 54 0 0.00 M M 14.2 30 260 M M 0 38 250
18 18 1 10 -11 55 0 0.00 M M 3.9 14 220 M M 0 16 220
19 26 5 16 -5 49 0 0.00 M M 11.9 25 220 M M 0 47 230
20 29 15 22 2 43 0 T M M 10.1 23 260 M M 5 29 260
21 35 M M M M M 0.03 M M 29.3 56 250 M M 6 189 75 260
22 M M M M M M T M M 6.5 16 70 M M 3 8 20 80
23 M M M M M M T M M 7.0 24 250 M M 5 8 31 250
24 M M M M M M 0.00 M M 21.3 36 270 M M 4 43 270
25 M M M M M M 0.00 M M 20.5 30 250 M M 6 40 270
26 M M M M M M 0.00 M M 12.4 29 260 M M 1 33 260
27 38 M M M M M 0.06 M M 7.2 16 230 M M 5 12 22 220
28 36 17 27 6 38 0 0.01 M M 16.9 26 260 M M 5 1 38 280
29 25 14 20 -1 45 0 0.00 M M 13.8 26 270 M M 4 33 260
30 30 14 22 1 43 0 T M M 7.2 25 230 M M 9 1 31 240
31 36 27 32 11 33 0 0.02 M M 12.4 31 280 M M 10 1 40 290
================================================================================
SM 729 237 1108 0 0.17 M 375.0 M 133
================================================================================
AV 28.0 9.9 12.1 FASTST M M 4 MAX(MPH)
MISC ----> 56 250 75 260
================================================================================
NOTES:
# LAST OF SEVERAL OCCURRENCES
COLUMN 17 PEAK WIND IN M.P.H.
PRELIMINARY LOCAL CLIMATOLOGICAL DATA (WS FORM: F-6) , PAGE 2
STATION: ROCK SPRINGS WY
MONTH: DECEMBER
YEAR: 2022
LATITUDE: 41 35 N
LONGITUDE: 109 4 W
[TEMPERATURE DATA] [PRECIPITATION DATA] SYMBOLS USED IN COLUMN 16
AVERAGE MONTHLY: 19.0 TOTAL FOR MONTH: 0.17 1 = FOG OR MIST
DPTR FM NORMAL: -2.4 DPTR FM NORMAL: -0.14 2 = FOG REDUCING VISIBILITY
HIGHEST: 39 ON 11, 1 GRTST 24HR 0.07 ON 27-28 TO 1/4 MILE OR LESS
LOWEST: -4 ON 15 3 = THUNDER
SNOW, ICE PELLETS, HAIL 4 = ICE PELLETS
TOTAL MONTH: M 5 = HAIL
GRTST 24HR M ON M 6 = FREEZING RAIN OR DRIZZLE
GRTST DEPTH: M ON M 7 = DUSTSTORM OR SANDSTORM:
VSBY 1/2 MILE OR LESS
8 = SMOKE OR HAZE
[NO. OF DAYS WITH] [WEATHER - DAYS WITH] 9 = BLOWING SNOW
X = TORNADO
MAX 32 OR BELOW: 18 0.01 INCH OR MORE: 7
MAX 90 OR ABOVE: 0 0.10 INCH OR MORE: 0
MIN 32 OR BELOW: 24 0.50 INCH OR MORE: 0
MIN 0 OR BELOW: 3 1.00 INCH OR MORE: 0
[HDD (BASE 65) ]
TOTAL THIS MO. 1108 CLEAR (SCALE 0-3) 11
DPTR FM NORMAL -242 PTCLDY (SCALE 4-7) 17
TOTAL FM JUL 1 3029 CLOUDY (SCALE 8-10) 3
DPTR FM NORMAL -268
[CDD (BASE 65) ]
TOTAL THIS MO. 0
DPTR FM NORMAL 0 [PRESSURE DATA]
TOTAL FM JAN 1 537 HIGHEST SLP 30.63 ON 3
DPTR FM NORMAL 217 LOWEST SLP 29.48 ON 12
[REMARKS]
#FINAL-12-22#