000
CXUS55 KRIW 011010
CF6RKS
PRELIMINARY LOCAL CLIMATOLOGICAL DATA (WS FORM: F-6)
STATION: ROCK SPRINGS WY
MONTH: JULY
YEAR: 2023
LATITUDE: 41 35 N
LONGITUDE: 109 4 W
TEMPERATURE IN F: :PCPN: SNOW: WIND :SUNSHINE: SKY :PK WND
================================================================================
1 2 3 4 5 6A 6B 7 8 9 10 11 12 13 14 15 16 17 18
12Z AVG MX 2MIN
DY MAX MIN AVG DEP HDD CDD WTR SNW DPTH SPD SPD DIR MIN PSBL S-S WX SPD DR
================================================================================
1 83 51 67 1 0 2 T M M 9.8 33 340 M M 1 3 49 340
2 84 53 69 3 0 4 T M M 12.3 28 270 M M 1 37 300
3 87 51 69 2 0 4 0.06 M M 8.4 46 260 M M 2 13 62 260
4 71 49 60 -7 5 0 0.03 M M 14.0 29 60 M M 5 13 37 210
5 77 44 61 -6 4 0 0.02 M M 7.9 20 100 M M 2 1 27 100
6 81 49 65 -3 0 0 T M M 13.1 40 210 M M 2 71 260
7 80 49 65 -3 0 0 0.02 M M 12.4 45 320 M M 2 3 57 310
8 81 48 65 -3 0 0 T M M 7.4 36 30 M M 2 3 47 20
9 88 49 69 0 0 4 0.00 M M 4.7 21 250 M M 1 27 250
10 86 60 73 4 0 8 T M M 7.7 20 230 M M 3 28 230
11 89 57 73 4 0 8 0.00 M M 11.6 28 260 M M 0 41 280
12 89 54 72 3 0 7 0.00 M M 7.9 25 260 M M 0 35 270
13 88 55 72 2 0 7 0.00 M M 9.5 28 280 M M 0 39 290
14 85 54 70 0 0 5 0.00 M M 12.5 30 260 M M 0 39 260
15 86 54 70 0 0 5 0.00 M M 10.7 28 270 M M 0 37 300
16 92 55 74 4 0 9 0.00 M M 11.5 28 260 M M 0 42 300
17 97 59 78 8 0 13 0.00 M M 12.8 37 270 M M 0 52 290
18 88 62 75 5 0 10 0.15 M M 13.9 39 330 M M 3 3 55 320
19 87 57 72 2 0 7 0.05 M M 8.8 39 240 M M 3 13 51 240
20 79 54 67 -4 0 2 0.01 M M 6.6 32 350 M M 6 3 46 360
21 88 49 69 -2 0 4 0.00 M M 6.3 24 30 M M 1 3 33 30
22 92 55 74 3 0 9 0.00 M M 7.0 21 280 M M 0 32 280
23 91 60 76 5 0 11 T M M 8.1 31 220 M M 1 42 220
24 94 60 77 6 0 12 0.03 M M 9.0 47 240 M M 2 3 62 230
25 88 57 73 2 0 8 T M M 11.4 29 200 M M 1 3 37 210
26 88 61 75 4 0 10 T M M 7.5 30 300 M M 1 3 45 290
27 86 56 71 0 0 6 T M M 10.4 26 260 M M 1 3 36 210
28 91 55 73 2 0 8 0.00 M M 4.5 21 210 M M 0 29 200
29 92 60 76 5 0 11 0.00 M M 7.0 38 230 M M 0 53 220
30 93 60 77 6 0 12 0.00 M M 8.2 25 270 M M 1 33 260
31 81 60 71 0 0 6 0.08 M M 5.8 23 180 M M 5 29 170
================================================================================
SM 2682 1697 9 192 0.45 M 288.7 M 46
================================================================================
AV 86.5 54.7 9.3 FASTST M M 1 MAX(MPH)
MISC ----> 47 240 71 260
================================================================================
NOTES:
# LAST OF SEVERAL OCCURRENCES
COLUMN 17 PEAK WIND IN M.P.H.
PRELIMINARY LOCAL CLIMATOLOGICAL DATA (WS FORM: F-6) , PAGE 2
STATION: ROCK SPRINGS WY
MONTH: JULY
YEAR: 2023
LATITUDE: 41 35 N
LONGITUDE: 109 4 W
[TEMPERATURE DATA] [PRECIPITATION DATA] SYMBOLS USED IN COLUMN 16
AVERAGE MONTHLY: 70.6 TOTAL FOR MONTH: 0.45 1 = FOG OR MIST
DPTR FM NORMAL: 1.2 DPTR FM NORMAL: -0.02 2 = FOG REDUCING VISIBILITY
HIGHEST: 97 ON 17 GRTST 24HR 0.15 ON 18-18 TO 1/4 MILE OR LESS
LOWEST: 44 ON 5 3 = THUNDER
SNOW, ICE PELLETS, HAIL 4 = ICE PELLETS
TOTAL MONTH: M 5 = HAIL
GRTST 24HR M ON M 6 = FREEZING RAIN OR DRIZZLE
GRTST DEPTH: M ON M 7 = DUSTSTORM OR SANDSTORM:
VSBY 1/2 MILE OR LESS
8 = SMOKE OR HAZE
[NO. OF DAYS WITH] [WEATHER - DAYS WITH] 9 = BLOWING SNOW
X = TORNADO
MAX 32 OR BELOW: 0 0.01 INCH OR MORE: 9
MAX 90 OR ABOVE: 8 0.10 INCH OR MORE: 1
MIN 32 OR BELOW: 0 0.50 INCH OR MORE: 0
MIN 0 OR BELOW: 0 1.00 INCH OR MORE: 0
[HDD (BASE 65) ]
TOTAL THIS MO. 9 CLEAR (SCALE 0-3) 28
DPTR FM NORMAL -12 PTCLDY (SCALE 4-7) 3
TOTAL FM JUL 1 9 CLOUDY (SCALE 8-10) 0
DPTR FM NORMAL -7
[CDD (BASE 65) ]
TOTAL THIS MO. 192
DPTR FM NORMAL 33 [PRESSURE DATA]
TOTAL FM JAN 1 195 HIGHEST SLP 30.26 ON 21
DPTR FM NORMAL -5 LOWEST SLP 29.81 ON 17
[REMARKS]
#FINAL-07-23#