000
CXUS52 KFFC 011010
CF6RMG
PRELIMINARY LOCAL CLIMATOLOGICAL DATA (WS FORM: F-6)
STATION: ROME
MONTH: JUNE
YEAR: 2022
LATITUDE: 34 20 N
LONGITUDE: 85 10 W
TEMPERATURE IN F: :PCPN: SNOW: WIND :SUNSHINE: SKY :PK WND
================================================================================
1 2 3 4 5 6A 6B 7 8 9 10 11 12 13 14 15 16 17 18
12Z AVG MX 2MIN
DY MAX MIN AVG DEP HDD CDD WTR SNW DPTH SPD SPD DIR MIN PSBL S-S WX SPD DR
================================================================================
1 94 67 81 7 0 16 0.00 M M 0.9 7 200 M M 1 18 11 20
2 91 68 80 6 0 15 0.16 M M 3.6 31 300 M M 2 138 48 300
3 84 67 76 2 0 11 0.00 M M 5.3 13 10 M M 2 17 10
4 88 62 75 1 0 10 0.00 M M 4.7 12 60 M M 3 17 50
5 87 60 74 -1 0 9 0.00 M M 2.7 13 150 M M 1 17 130
6 86 64 75 0 0 10 0.05 M M 4.0 22 120 M M 2 3 30 120
7 83 70 77 2 0 12 0.53 M M 3.2 14 360 M M 6 138 20 350
8 86 69 78 2 0 13 0.15 M M 4.6 22 260 M M 6 1238 32 250
9 87 64 76 0 0 11 0.03 M M 5.9 15 350 M M 5 1 23 10
10 82 59 71 -5 0 6 0.00 M M 1.8 9 290 M M 0 13 280
11 89 62 76 0 0 11 0.00 M M 1.5 8 290 M M 2 14 250
12 93 68 81 5 0 16 0.00 M M 2.0 10 250 M M 1 16 270
13 97 71 84 8 0 19 0.00 M M 3.1 12 300 M M 2 17 270
14 98 75 87 10 0 22 0.00 M M 2.8 12 290 M M 1 18 15 290
15 99 76 88 11 0 23 0.00 M M 5.2 18 190 M M 1 138 29 180
16 100 72 86 9 0 21 0.00 M M 2.4 8 190 M M 0 13 190
17 98 74 86 9 0 21 0.03 M M 4.3 24 330 M M 1 3 35 300
18 95 69 82 4 0 17 0.00 M M 7.2 20 10 M M 1 25 20
19 90 63 77 -1 0 12 0.00 M M 5.8 13 10 M M 0 19 330
20 94 57 76 -2 0 11 0.00 M M 3.2 9 140 M M 0 16 200
21 98 62 80 2 0 15 0.00 M M 3.6 14 10 M M 0 18 19 20
22 100 66 83 5 0 18 0.00 M M 4.7 18 360 M M 0 24 360
23 100 73 87 9 0 22 0.00 M M 5.4 21 10 M M 1 8 28 360
24 95 69 82 4 0 17 T M M 4.0 16 70 M M 4 3 24 70
25 92 73 83 4 0 18 0.10 M M 4.5 15 150 M M 5 21 230
26 93 72 83 4 0 18 0.00 M M 3.1 13 70 M M 4 3 18 70
27 90 73 82 3 0 17 0.00 M M 4.6 14 10 M M 5 17 350
28 88 72 80 1 0 15 0.16 M M 4.9 14 180 M M 6 13 17 170
29 90 72 81 2 0 16 0.01 M M 2.4 15 130 M M 7 1 22 170
30 91 70 81 2 0 16 0.13 M M 1.1 14 150 M M 2 3 18 100
================================================================================
SM 2758 2039 0 458 1.35 M 112.5 M 71
================================================================================
AV 91.9 68.0 3.7 FASTST M M 2 MAX(MPH)
MISC ----> 31 300 48 300
================================================================================
NOTES:
# LAST OF SEVERAL OCCURRENCES
COLUMN 17 PEAK WIND IN M.P.H.
PRELIMINARY LOCAL CLIMATOLOGICAL DATA (WS FORM: F-6) , PAGE 2
STATION: ROME
MONTH: JUNE
YEAR: 2022
LATITUDE: 34 20 N
LONGITUDE: 85 10 W
[TEMPERATURE DATA] [PRECIPITATION DATA] SYMBOLS USED IN COLUMN 16
AVERAGE MONTHLY: 80.0 TOTAL FOR MONTH: 1.35 1 = FOG OR MIST
DPTR FM NORMAL: 3.0 DPTR FM NORMAL: -2.45 2 = FOG REDUCING VISIBILITY
HIGHEST: 100 ON 23,22 GRTST 24HR 0.53 ON 7- 7 TO 1/4 MILE OR LESS
LOWEST: 57 ON 20 3 = THUNDER
SNOW, ICE PELLETS, HAIL 4 = ICE PELLETS
TOTAL MONTH: M 5 = HAIL
GRTST 24HR M ON M 6 = FREEZING RAIN OR DRIZZLE
GRTST DEPTH: M ON M 7 = DUSTSTORM OR SANDSTORM:
VSBY 1/2 MILE OR LESS
8 = SMOKE OR HAZE
[NO. OF DAYS WITH] [WEATHER - DAYS WITH] 9 = BLOWING SNOW
X = TORNADO
MAX 32 OR BELOW: 0 0.01 INCH OR MORE: 10
MAX 90 OR ABOVE: 20 0.10 INCH OR MORE: 6
MIN 32 OR BELOW: 0 0.50 INCH OR MORE: 1
MIN 0 OR BELOW: 0 1.00 INCH OR MORE: 0
[HDD (BASE 65) ]
TOTAL THIS MO. 0 CLEAR (SCALE 0-3) 21
DPTR FM NORMAL -1 PTCLDY (SCALE 4-7) 9
TOTAL FM JUL 1 2445 CLOUDY (SCALE 8-10) 0
DPTR FM NORMAL -528
[CDD (BASE 65) ]
TOTAL THIS MO. 458
DPTR FM NORMAL 102 [PRESSURE DATA]
TOTAL FM JAN 1 772 HIGHEST SLP 30.23 ON 21
DPTR FM NORMAL 192 LOWEST SLP 29.80 ON 5
[REMARKS]
#FINAL-06-22#