000
CXUS51 KRNK 011316
CLSRNK
CLIMATE REPORT
NATIONAL WEATHER SERVICE BLACKSBURG, VA
916 AM EDT TUE SEP 01 2020
...................................
...THE BLACKSBURG VA CLIMATE SUMMARY FOR THE SEASON, FROM
6/1/2020 TO 8/31/2020...
CLIMATE NORMAL PERIOD: 1981 TO 2010
CLIMATE RECORD PERIOD: 1893 TO 2020
WEATHER OBSERVED NORMAL DEPART LAST YEAR`S
VALUE DATE(S) VALUE FROM VALUE
NORMAL
..............................................................
TEMPERATURE (F)
RECORD
HIGH 100 07/28/1952
LOW 30 06/11/1972
HIGHEST 92 07/19 93
LOWEST 42 06/01 44
AVG. MAXIMUM 82.1 80.9 1.2 82.5
AVG. MINIMUM 61.5 58.4 3.1 60.1
MEAN 71.8 69.7 2.1 71.3
DAYS MAX >= 90 3 4.0 -1.0 6
DAYS MAX <= 32 0 0.0 0.0 0
DAYS MIN <= 32 0 0.0 0.0 0
DAYS MIN <= 0 0 0.0 0.0 0
PRECIPITATION (INCHES)
RECORD
MAXIMUM 26.07 1918
MINIMUM 3.38 1930
TOTALS 15.54 11.85 3.69 11.07
DAYS >= .01 40 34.6 5.4 44
DAYS >= .10 27 22.5 4.5 25
DAYS >= .50 10 7.9 2.1 7
DAYS >= 1.00 4 2.8 1.2 3
GREATEST
24 HR. TOTAL 2.87 1.35
SNOWFALL (INCHES)
TOTALS 0.0 0.0
DAYS >= TRACE 0 0
DAYS >= 1.0 0 0
GREATEST
24 HR TOTAL 0.0 0.0
DEGREE DAYS
HEATING TOTAL 39 55 -16 33
COOLING TOTAL 694 483 211 639
..............................................................
WIND (MPH)
AVERAGE WIND SPEED 2.3
RESULTANT WIND SPEED/DIRECTION 0/280
HIGHEST WIND SPEED/DIRECTION 16/120 DATE 06/14
HIGHEST GUST SPEED/DIRECTION 25/350 DATE 08/25
SKY COVER
AVERAGE SKY COVER 0.44
AVERAGE RH (PERCENT) 78
WEATHER CONDITIONS. NUMBER OF DAYS WITH
THUNDERSTORM 24 MIXED PRECIP 0
HEAVY RAIN 21 RAIN 30
LIGHT RAIN 54 FREEZING RAIN 0
LT FREEZING RAIN 0 HAIL 0
HEAVY SNOW 0 SNOW 0
LIGHT SNOW 0 SLEET 0
FOG 55 FOG W/VIS <= 1/4 MILE 10
HAZE 0
- INDICATES NEGATIVE NUMBERS.
R INDICATES RECORD WAS SET OR TIED.
MM INDICATES DATA IS MISSING.
T INDICATES TRACE AMOUNT.
$$