000
CXUS55 KREV 010837
CF6RNO
PRELIMINARY LOCAL CLIMATOLOGICAL DATA (WS FORM: F-6)
STATION: RENO-TAHOE INTL AIRPORT NV
MONTH: SEPTEMBER
YEAR: 2020
LATITUDE: 39 30 N
LONGITUDE: 119 47 W
TEMPERATURE IN F: :PCPN: SNOW: WIND :SUNSHINE: SKY :PK WND
================================================================================
1 2 3 4 5 6A 6B 7 8 9 10 11 12 13 14 15 16 17 18
12Z AVG MX 2MIN
DY MAX MIN AVG DEP HDD CDD WTR SNW DPTH SPD SPD DIR MIN PSBL S-S WX SPD DR
================================================================================
1 87 57 72 2 0 7 0.00 0.0 0 5.2 14 70 M M 3 19 160
2 95 55 75 6 0 10 0.00 0.0 0 2.4 10 330 M M 0 13 40
3 99 60 80 11 0 15 0.00 0.0 0 3.5 13 270 M M 1 8 16 290
4 102 60 81 12 0 16 0.00 0.0 0 4.7 18 290 M M 2 25 180
5 100 62 81 12 0 16 0.00 0.0 0 3.7 17 280 M M 3 23 270
6 95 64 80 12 0 15 0.00 0.0 0 2.9 12 200 M M 8 14 200
7 97 59 78 10 0 13 0.00 0.0 0 8.1 24 330 M M 3 8 30 340
8 72 54 63 -5 2 0 0.00 0.0 0 9.2 20 360 M M 3 8 25 10
9 79 48 64 -4 1 0 0.00 0.0 0 6.0 15 70 M M 1 20 120
10 84 44 64 -3 1 0 0.00 0.0 0 2.5 10 320 M M 1 14 330
11 88 49 69 2 0 4 0.00 0.0 0 2.9 12 320 M M 5 8 18 300
12 91 51 71 5 0 6 0.00 0.0 0 3.1 12 330 M M 5 8 15 310
13 92 51 72 6 0 7 0.00 0.0 0 3.7 22 290 M M 7 8 27 290
14 91 50 71 5 0 6 0.00 0.0 0 3.4 20 280 M M 6 8 25 290
15 87 52 70 4 0 5 0.00 0.0 0 3.2 13 80 M M 8 8 16 80
16 84 51 68 3 0 3 0.00 0.0 0 1.7 8 240 M M 8 8 17 260
17 88 46 67 2 0 2 0.00 0.0 0 3.8 20 200 M M 6 8 23 190
18 80 56 68 3 0 3 0.00 0.0 0 12.1 31 170 M M 4 8 37 170
19 77 47 62 -2 3 0 0.00 0.0 0 4.6 13 20 M M 2 16 30
20 82 46 64 0 1 0 0.00 0.0 0 2.0 12 60 M M 1 16 70
21 88 49 69 5 0 4 0.00 0.0 0 4.1 20 270 M M 2 25 250
22 86 55 71 8 0 6 0.00 0.0 0 6.9 23 280 M M 4 30 280
23 89 50 70 7 0 5 0.00 0.0 0 5.4 24 280 M M 2 29 290
24 85 50 68 6 0 3 0.00 0.0 0 7.8 28 280 M M 3 37 280
25 87 49 68 6 0 3 0.00 0.0 0 4.7 20 280 M M 4 24 280
26 79 53 66 4 0 1 0.00 0.0 0 5.8 17 30 M M 5 8 21 30
27 76 48 62 1 3 0 0.00 0.0 0 5.3 15 80 M M 1 20 100
28 77 45 61 0 4 0 0.00 0.0 0 4.7 14 70 M M 0 18 60
29 85 45 65 4 0 0 0.00 0.0 0 1.4 8 70 M M 0 11 280
30 85 49 67 7 0 2 0.00 0.0 0 1.6 9 30 M M 4 8 13 40
================================================================================
SM 2607 1555 15 152 0.00 0.0 136.4 M 102
================================================================================
AV 86.9 51.8 4.5 FASTST M M 3 MAX(MPH)
MISC ----> 31 170 # 37 170
================================================================================
NOTES:
# LAST OF SEVERAL OCCURRENCES
COLUMN 17 PEAK WIND IN M.P.H.
PRELIMINARY LOCAL CLIMATOLOGICAL DATA (WS FORM: F-6) , PAGE 2
STATION: RENO-TAHOE INTL AIRPORT NV
MONTH: SEPTEMBER
YEAR: 2020
LATITUDE: 39 30 N
LONGITUDE: 119 47 W
[TEMPERATURE DATA] [PRECIPITATION DATA] SYMBOLS USED IN COLUMN 16
AVERAGE MONTHLY: 69.4 TOTAL FOR MONTH: 0.00 1 = FOG OR MIST
DPTR FM NORMAL: 4.2 DPTR FM NORMAL: -0.35 2 = FOG REDUCING VISIBILITY
HIGHEST: 102 ON 4 GRTST 24HR 0.00 ON 1- 1 TO 1/4 MILE OR LESS
LOWEST: 44 ON 10 3 = THUNDER
SNOW, ICE PELLETS, HAIL 4 = ICE PELLETS
TOTAL MONTH: 0.0 INCH 5 = HAIL
GRTST 24HR 0.0 6 = FREEZING RAIN OR DRIZZLE
GRTST DEPTH: 0 7 = DUSTSTORM OR SANDSTORM:
VSBY 1/2 MILE OR LESS
8 = SMOKE OR HAZE
[NO. OF DAYS WITH] [WEATHER - DAYS WITH] 9 = BLOWING SNOW
X = TORNADO
MAX 32 OR BELOW: 0 0.01 INCH OR MORE: 0
MAX 90 OR ABOVE: 9 0.10 INCH OR MORE: 0
MIN 32 OR BELOW: 0 0.50 INCH OR MORE: 0
MIN 0 OR BELOW: 0 1.00 INCH OR MORE: 0
[HDD (BASE 65) ]
TOTAL THIS MO. 15 CLEAR (SCALE 0-3) 16
DPTR FM NORMAL -65 PTCLDY (SCALE 4-7) 12
TOTAL FM JUL 1 15 CLOUDY (SCALE 8-10) 2
DPTR FM NORMAL -76
[CDD (BASE 65) ]
TOTAL THIS MO. 152
DPTR FM NORMAL 64 [PRESSURE DATA]
TOTAL FM JAN 1 1166 HIGHEST SLP M ON M
DPTR FM NORMAL 332 LOWEST SLP 29.76 ON 7
[REMARKS]
#FINAL-09-20#