000
CDUS41 KBUF 071126
CLIROC


CLIMATE REPORT
NATIONAL WEATHER SERVICE BUFFALO NY
625 AM EST SUN FEB 7 2016


...................................

...THE ROCHESTER NY CLIMATE SUMMARY FOR FEBRUARY 6 2016...

CLIMATE NORMAL PERIOD 1981 TO 2010
CLIMATE RECORD PERIOD 1871 TO 2016


WEATHER ITEM   OBSERVED TIME   RECORD YEAR NORMAL DEPARTURE LAST
                VALUE   (LST)  VALUE       VALUE  FROM      YEAR
                                                  NORMAL
..................................................................
TEMPERATURE (F)
 YESTERDAY
  MAXIMUM         38    439 PM  55    1938  32      6       23
  MINIMUM         27   1223 AM  -9    1948  17     10        2
  AVERAGE         33                        25      8       13

PRECIPITATION (IN)
  YESTERDAY        T             1.17 2008   0.06  -0.06     0.02
  MONTH TO DATE    0.80                      0.40   0.40     0.72
  SINCE DEC 1      5.05                      5.44  -0.39     4.77
  SINCE JAN 1      2.32                      2.81  -0.49     2.46

SNOWFALL (IN)
  YESTERDAY        T            12.0  1978   0.7   -0.7      0.5
  MONTH TO DATE    1.0                       4.8   -3.8     11.7
  SINCE DEC 1     23.5                      54.8  -31.3     46.0
  SINCE JUL 1     24.7                      62.2  -37.5     55.1
  SNOW DEPTH       T

DEGREE DAYS
 HEATING
  YESTERDAY       32                        40     -8       52
  MONTH TO DATE  156                       241    -85      292
  SINCE DEC 1   2014                      2577   -563     2634
  SINCE JUL 1   3054                      3945   -891     3914

 COOLING
  YESTERDAY        0                         0      0        0
  MONTH TO DATE    0                         0      0        0
  SINCE DEC 1      0                         0      0        0
  SINCE JAN 1      0                         0      0        0
..................................................................


WIND (MPH)
  HIGHEST WIND SPEED    23   HIGHEST WIND DIRECTION     W (250)
  HIGHEST GUST SPEED    31   HIGHEST GUST DIRECTION     W (260)
  AVERAGE WIND SPEED    10.6


SKY COVER
  AVERAGE SKY COVER 0.7


WEATHER CONDITIONS
 THE FOLLOWING WEATHER WAS RECORDED YESTERDAY.
  LIGHT SNOW


RELATIVE HUMIDITY (PERCENT)
 HIGHEST    81          1200 AM
 LOWEST     48           500 PM
 AVERAGE    65

..........................................................


THE ROCHESTER NY CLIMATE NORMALS FOR TODAY
                         NORMAL    RECORD    YEAR
 MAXIMUM TEMPERATURE (F)   33        53      1925
                                             1904
 MINIMUM TEMPERATURE (F)   18        -9      1875


SUNRISE AND SUNSET
FEBRUARY  7 2016......SUNRISE   720 AM EST   SUNSET   530 PM EST
FEBRUARY  8 2016......SUNRISE   718 AM EST   SUNSET   532 PM EST


-  INDICATES NEGATIVE NUMBERS.
R  INDICATES RECORD WAS SET OR TIED.
MM INDICATES DATA IS MISSING.
T  INDICATES TRACE AMOUNT.

$$
