591
CDUS41 KBUF 240705
CLIROC


CLIMATE REPORT
NATIONAL WEATHER SERVICE BUFFALO NY
305 AM EDT TUE OCT 24 2017


...................................

...THE ROCHESTER NY CLIMATE SUMMARY FOR OCTOBER 23 2017...

CLIMATE NORMAL PERIOD 1981 TO 2010
CLIMATE RECORD PERIOD 1871 TO 2017


WEATHER ITEM   OBSERVED TIME   RECORD YEAR NORMAL DEPARTURE LAST
                VALUE   (LST)  VALUE       VALUE  FROM      YEAR
                                                  NORMAL
..................................................................
TEMPERATURE (F)
 YESTERDAY
  MAXIMUM         72   1155 PM  79    1975  57     15       55
                                      1963
  MINIMUM         60    644 AM  22    1969  39     21       42
  AVERAGE         66                        48     18       49

PRECIPITATION (IN)
  YESTERDAY        0.00          2.34 1878   0.09  -0.09     0.00
  MONTH TO DATE    3.74                      2.03   1.71     4.61
  SINCE SEP 1      5.02                      5.41  -0.39     6.91
  SINCE JAN 1     36.03                     28.01   8.02    24.56

SNOWFALL (IN)
  YESTERDAY        0.0           5.0  1880   0.0    0.0      0.0
  MONTH TO DATE    0.0                       0.0    0.0      0.0
  SINCE SEP 1      0.0                       0.0    0.0      0.0
  SINCE JUL 1      0.0                       0.0    0.0      0.0
  SNOW DEPTH       0

DEGREE DAYS
 HEATING
  YESTERDAY        0                        17    -17       16
  MONTH TO DATE  114                       307   -193      177
  SINCE SEP 1    206                       454   -248      228
  SINCE JUL 1    233                       488   -255      228

 COOLING
  YESTERDAY        1                         0      1        0
  MONTH TO DATE   22                         0     22       15
  SINCE SEP 1    139                        50     89      127
  SINCE JAN 1    655                       534    121      978
..................................................................


WIND (MPH)
  HIGHEST WIND SPEED    24   HIGHEST WIND DIRECTION     S (180)
  HIGHEST GUST SPEED    34   HIGHEST GUST DIRECTION     S (160)
  AVERAGE WIND SPEED    12.0


SKY COVER
  AVERAGE SKY COVER 0.9


WEATHER CONDITIONS
 THE FOLLOWING WEATHER WAS RECORDED YESTERDAY.
  NO SIGNIFICANT WEATHER WAS OBSERVED.


RELATIVE HUMIDITY (PERCENT)
 HIGHEST    72           600 AM
 LOWEST     57           300 PM
 AVERAGE    65

..........................................................


THE ROCHESTER NY CLIMATE NORMALS FOR TODAY
                         NORMAL    RECORD    YEAR
 MAXIMUM TEMPERATURE (F)   57        81      1963
 MINIMUM TEMPERATURE (F)   39        23      1889


SUNRISE AND SUNSET
OCTOBER 24 2017.......SUNRISE   736 AM EDT   SUNSET   613 PM EDT
OCTOBER 25 2017.......SUNRISE   737 AM EDT   SUNSET   612 PM EDT


-  INDICATES NEGATIVE NUMBERS.
R  INDICATES RECORD WAS SET OR TIED.
MM INDICATES DATA IS MISSING.
T  INDICATES TRACE AMOUNT.




$$
