000
CDUS41 KBUF 241009
CLIROC


CLIMATE REPORT
NATIONAL WEATHER SERVICE BUFFALO NY
608 AM EDT SUN JUL 24 2016


...................................

...THE ROCHESTER NY CLIMATE SUMMARY FOR JULY 23 2016...

CLIMATE NORMAL PERIOD 1981 TO 2010
CLIMATE RECORD PERIOD 1871 TO 2016


WEATHER ITEM   OBSERVED TIME   RECORD YEAR NORMAL DEPARTURE LAST
                VALUE   (LST)  VALUE       VALUE  FROM      YEAR
                                                  NORMAL
..................................................................
TEMPERATURE (F)
 YESTERDAY
  MAXIMUM         92    308 PM  99    1933  81     11       78
  MINIMUM         68    523 AM  48    1985  61      7       54
  AVERAGE         80                        71      9       66

PRECIPITATION (IN)
  YESTERDAY        0.00          1.56 1898   0.11  -0.11      T
  MONTH TO DATE    0.92                      2.43  -1.51     2.40
  SINCE JUN 1      1.83                      5.77  -3.94     8.60
  SINCE JAN 1     13.44                     18.23  -4.79    20.30

SNOWFALL (IN)
  YESTERDAY        0.0           0.0    MM   0.0    0.0      0.0
  MONTH TO DATE    0.0                       0.0    0.0      0.0
  SINCE JUN 1      0.0                       0.0    0.0      0.0
  SINCE JUL 1      0.0                       0.0    0.0      0.0
  SNOW DEPTH       0

DEGREE DAYS
 HEATING
  YESTERDAY        0                         0      0        0
  MONTH TO DATE    0                         6     -6       11
  SINCE JUN 1     47                        74    -27       68
  SINCE JUL 1      0                         6     -6       11

 COOLING
  YESTERDAY       15                         6      9        1
  MONTH TO DATE  223                       138     85      119
  SINCE JUN 1    352                       244    108      213
  SINCE JAN 1    414                       274    140      316
..................................................................


WIND (MPH)
  HIGHEST WIND SPEED    21   HIGHEST WIND DIRECTION    NW (310)
  HIGHEST GUST SPEED    28   HIGHEST GUST DIRECTION     W (290)
  AVERAGE WIND SPEED    10.2


SKY COVER
  AVERAGE SKY COVER 0.1


WEATHER CONDITIONS
 THE FOLLOWING WEATHER WAS RECORDED YESTERDAY.
  NO SIGNIFICANT WEATHER WAS OBSERVED.


RELATIVE HUMIDITY (PERCENT)
 HIGHEST    90           100 AM
 LOWEST     28           400 PM
 AVERAGE    59

..........................................................


THE ROCHESTER NY CLIMATE NORMALS FOR TODAY
                         NORMAL    RECORD    YEAR
 MAXIMUM TEMPERATURE (F)   81        97      1941
 MINIMUM TEMPERATURE (F)   61        47      1985


SUNRISE AND SUNSET
JULY 24 2016..........SUNRISE   554 AM EDT   SUNSET   840 PM EDT
JULY 25 2016..........SUNRISE   555 AM EDT   SUNSET   839 PM EDT


-  INDICATES NEGATIVE NUMBERS.
R  INDICATES RECORD WAS SET OR TIED.
MM INDICATES DATA IS MISSING.
T  INDICATES TRACE AMOUNT.

$$
