000
CDUS41 KBUF 191009
CLIROC


CLIMATE REPORT
NATIONAL WEATHER SERVICE BUFFALO NY
608 AM EDT FRI SEP 19 2014


...................................

...THE ROCHESTER NY CLIMATE SUMMARY FOR SEPTEMBER 18 2014...

CLIMATE NORMAL PERIOD 1981 TO 2010
CLIMATE RECORD PERIOD 1871 TO 2014


WEATHER ITEM   OBSERVED TIME   RECORD YEAR NORMAL DEPARTURE LAST
                VALUE   (LST)  VALUE       VALUE  FROM      YEAR
                                                  NORMAL
..................................................................
TEMPERATURE (F)
 YESTERDAY
  MAXIMUM         62    909 AM  92    1955  71     -9       74
  MINIMUM         41   1159 PM  37    1990  51    -10       43
  AVERAGE         52                        61     -9       59

PRECIPITATION (IN)
  YESTERDAY        T             2.42 1945   0.12  -0.12     0.00
  MONTH TO DATE    0.98                      2.02  -1.04     1.37
  SINCE SEP 1      0.98                      2.02  -1.04     1.37
  SINCE JAN 1     26.01                     24.62   1.39    26.58

SNOWFALL (IN)
  YESTERDAY        0.0           0.0    MM   0.0    0.0      0.0
  MONTH TO DATE    0.0                       0.0    0.0      0.0
  SINCE SEP 1      0.0                       0.0    0.0      0.0
  SINCE JUL 1      0.0                       0.0    0.0      0.0
  SNOW DEPTH       0

DEGREE DAYS
 HEATING
  YESTERDAY       13                         5      8        6
  MONTH TO DATE   79                        58     21       95
  SINCE SEP 1     79                        58     21       95
  SINCE JUL 1    104                        92     12      113

 COOLING
  YESTERDAY        0                         1     -1        0
  MONTH TO DATE   60                        40     20       53
  SINCE SEP 1     60                        40     20       53
  SINCE JAN 1    524                       524      0      644
..................................................................


WIND (MPH)
  HIGHEST WIND SPEED    21   HIGHEST WIND DIRECTION    NE (40)
  HIGHEST GUST SPEED    24   HIGHEST GUST DIRECTION    NE (40)
  AVERAGE WIND SPEED     6.4


SKY COVER
  AVERAGE SKY COVER 0.6


WEATHER CONDITIONS
 THE FOLLOWING WEATHER WAS RECORDED YESTERDAY.
  LIGHT RAIN
  FOG


RELATIVE HUMIDITY (PERCENT)
 HIGHEST    96          1000 PM
 LOWEST     71           500 PM
 AVERAGE    84

..........................................................


THE ROCHESTER NY CLIMATE NORMALS FOR TODAY
                         NORMAL    RECORD    YEAR
 MAXIMUM TEMPERATURE (F)   70        90      1955
 MINIMUM TEMPERATURE (F)   51        36      1993


SUNRISE AND SUNSET
SEPTEMBER 19 2014.....SUNRISE   655 AM EDT   SUNSET   713 PM EDT
SEPTEMBER 20 2014.....SUNRISE   656 AM EDT   SUNSET   712 PM EDT


-  INDICATES NEGATIVE NUMBERS.
R  INDICATES RECORD WAS SET OR TIED.
MM INDICATES DATA IS MISSING.
T  INDICATES TRACE AMOUNT.

$$
