000
CDUS41 KBUF 101025
CLIROC


CLIMATE REPORT
NATIONAL WEATHER SERVICE BUFFALO NY
621 AM EDT THU JUL 10 2014


...................................

...THE ROCHESTER NY CLIMATE SUMMARY FOR JULY 9 2014...

CLIMATE NORMAL PERIOD 1981 TO 2010
CLIMATE RECORD PERIOD 1871 TO 2014


WEATHER ITEM   OBSERVED TIME   RECORD YEAR NORMAL DEPARTURE LAST
                VALUE   (LST)  VALUE       VALUE  FROM      YEAR
                                                  NORMAL
..................................................................
TEMPERATURE (F)
 YESTERDAY
  MAXIMUM         73    339 PM 102    1936  81     -8       83
  MINIMUM         60    549 AM  42    1963  61     -1       71
  AVERAGE         67                        71     -4       77

PRECIPITATION (IN)
  YESTERDAY        T             1.26 2010   0.11  -0.11     0.04
  MONTH TO DATE    1.96                      0.95   1.01     3.22
  SINCE JUN 1      4.02                      4.29  -0.27     9.49
  SINCE JAN 1     17.02                     16.75   0.27    21.32

SNOWFALL (IN)
  YESTERDAY        0.0           0.0    MM   0.0    0.0      0.0
  MONTH TO DATE    0.0                       0.0    0.0      0.0
  SINCE JUN 1      0.0                       0.0    0.0      0.0
  SINCE JUL 1      0.0                       0.0    0.0      0.0
  SNOW DEPTH       0

DEGREE DAYS
 HEATING
  YESTERDAY        0                         0      0        0
  MONTH TO DATE    0                         6     -6        0
  SINCE JUN 1     29                        74    -45       58
  SINCE JUL 1      0                         6     -6        0

 COOLING
  YESTERDAY        2                         6     -4       12
  MONTH TO DATE   61                        54      7       93
  SINCE JUN 1    211                       160     51      200
  SINCE JAN 1    250                       190     60      271
..................................................................


WIND (MPH)
  HIGHEST WIND SPEED    21   HIGHEST WIND DIRECTION     W (280)
  HIGHEST GUST SPEED    29   HIGHEST GUST DIRECTION     W (290)
  AVERAGE WIND SPEED     6.2


SKY COVER
  AVERAGE SKY COVER 0.7


WEATHER CONDITIONS
 THE FOLLOWING WEATHER WAS RECORDED YESTERDAY.
  NO SIGNIFICANT WEATHER WAS OBSERVED.


RELATIVE HUMIDITY (PERCENT)
 HIGHEST    90           300 AM
 LOWEST     55           500 AM
 AVERAGE    73

..........................................................


THE ROCHESTER NY CLIMATE NORMALS FOR TODAY
                         NORMAL    RECORD    YEAR
 MAXIMUM TEMPERATURE (F)   81       102      1936
 MINIMUM TEMPERATURE (F)   61        48      1997


SUNRISE AND SUNSET
JULY 10 2014..........SUNRISE   541 AM EDT   SUNSET   851 PM EDT
JULY 11 2014..........SUNRISE   541 AM EDT   SUNSET   850 PM EDT


-  INDICATES NEGATIVE NUMBERS.
R  INDICATES RECORD WAS SET OR TIED.
MM INDICATES DATA IS MISSING.
T  INDICATES TRACE AMOUNT.




$$
