000
CDUS41 KBUF 250705
CLIROC


CLIMATE REPORT
NATIONAL WEATHER SERVICE BUFFALO NY
205 AM EST THU DEC 25 2014


...................................

...THE ROCHESTER NY CLIMATE SUMMARY FOR DECEMBER 24 2014...

CLIMATE NORMAL PERIOD 1981 TO 2010
CLIMATE RECORD PERIOD 1871 TO 2014


WEATHER ITEM   OBSERVED TIME   RECORD YEAR NORMAL DEPARTURE LAST
                VALUE   (LST)  VALUE       VALUE  FROM      YEAR
                                                  NORMAL
..................................................................
TEMPERATURE (F)
 YESTERDAY
  MAXIMUM         57   1116 PM  58    1982  34     23       25
  MINIMUM         47    116 AM  -7    1960  21     26       12
  AVERAGE         52                        28     24       19

PRECIPITATION (IN)
  YESTERDAY        0.11          1.01 1899   0.08   0.03     0.09
  MONTH TO DATE    2.06                      2.06   0.00     2.81
  SINCE DEC 1      2.06                      2.06   0.00     2.81
  SINCE JAN 1     32.72                     33.70  -0.98    36.56

SNOWFALL (IN)
  YESTERDAY       MM             6.2  1980   0.8   MM        2.2
  MONTH TO DATE   12.0                      16.1   -4.1     20.7
  SINCE DEC 1     12.0                      16.1   -4.1     20.7
  SINCE JUL 1     21.1                      23.5   -2.4     34.2
  SNOW DEPTH       0

DEGREE DAYS
 HEATING
  YESTERDAY       13                        37    -24       46
  MONTH TO DATE  728                       817    -89      857
  SINCE DEC 1    728                       817    -89      857
  SINCE JUL 1   2008                      2185   -177     2229

 COOLING
  YESTERDAY        0                         0      0        0
  MONTH TO DATE    0                         0      0        0
  SINCE DEC 1      0                         0      0        0
  SINCE JAN 1    542                       539      3      660
..................................................................


WIND (MPH)
  HIGHEST WIND SPEED    33   HIGHEST WIND DIRECTION     W (270)
  HIGHEST GUST SPEED    40   HIGHEST GUST DIRECTION     W (280)
  AVERAGE WIND SPEED    10.0


SKY COVER
  AVERAGE SKY COVER 0.8


WEATHER CONDITIONS
 THE FOLLOWING WEATHER WAS RECORDED YESTERDAY.
  LIGHT RAIN


RELATIVE HUMIDITY (PERCENT)
 HIGHEST    93           600 AM
 LOWEST     72           200 PM
 AVERAGE    83

..........................................................


THE ROCHESTER NY CLIMATE NORMALS FOR TODAY
                         NORMAL    RECORD    YEAR
 MAXIMUM TEMPERATURE (F)   34        66      1982
 MINIMUM TEMPERATURE (F)   21       -12      1980


SUNRISE AND SUNSET
DECEMBER 25 2014......SUNRISE   741 AM EST   SUNSET   441 PM EST
DECEMBER 26 2014......SUNRISE   741 AM EST   SUNSET   441 PM EST


-  INDICATES NEGATIVE NUMBERS.
R  INDICATES RECORD WAS SET OR TIED.
MM INDICATES DATA IS MISSING.
T  INDICATES TRACE AMOUNT.




$$
