000
CDUS41 KBUF 210705
CLIROC


CLIMATE REPORT
NATIONAL WEATHER SERVICE BUFFALO NY
305 AM EDT MON JUL 21 2014


...................................

...THE ROCHESTER NY CLIMATE SUMMARY FOR JULY 20 2014...

CLIMATE NORMAL PERIOD 1981 TO 2010
CLIMATE RECORD PERIOD 1871 TO 2014


WEATHER ITEM   OBSERVED TIME   RECORD YEAR NORMAL DEPARTURE LAST
                VALUE   (LST)  VALUE       VALUE  FROM      YEAR
                                                  NORMAL
..................................................................
TEMPERATURE (F)
 YESTERDAY
  MAXIMUM         79    527 PM  99    1894  81     -2       82
  MINIMUM         64    659 AM  46    1965  61      3       66
  AVERAGE         72                        71      1       74

PRECIPITATION (IN)
  YESTERDAY        0.28          2.24 1981   0.10   0.18     0.45
  MONTH TO DATE    3.67                      2.09   1.58     4.26
  SINCE JUN 1      5.73                      5.43   0.30    10.53
  SINCE JAN 1     18.73                     17.89   0.84    22.36

SNOWFALL (IN)
  YESTERDAY        0.0           0.0    MM   0.0    0.0      0.0
  MONTH TO DATE    0.0                       0.0    0.0      0.0
  SINCE JUN 1      0.0                       0.0    0.0      0.0
  SINCE JUL 1      0.0                       0.0    0.0      0.0
  SNOW DEPTH       0

DEGREE DAYS
 HEATING
  YESTERDAY        0                         0      0        0
  MONTH TO DATE    1                         6     -5        0
  SINCE JUN 1     30                        74    -44       58
  SINCE JUL 1      1                         6     -5        0

 COOLING
  YESTERDAY        7                         6      1        9
  MONTH TO DATE  101                       120    -19      228
  SINCE JUN 1    251                       226     25      335
  SINCE JAN 1    290                       256     34      406
..................................................................


WIND (MPH)
  HIGHEST WIND SPEED    14   HIGHEST WIND DIRECTION     S (190)
  HIGHEST GUST SPEED    17   HIGHEST GUST DIRECTION     S (190)
  AVERAGE WIND SPEED     4.3


SKY COVER
  AVERAGE SKY COVER 0.9


WEATHER CONDITIONS
 THE FOLLOWING WEATHER WAS RECORDED YESTERDAY.
  LIGHT RAIN
  FOG


RELATIVE HUMIDITY (PERCENT)
 HIGHEST    93          1200 AM
 LOWEST     58           500 PM
 AVERAGE    76

..........................................................


THE ROCHESTER NY CLIMATE NORMALS FOR TODAY
                         NORMAL    RECORD    YEAR
 MAXIMUM TEMPERATURE (F)   81        98      2011
 MINIMUM TEMPERATURE (F)   61        46      1965


SUNRISE AND SUNSET
JULY 21 2014..........SUNRISE   550 AM EDT   SUNSET   843 PM EDT
JULY 22 2014..........SUNRISE   551 AM EDT   SUNSET   843 PM EDT


-  INDICATES NEGATIVE NUMBERS.
R  INDICATES RECORD WAS SET OR TIED.
MM INDICATES DATA IS MISSING.
T  INDICATES TRACE AMOUNT.




$$
