000
CDUS41 KBUF 270705
CLIROC


CLIMATE REPORT
NATIONAL WEATHER SERVICE BUFFALO NY
305 AM EDT FRI MAR 27 2015


...................................

...THE ROCHESTER NY CLIMATE SUMMARY FOR MARCH 26 2015...

CLIMATE NORMAL PERIOD 1981 TO 2010
CLIMATE RECORD PERIOD 1871 TO 2015


WEATHER ITEM   OBSERVED TIME   RECORD YEAR NORMAL DEPARTURE LAST
                VALUE   (LST)  VALUE       VALUE  FROM      YEAR
                                                  NORMAL
..................................................................
TEMPERATURE (F)
 YESTERDAY
  MAXIMUM         45    300 AM  84    1945  47     -2       25
  MINIMUM         33   1249 PM   4    1960  29      4       15
  AVERAGE         39                        38      1       20

PRECIPITATION (IN)
  YESTERDAY        0.31          0.87 1873   0.09   0.22      T
  MONTH TO DATE    1.27                      2.08  -0.81     1.38
  SINCE MAR 1      1.27                      2.08  -0.81     1.38
  SINCE JAN 1      5.52                      6.44  -0.92     5.00

SNOWFALL (IN)
  YESTERDAY       MM             6.0  1955   0.4   MM        0.1
  MONTH TO DATE   10.3                      14.8   -4.5     20.7
  SINCE MAR 1     10.3                      14.8   -4.5     20.7
  SINCE JUL 1     98.9                      93.7    5.2    103.8
  SNOW DEPTH       0

DEGREE DAYS
 HEATING
  YESTERDAY       26                        27     -1       45
  MONTH TO DATE  909                       823     86     1005
  SINCE MAR 1    909                       823     86     1005
  SINCE JUL 1   6003                      5609    394     6090

 COOLING
  YESTERDAY        0                         0      0        0
  MONTH TO DATE    0                         0      0        0
  SINCE MAR 1      0                         0      0        0
  SINCE JAN 1      0                         0      0        0
..................................................................


WIND (MPH)
  HIGHEST WIND SPEED    14   HIGHEST WIND DIRECTION     W (270)
  HIGHEST GUST SPEED    18   HIGHEST GUST DIRECTION     W (280)
  AVERAGE WIND SPEED     5.0


SKY COVER
  AVERAGE SKY COVER 1.0


WEATHER CONDITIONS
 THE FOLLOWING WEATHER WAS RECORDED YESTERDAY.
  RAIN
  LIGHT RAIN
  SNOW
  LIGHT SNOW
  FOG
  HAZE


RELATIVE HUMIDITY (PERCENT)
 HIGHEST   100           200 PM
 LOWEST     76           100 AM
 AVERAGE    88

..........................................................


THE ROCHESTER NY CLIMATE NORMALS FOR TODAY
                         NORMAL    RECORD    YEAR
 MAXIMUM TEMPERATURE (F)   47        80      1921
 MINIMUM TEMPERATURE (F)   30         4      1966


SUNRISE AND SUNSET
MARCH 27 2015.........SUNRISE   702 AM EDT   SUNSET   731 PM EDT
MARCH 28 2015.........SUNRISE   700 AM EDT   SUNSET   732 PM EDT


-  INDICATES NEGATIVE NUMBERS.
R  INDICATES RECORD WAS SET OR TIED.
MM INDICATES DATA IS MISSING.
T  INDICATES TRACE AMOUNT.




$$
