749
CDUS41 KBUF 220705
CLIROC


CLIMATE REPORT
NATIONAL WEATHER SERVICE BUFFALO NY
205 AM EST WED FEB 22 2017


...................................

...THE ROCHESTER NY CLIMATE SUMMARY FOR FEBRUARY 21 2017...

CLIMATE NORMAL PERIOD 1981 TO 2010
CLIMATE RECORD PERIOD 1871 TO 2017


WEATHER ITEM   OBSERVED TIME   RECORD YEAR NORMAL DEPARTURE LAST
                VALUE   (LST)  VALUE       VALUE  FROM      YEAR
                                                  NORMAL
..................................................................
TEMPERATURE (F)
 YESTERDAY
  MAXIMUM         57    355 PM  73    1997  35     22       42
  MINIMUM         30    333 AM -11    2015  20     10       29
  AVERAGE         44                        27     17       36

PRECIPITATION (IN)
  YESTERDAY        0.04          1.30 1912   0.08  -0.04     0.00
  MONTH TO DATE    1.64                      1.42   0.22     2.73
  SINCE DEC 1      7.30                      6.46   0.84     6.98
  SINCE JAN 1      4.39                      3.83   0.56     4.25

SNOWFALL (IN)
  YESTERDAY       MM             5.8  1873   0.8   MM        0.0
  MONTH TO DATE   14.4                      16.2   -1.8     26.2
  SINCE DEC 1     55.5                      66.2  -10.7     48.7
  SINCE JUL 1     71.4                      73.6   -2.2     49.9
  SNOW DEPTH       0

DEGREE DAYS
 HEATING
  YESTERDAY       21                        38    -17       29
  MONTH TO DATE  692                       825   -133      766
  SINCE DEC 1   2763                      3161   -398     2624
  SINCE JUL 1   3741                      4529   -788     3664

 COOLING
  YESTERDAY        0                         0      0        0
  MONTH TO DATE    0                         0      0        0
  SINCE DEC 1      0                         0      0        0
  SINCE JAN 1      0                         0      0        0
..................................................................


WIND (MPH)
  HIGHEST WIND SPEED    18   HIGHEST WIND DIRECTION     S (200)
  HIGHEST GUST SPEED    25   HIGHEST GUST DIRECTION     S (200)
  AVERAGE WIND SPEED     8.9


SKY COVER
  AVERAGE SKY COVER 1.0


WEATHER CONDITIONS
 THE FOLLOWING WEATHER WAS RECORDED YESTERDAY.
  LIGHT RAIN


RELATIVE HUMIDITY (PERCENT)
 HIGHEST    71           900 PM
 LOWEST     33           300 PM
 AVERAGE    52

..........................................................


THE ROCHESTER NY CLIMATE NORMALS FOR TODAY
                         NORMAL    RECORD    YEAR
 MAXIMUM TEMPERATURE (F)   36        67      1930
 MINIMUM TEMPERATURE (F)   20        -2      1879


SUNRISE AND SUNSET
FEBRUARY 22 2017......SUNRISE   657 AM EST   SUNSET   551 PM EST
FEBRUARY 23 2017......SUNRISE   656 AM EST   SUNSET   553 PM EST


-  INDICATES NEGATIVE NUMBERS.
R  INDICATES RECORD WAS SET OR TIED.
MM INDICATES DATA IS MISSING.
T  INDICATES TRACE AMOUNT.




$$
