000
CDUS41 KBUF 220705
CLIROC


CLIMATE REPORT
NATIONAL WEATHER SERVICE BUFFALO NY
305 AM EDT SUN MAY 22 2016


...................................

...THE ROCHESTER NY CLIMATE SUMMARY FOR MAY 21 2016...

CLIMATE NORMAL PERIOD 1981 TO 2010
CLIMATE RECORD PERIOD 1871 TO 2016


WEATHER ITEM   OBSERVED TIME   RECORD YEAR NORMAL DEPARTURE LAST
                VALUE   (LST)  VALUE       VALUE  FROM      YEAR
                                                  NORMAL
..................................................................
TEMPERATURE (F)
 YESTERDAY
  MAXIMUM         69    122 PM  92    1977  69      0       66
  MINIMUM         52    232 AM  31    1895  48      4       45
  AVERAGE         61                        58      3       56

PRECIPITATION (IN)
  YESTERDAY        0.04          1.92 1883   0.10  -0.06     0.00
  MONTH TO DATE    1.38                      1.92  -0.54     0.98
  SINCE MAR 1      4.76                      7.15  -2.39     5.02
  SINCE JAN 1     10.06                     11.51  -1.45     9.27

SNOWFALL (IN)
  YESTERDAY        0.0           T    2006   0.0    0.0      0.0
  MONTH TO DATE    T                         0.4   -0.4      0.0
  SINCE MAR 1     12.0                      20.6   -8.6     13.3
  SINCE JUL 1     63.7                      99.5  -35.8    101.9
  SNOW DEPTH       0

DEGREE DAYS
 HEATING
  YESTERDAY        4                         7     -3        9
  MONTH TO DATE  251                       214     37       89
  SINCE MAR 1   1687                      1731    -44     1681
  SINCE JUL 1   5604                      6517   -913     6775

 COOLING
  YESTERDAY        0                         1     -1        0
  MONTH TO DATE    0                        12    -12       55
  SINCE MAR 1      0                        16    -16       55
  SINCE JAN 1      0                        16    -16       55
..................................................................


WIND (MPH)
  HIGHEST WIND SPEED    14   HIGHEST WIND DIRECTION    SW (220)
  HIGHEST GUST SPEED    19   HIGHEST GUST DIRECTION    SW (210)
  AVERAGE WIND SPEED     3.9


SKY COVER
  AVERAGE SKY COVER 0.8


WEATHER CONDITIONS
 THE FOLLOWING WEATHER WAS RECORDED YESTERDAY.
  LIGHT RAIN


RELATIVE HUMIDITY (PERCENT)
 HIGHEST    86          1000 PM
 LOWEST     44           100 PM
 AVERAGE    65

..........................................................


THE ROCHESTER NY CLIMATE NORMALS FOR TODAY
                         NORMAL    RECORD    YEAR
 MAXIMUM TEMPERATURE (F)   70        92      1911
 MINIMUM TEMPERATURE (F)   48        34      1990
                                             1895


SUNRISE AND SUNSET
MAY 22 2016...........SUNRISE   540 AM EDT   SUNSET   835 PM EDT
MAY 23 2016...........SUNRISE   539 AM EDT   SUNSET   836 PM EDT


-  INDICATES NEGATIVE NUMBERS.
R  INDICATES RECORD WAS SET OR TIED.
MM INDICATES DATA IS MISSING.
T  INDICATES TRACE AMOUNT.




$$
