000
CDUS41 KBUF 310705
CLIROC


CLIMATE REPORT
NATIONAL WEATHER SERVICE BUFFALO NY
305 AM EDT SUN AUG 31 2014


...................................

...THE ROCHESTER NY CLIMATE SUMMARY FOR AUGUST 30 2014...

CLIMATE NORMAL PERIOD 1981 TO 2010
CLIMATE RECORD PERIOD 1871 TO 2014


WEATHER ITEM   OBSERVED TIME   RECORD YEAR NORMAL DEPARTURE LAST
                VALUE   (LST)  VALUE       VALUE  FROM      YEAR
                                                  NORMAL
..................................................................
TEMPERATURE (F)
 YESTERDAY
  MAXIMUM         87    447 PM  96    1953  77     10       86
                                      1881
  MINIMUM         57    523 AM  36    1965  57      0       64
  AVERAGE         72                        67      5       75

PRECIPITATION (IN)
  YESTERDAY        0.00          3.34 1886   0.10  -0.10      T
  MONTH TO DATE    2.14                      3.36  -1.22     2.60
  SINCE JUN 1     11.90                     10.03   1.87    13.28
  SINCE JAN 1     24.90                     22.49   2.41    25.11

SNOWFALL (IN)
  YESTERDAY        0.0           0.0    MM   0.0    0.0      0.0
  MONTH TO DATE    0.0                       0.0    0.0      0.0
  SINCE JUN 1      0.0                       0.0    0.0      0.0
  SINCE JUL 1      0.0                       0.0    0.0      0.0
  SNOW DEPTH       0

DEGREE DAYS
 HEATING
  YESTERDAY        0                         1     -1        0
  MONTH TO DATE   18                        20     -2       10
  SINCE JUN 1     54                       100    -46       76
  SINCE JUL 1     25                        32     -7       18

 COOLING
  YESTERDAY        7                         4      3       10
  MONTH TO DATE  117                       153    -36      141
  SINCE JUN 1    417                       452    -35      509
  SINCE JAN 1    456                       482    -26      580
..................................................................


WIND (MPH)
  HIGHEST WIND SPEED    16   HIGHEST WIND DIRECTION     S (200)
  HIGHEST GUST SPEED    23   HIGHEST GUST DIRECTION    SW (210)
  AVERAGE WIND SPEED     7.6


SKY COVER
  AVERAGE SKY COVER 0.5


WEATHER CONDITIONS
 THE FOLLOWING WEATHER WAS RECORDED YESTERDAY.
  NO SIGNIFICANT WEATHER WAS OBSERVED.


RELATIVE HUMIDITY (PERCENT)
 HIGHEST    86           500 AM
 LOWEST     51           300 PM
 AVERAGE    69

..........................................................


THE ROCHESTER NY CLIMATE NORMALS FOR TODAY
                         NORMAL    RECORD    YEAR
 MAXIMUM TEMPERATURE (F)   77        96      1881
 MINIMUM TEMPERATURE (F)   57        43      1976


SUNRISE AND SUNSET
AUGUST 31 2014........SUNRISE   634 AM EDT   SUNSET   747 PM EDT
SEPTEMBER  1 2014.....SUNRISE   635 AM EDT   SUNSET   746 PM EDT


-  INDICATES NEGATIVE NUMBERS.
R  INDICATES RECORD WAS SET OR TIED.
MM INDICATES DATA IS MISSING.
T  INDICATES TRACE AMOUNT.




$$
