535
CDUS41 KBUF 030705
CLIROC


CLIMATE REPORT
NATIONAL WEATHER SERVICE BUFFALO NY
305 AM EDT TUE MAY 3 2016


...................................

...THE ROCHESTER NY CLIMATE SUMMARY FOR MAY 2 2016...

CLIMATE NORMAL PERIOD 1981 TO 2010
CLIMATE RECORD PERIOD 1871 TO 2016


WEATHER ITEM   OBSERVED TIME   RECORD YEAR NORMAL DEPARTURE LAST
                VALUE   (LST)  VALUE       VALUE  FROM      YEAR
                                                  NORMAL
..................................................................
TEMPERATURE (F)
 YESTERDAY
  MAXIMUM         50    634 PM  85    2001  63    -13       73
                                      1942
                                      1887
  MINIMUM         40   1159 PM  26    1979  42     -2       45
  AVERAGE         45                        52     -7       59

PRECIPITATION (IN)
  YESTERDAY        0.49          1.07 1992   0.09   0.40     0.00
  MONTH TO DATE    0.76                      0.18   0.58     0.00
  SINCE MAR 1      4.14                      5.41  -1.27     4.04
  SINCE JAN 1      9.44                      9.77  -0.33     8.29

SNOWFALL (IN)
  YESTERDAY       MM             3.0  1909   0.1   MM        0.0
  MONTH TO DATE    0.0                       0.1   -0.1      0.0
  SINCE MAR 1     12.0                      20.3   -8.3     13.3
  SINCE JUL 1     63.7                      99.2  -35.5    101.9
  SNOW DEPTH       0

DEGREE DAYS
 HEATING
  YESTERDAY       20                        13      7        6
  MONTH TO DATE   36                        26     10       16
  SINCE MAR 1   1472                      1543    -71     1608
  SINCE JUL 1   5389                      6329   -940     6702

 COOLING
  YESTERDAY        0                         0      0        0
  MONTH TO DATE    0                         0      0        0
  SINCE MAR 1      0                         4     -4        0
  SINCE JAN 1      0                         4     -4        0
..................................................................


WIND (MPH)
  HIGHEST WIND SPEED    14   HIGHEST WIND DIRECTION    NE (40)
  HIGHEST GUST SPEED    17   HIGHEST GUST DIRECTION    NE (50)
  AVERAGE WIND SPEED     5.7


SKY COVER
  AVERAGE SKY COVER 1.0


WEATHER CONDITIONS
 THE FOLLOWING WEATHER WAS RECORDED YESTERDAY.
  RAIN
  LIGHT RAIN
  FOG
  FOG W/VISIBILITY <= 1/4 MILE


RELATIVE HUMIDITY (PERCENT)
 HIGHEST   100          1200 AM
 LOWEST     74           500 PM
 AVERAGE    87

..........................................................


THE ROCHESTER NY CLIMATE NORMALS FOR TODAY
                         NORMAL    RECORD    YEAR
 MAXIMUM TEMPERATURE (F)   63        91      1944
 MINIMUM TEMPERATURE (F)   42        27      1911


SUNRISE AND SUNSET
MAY  3 2016...........SUNRISE   601 AM EDT   SUNSET   815 PM EDT
MAY  4 2016...........SUNRISE   600 AM EDT   SUNSET   816 PM EDT


-  INDICATES NEGATIVE NUMBERS.
R  INDICATES RECORD WAS SET OR TIED.
MM INDICATES DATA IS MISSING.
T  INDICATES TRACE AMOUNT.




$$
