000
CDUS41 KBUF 181012
CLIROC


CLIMATE REPORT
NATIONAL WEATHER SERVICE BUFFALO NY
612 AM EDT THU SEP 18 2014


...................................

...THE ROCHESTER NY CLIMATE SUMMARY FOR SEPTEMBER 17 2014...

CLIMATE NORMAL PERIOD 1981 TO 2010
CLIMATE RECORD PERIOD 1871 TO 2014


WEATHER ITEM   OBSERVED TIME   RECORD YEAR NORMAL DEPARTURE LAST
                VALUE   (LST)  VALUE       VALUE  FROM      YEAR
                                                  NORMAL
..................................................................
TEMPERATURE (F)
 YESTERDAY
  MAXIMUM         69    404 PM  91    1899  71     -2       64
  MINIMUM         45    433 AM  32    1959  52     -7       37
  AVERAGE         57                        61     -4       51

PRECIPITATION (IN)
  YESTERDAY        T             1.33 1996   0.12  -0.12     0.00
  MONTH TO DATE    0.98                      1.90  -0.92     1.37
  SINCE SEP 1      0.98                      1.90  -0.92     1.37
  SINCE JAN 1     26.01                     24.50   1.51    26.58

SNOWFALL (IN)
  YESTERDAY       MM             0.0    MM   0.0   MM        0.0
  MONTH TO DATE    0.0                       0.0    0.0      0.0
  SINCE SEP 1      0.0                       0.0    0.0      0.0
  SINCE JUL 1      0.0                       0.0    0.0      0.0
  SNOW DEPTH      MM

DEGREE DAYS
 HEATING
  YESTERDAY        8                         5      3       14
  MONTH TO DATE   66                        53     13       89
  SINCE SEP 1     66                        53     13       89
  SINCE JUL 1     91                        87      4      107

 COOLING
  YESTERDAY        0                         1     -1        0
  MONTH TO DATE   60                        39     21       53
  SINCE SEP 1     60                        39     21       53
  SINCE JAN 1    524                       523      1      644
..................................................................


WIND (MPH)
  HIGHEST WIND SPEED    16   HIGHEST WIND DIRECTION     W (280)
  HIGHEST GUST SPEED    20   HIGHEST GUST DIRECTION    SW (230)
  AVERAGE WIND SPEED     6.0


SKY COVER
  AVERAGE SKY COVER 0.4


WEATHER CONDITIONS
 THE FOLLOWING WEATHER WAS RECORDED YESTERDAY.
  NO SIGNIFICANT WEATHER WAS OBSERVED.


RELATIVE HUMIDITY (PERCENT)
 HIGHEST    93          1200 AM
 LOWEST     37           400 PM
 AVERAGE    65

..........................................................


THE ROCHESTER NY CLIMATE NORMALS FOR TODAY
                         NORMAL    RECORD    YEAR
 MAXIMUM TEMPERATURE (F)   71        92      1955
 MINIMUM TEMPERATURE (F)   51        37      1990


SUNRISE AND SUNSET
SEPTEMBER 18 2014.....SUNRISE   653 AM EDT   SUNSET   715 PM EDT
SEPTEMBER 19 2014.....SUNRISE   655 AM EDT   SUNSET   713 PM EDT


-  INDICATES NEGATIVE NUMBERS.
R  INDICATES RECORD WAS SET OR TIED.
MM INDICATES DATA IS MISSING.
T  INDICATES TRACE AMOUNT.




$$
