115
CDUS41 KBUF 241022
CLIROC


CLIMATE REPORT
NATIONAL WEATHER SERVICE BUFFALO NY
619 AM EDT SAT SEP 24 2016


...................................

...THE ROCHESTER NY CLIMATE SUMMARY FOR SEPTEMBER 23 2016...

CLIMATE NORMAL PERIOD 1981 TO 2010
CLIMATE RECORD PERIOD 1871 TO 2016


WEATHER ITEM   OBSERVED TIME   RECORD YEAR NORMAL DEPARTURE LAST
                VALUE   (LST)  VALUE       VALUE  FROM      YEAR
                                                  NORMAL
..................................................................
TEMPERATURE (F)
 YESTERDAY
  MAXIMUM         72    802 AM  90    1936  69      3       75
  MINIMUM         59    533 PM  33    1947  49     10       51
  AVERAGE         66                        59      7       63

PRECIPITATION (IN)
  YESTERDAY        0.03          1.34 2000   0.12  -0.09     0.00
  MONTH TO DATE    1.94                      2.61  -0.67     2.66
  SINCE SEP 1      1.94                      2.61  -0.67     2.66
  SINCE JAN 1     19.59                     25.21  -5.62    28.79

SNOWFALL (IN)
  YESTERDAY        0.0           T    1950   0.0    0.0      0.0
  MONTH TO DATE    0.0                       0.0    0.0      0.0
  SINCE SEP 1      0.0                       0.0    0.0      0.0
  SINCE JUL 1      0.0                       0.0    0.0      0.0
  SNOW DEPTH       0

DEGREE DAYS
 HEATING
  YESTERDAY        0                         7     -7        2
  MONTH TO DATE   10                        90    -80       33
  SINCE SEP 1     10                        90    -80       33
  SINCE JUL 1     10                       124   -114       52

 COOLING
  YESTERDAY        1                         1      0        0
  MONTH TO DATE  112                        45     67      137
  SINCE SEP 1    112                        45     67      137
  SINCE JAN 1    963                       529    434      691
..................................................................


WIND (MPH)
  HIGHEST WIND SPEED    25   HIGHEST WIND DIRECTION    NE (40)
  HIGHEST GUST SPEED    31   HIGHEST GUST DIRECTION    NE (40)
  AVERAGE WIND SPEED     8.9


SKY COVER
  AVERAGE SKY COVER 1.0


WEATHER CONDITIONS
 THE FOLLOWING WEATHER WAS RECORDED YESTERDAY.
  LIGHT RAIN
  FOG


RELATIVE HUMIDITY (PERCENT)
 HIGHEST    97           100 PM
 LOWEST     69          1000 PM
 AVERAGE    83

..........................................................


THE ROCHESTER NY CLIMATE NORMALS FOR TODAY
                         NORMAL    RECORD    YEAR
 MAXIMUM TEMPERATURE (F)   68        90      1970
 MINIMUM TEMPERATURE (F)   49        30      1963


SUNRISE AND SUNSET
SEPTEMBER 24 2016.....SUNRISE   701 AM EDT   SUNSET   703 PM EDT
SEPTEMBER 25 2016.....SUNRISE   702 AM EDT   SUNSET   702 PM EDT


-  INDICATES NEGATIVE NUMBERS.
R  INDICATES RECORD WAS SET OR TIED.
MM INDICATES DATA IS MISSING.
T  INDICATES TRACE AMOUNT.




$$
