000
CDUS41 KBUF 181011
CLIROC


CLIMATE REPORT
NATIONAL WEATHER SERVICE BUFFALO NY
610 AM EDT WED OCT 18 2017


...................................

...THE ROCHESTER NY CLIMATE SUMMARY FOR OCTOBER 17 2017...

CLIMATE NORMAL PERIOD 1981 TO 2010
CLIMATE RECORD PERIOD 1871 TO 2017


WEATHER ITEM   OBSERVED TIME   RECORD YEAR NORMAL DEPARTURE LAST
                VALUE   (LST)  VALUE       VALUE  FROM      YEAR
                                                  NORMAL
..................................................................
TEMPERATURE (F)
 YESTERDAY
  MAXIMUM         65    249 PM  85    1947  59      6       73
  MINIMUM         35    405 AM  25    1978  41     -6       63
  AVERAGE         50                        50      0       68

PRECIPITATION (IN)
  YESTERDAY        0.00          1.20 1948   0.08  -0.08     0.34
  MONTH TO DATE    3.74                      1.53   2.21     1.02
  SINCE SEP 1      5.02                      4.91   0.11     3.32
  SINCE JAN 1     36.03                     27.51   8.52    20.97

SNOWFALL (IN)
  YESTERDAY        0.0           1.2  1875   0.0    0.0      0.0
  MONTH TO DATE    0.0                       0.0    0.0      0.0
  SINCE SEP 1      0.0                       0.0    0.0      0.0
  SINCE JUL 1      0.0                       0.0    0.0      0.0
  SNOW DEPTH       0

DEGREE DAYS
 HEATING
  YESTERDAY       15                        15      0        0
  MONTH TO DATE   86                       210   -124      113
  SINCE SEP 1    178                       357   -179      164
  SINCE JUL 1    205                       391   -186      164

 COOLING
  YESTERDAY        0                         0      0        3
  MONTH TO DATE   21                         0     21        8
  SINCE SEP 1    138                        50     88      120
  SINCE JAN 1    654                       534    120      971
..................................................................


WIND (MPH)
  HIGHEST WIND SPEED    28   HIGHEST WIND DIRECTION    SW (240)
  HIGHEST GUST SPEED    36   HIGHEST GUST DIRECTION    SW (230)
  AVERAGE WIND SPEED    10.8


SKY COVER
  AVERAGE SKY COVER 0.1


WEATHER CONDITIONS
 THE FOLLOWING WEATHER WAS RECORDED YESTERDAY.
  NO SIGNIFICANT WEATHER WAS OBSERVED.


RELATIVE HUMIDITY (PERCENT)
 HIGHEST   100           100 AM
 LOWEST     37           300 PM
 AVERAGE    69

..........................................................


THE ROCHESTER NY CLIMATE NORMALS FOR TODAY
                         NORMAL    RECORD    YEAR
 MAXIMUM TEMPERATURE (F)   59        83      1947
 MINIMUM TEMPERATURE (F)   41        23      1972


SUNRISE AND SUNSET
OCTOBER 18 2017.......SUNRISE   728 AM EDT   SUNSET   623 PM EDT
OCTOBER 19 2017.......SUNRISE   729 AM EDT   SUNSET   621 PM EDT


-  INDICATES NEGATIVE NUMBERS.
R  INDICATES RECORD WAS SET OR TIED.
MM INDICATES DATA IS MISSING.
T  INDICATES TRACE AMOUNT.




$$
