000
CDUS41 KBUF 110705
CLIROC


CLIMATE REPORT
NATIONAL WEATHER SERVICE BUFFALO NY
205 AM EST THU FEB 11 2016


...................................

...THE ROCHESTER NY CLIMATE SUMMARY FOR FEBRUARY 10 2016...

CLIMATE NORMAL PERIOD 1981 TO 2010
CLIMATE RECORD PERIOD 1871 TO 2016


WEATHER ITEM   OBSERVED TIME   RECORD YEAR NORMAL DEPARTURE LAST
                VALUE   (LST)  VALUE       VALUE  FROM      YEAR
                                                  NORMAL
..................................................................
TEMPERATURE (F)
 YESTERDAY
  MAXIMUM         33    336 AM  57    1881  33      0       21
  MINIMUM         17   1159 PM -11    1951  18     -1       13
                                      1934
  AVERAGE         25                        25      0       17

PRECIPITATION (IN)
  YESTERDAY        T             0.83 1970   0.06  -0.06      T
  MONTH TO DATE    0.84                      0.66   0.18     1.48
  SINCE DEC 1      5.09                      5.70  -0.61     5.53
  SINCE JAN 1      2.36                      3.07  -0.71     3.22

SNOWFALL (IN)
  YESTERDAY       MM             4.2  2003   0.7   MM        0.2
  MONTH TO DATE    1.3                       7.8   -6.5     24.8
  SINCE DEC 1     23.8                      57.8  -34.0     59.1
  SINCE JUL 1     25.0                      65.2  -40.2     68.2
  SNOW DEPTH       0

DEGREE DAYS
 HEATING
  YESTERDAY       40                        40      0       48
  MONTH TO DATE  279                       401   -122      471
  SINCE DEC 1   2137                      2737   -600     2813
  SINCE JUL 1   3177                      4105   -928     4093

 COOLING
  YESTERDAY        0                         0      0        0
  MONTH TO DATE    0                         0      0        0
  SINCE DEC 1      0                         0      0        0
  SINCE JAN 1      0                         0      0        0
..................................................................


WIND (MPH)
  HIGHEST WIND SPEED    25   HIGHEST WIND DIRECTION     W (250)
  HIGHEST GUST SPEED    33   HIGHEST GUST DIRECTION    SW (240)
  AVERAGE WIND SPEED    16.9


SKY COVER
  AVERAGE SKY COVER 1.0


WEATHER CONDITIONS
 THE FOLLOWING WEATHER WAS RECORDED YESTERDAY.
  LIGHT SNOW
  FOG
  BLOWING SNOW


RELATIVE HUMIDITY (PERCENT)
 HIGHEST    85           500 AM
 LOWEST     61           100 AM
 AVERAGE    73

..........................................................


THE ROCHESTER NY CLIMATE NORMALS FOR TODAY
                         NORMAL    RECORD    YEAR
 MAXIMUM TEMPERATURE (F)   33        70      1932
 MINIMUM TEMPERATURE (F)   18       -15      1979


SUNRISE AND SUNSET
FEBRUARY 11 2016......SUNRISE   714 AM EST   SUNSET   536 PM EST
FEBRUARY 12 2016......SUNRISE   713 AM EST   SUNSET   537 PM EST


-  INDICATES NEGATIVE NUMBERS.
R  INDICATES RECORD WAS SET OR TIED.
MM INDICATES DATA IS MISSING.
T  INDICATES TRACE AMOUNT.




$$
