000
CDUS41 KBUF 240705
CLIROC


CLIMATE REPORT
NATIONAL WEATHER SERVICE BUFFALO NY
205 AM EST SAT JAN 24 2015


...................................

...THE ROCHESTER NY CLIMATE SUMMARY FOR JANUARY 23 2015...

CLIMATE NORMAL PERIOD 1981 TO 2010
CLIMATE RECORD PERIOD 1871 TO 2015


WEATHER ITEM   OBSERVED TIME   RECORD YEAR NORMAL DEPARTURE LAST
                VALUE   (LST)  VALUE       VALUE  FROM      YEAR
                                                  NORMAL
..................................................................
TEMPERATURE (F)
 YESTERDAY
  MAXIMUM         33    430 PM  64    1906  31      2       13
  MINIMUM         19   1240 AM -14    1976  17      2        2
  AVERAGE         26                        24      2        8

PRECIPITATION (IN)
  YESTERDAY        T             1.19 1966   0.07  -0.07     0.03
  MONTH TO DATE    1.37                      1.83  -0.46     1.12
  SINCE DEC 1      3.68                      4.46  -0.78     4.11
  SINCE JAN 1      1.37                      1.83  -0.46     1.12

SNOWFALL (IN)
  YESTERDAY       MM            18.2  1966   0.9   MM        0.7
  MONTH TO DATE   12.3                      21.1   -8.8     17.4
  SINCE DEC 1     28.9                      42.9  -14.0     39.9
  SINCE JUL 1     38.0                      50.3  -12.3     53.4
  SNOW DEPTH       1

DEGREE DAYS
 HEATING
  YESTERDAY       39                        41     -2       57
  MONTH TO DATE 1022                       926     96      978
  SINCE DEC 1   1962                      2011    -49     2103
  SINCE JUL 1   3242                      3379   -137     3475

 COOLING
  YESTERDAY        0                         0      0        0
  MONTH TO DATE    0                         0      0        0
  SINCE DEC 1      0                         0      0        0
  SINCE JAN 1      0                         0      0        0
..................................................................


WIND (MPH)
  HIGHEST WIND SPEED    24   HIGHEST WIND DIRECTION     W (250)
  HIGHEST GUST SPEED    31   HIGHEST GUST DIRECTION     W (250)
  AVERAGE WIND SPEED    11.1


SKY COVER
  AVERAGE SKY COVER 0.7


WEATHER CONDITIONS
 THE FOLLOWING WEATHER WAS RECORDED YESTERDAY.
  LIGHT SNOW


RELATIVE HUMIDITY (PERCENT)
 HIGHEST    77          1200 AM
 LOWEST     56           400 PM
 AVERAGE    67

..........................................................


THE ROCHESTER NY CLIMATE NORMALS FOR TODAY
                         NORMAL    RECORD    YEAR
 MAXIMUM TEMPERATURE (F)   31        64      1909
 MINIMUM TEMPERATURE (F)   17       -10      1963


SUNRISE AND SUNSET
JANUARY 24 2015.......SUNRISE   734 AM EST   SUNSET   512 PM EST
JANUARY 25 2015.......SUNRISE   733 AM EST   SUNSET   513 PM EST


-  INDICATES NEGATIVE NUMBERS.
R  INDICATES RECORD WAS SET OR TIED.
MM INDICATES DATA IS MISSING.
T  INDICATES TRACE AMOUNT.




$$
