000
CDUS41 KBUF 281009
CLIROC


CLIMATE REPORT
NATIONAL WEATHER SERVICE BUFFALO NY
608 AM EDT FRI AUG 28 2015


...................................

...THE ROCHESTER NY CLIMATE SUMMARY FOR AUGUST 27 2015...

CLIMATE NORMAL PERIOD 1981 TO 2010
CLIMATE RECORD PERIOD 1871 TO 2015


WEATHER ITEM   OBSERVED TIME   RECORD YEAR NORMAL DEPARTURE LAST
                VALUE   (LST)  VALUE       VALUE  FROM      YEAR
                                                  NORMAL
..................................................................
TEMPERATURE (F)
 YESTERDAY
  MAXIMUM         69    421 PM  98    1948  78     -9       78
  MINIMUM         53   1159 PM  44    1887  58     -5       59
                                      1885
  AVERAGE         61                        68     -7       69

PRECIPITATION (IN)
  YESTERDAY        0.01          3.01 1871   0.10  -0.09     0.02
  MONTH TO DATE    4.67                      3.05   1.62     2.14
  SINCE JUN 1     14.43                      9.72   4.71    11.90
  SINCE JAN 1     26.13                     22.18   3.95    24.90

SNOWFALL (IN)
  YESTERDAY        0.0           0.0    MM   0.0    0.0      0.0
  MONTH TO DATE    0.0                       0.0    0.0      0.0
  SINCE JUN 1      0.0                       0.0    0.0      0.0
  SINCE JUL 1      0.0                       0.0    0.0      0.0
  SNOW DEPTH       0

DEGREE DAYS
 HEATING
  YESTERDAY        4                         1      3        0
  MONTH TO DATE    5                        17    -12       14
  SINCE JUN 1     73                        97    -24       50
  SINCE JUL 1     16                        29    -13       21

 COOLING
  YESTERDAY        0                         4     -4        4
  MONTH TO DATE  137                       141     -4      110
  SINCE JUN 1    431                       440     -9      410
  SINCE JAN 1    534                       470     64      449
..................................................................


WIND (MPH)
  HIGHEST WIND SPEED    13   HIGHEST WIND DIRECTION    NW (320)
  HIGHEST GUST SPEED    17   HIGHEST GUST DIRECTION    NW (300)
  AVERAGE WIND SPEED     6.7


SKY COVER
  AVERAGE SKY COVER 0.8


WEATHER CONDITIONS
 THE FOLLOWING WEATHER WAS RECORDED YESTERDAY.
  LIGHT RAIN
  FOG


RELATIVE HUMIDITY (PERCENT)
 HIGHEST    93          1000 PM
 LOWEST     59           500 PM
 AVERAGE    76

..........................................................


THE ROCHESTER NY CLIMATE NORMALS FOR TODAY
                         NORMAL    RECORD    YEAR
 MAXIMUM TEMPERATURE (F)   78        99      1948
 MINIMUM TEMPERATURE (F)   58        41      1982


SUNRISE AND SUNSET
AUGUST 28 2015........SUNRISE   630 AM EDT   SUNSET   753 PM EDT
AUGUST 29 2015........SUNRISE   631 AM EDT   SUNSET   751 PM EDT


-  INDICATES NEGATIVE NUMBERS.
R  INDICATES RECORD WAS SET OR TIED.
MM INDICATES DATA IS MISSING.
T  INDICATES TRACE AMOUNT.




$$
