000
CDUS41 KBUF 181026
CLIROC


CLIMATE REPORT
NATIONAL WEATHER SERVICE BUFFALO NY
524 AM EST WED JAN 18 2017


...................................

...THE ROCHESTER NY CLIMATE SUMMARY FOR JANUARY 17 2017...

CLIMATE NORMAL PERIOD 1981 TO 2010
CLIMATE RECORD PERIOD 1871 TO 2017


WEATHER ITEM   OBSERVED TIME   RECORD YEAR NORMAL DEPARTURE LAST
                VALUE   (LST)  VALUE       VALUE  FROM      YEAR
                                                  NORMAL
..................................................................
TEMPERATURE (F)
 YESTERDAY
  MAXIMUM         46   1159 PM  56    1990  31     15       35
                                      1913
  MINIMUM         32   1204 AM -10    1982  17     15       13
  AVERAGE         39                        24     15       24

PRECIPITATION (IN)
  YESTERDAY        0.81R         0.75 1932   0.08   0.73     0.08
  MONTH TO DATE    1.86                      1.37   0.49     1.03
  SINCE DEC 1      4.77                      4.00   0.77     3.76
  SINCE JAN 1      1.86                      1.37   0.49     1.03

SNOWFALL (IN)
  YESTERDAY        T             9.5  1958   0.9   -0.9      1.9
  MONTH TO DATE    4.4                      15.5  -11.1      7.1
  SINCE DEC 1     33.7                      37.3   -3.6      9.4
  SINCE JUL 1     49.6                      44.7    4.9     10.6
  SNOW DEPTH       0

DEGREE DAYS
 HEATING
  YESTERDAY       26                        41    -15       41
  MONTH TO DATE  620                       680    -60      630
  SINCE DEC 1   1655                      1765   -110     1329
  SINCE JUL 1   2633                      3133   -500     2369

 COOLING
  YESTERDAY        0                         0      0        0
  MONTH TO DATE    0                         0      0        0
  SINCE DEC 1      0                         0      0        0
  SINCE JAN 1      0                         0      0        0
..................................................................


WIND (MPH)
  HIGHEST WIND SPEED    16   HIGHEST WIND DIRECTION    SE (120)
  HIGHEST GUST SPEED    22   HIGHEST GUST DIRECTION    SE (120)
  AVERAGE WIND SPEED     6.9


SKY COVER
  AVERAGE SKY COVER 1.0


WEATHER CONDITIONS
 THE FOLLOWING WEATHER WAS RECORDED YESTERDAY.
  THUNDERSTORM
  HEAVY RAIN
  RAIN
  LIGHT RAIN
  SNOW
  FOG
  HAZE


RELATIVE HUMIDITY (PERCENT)
 HIGHEST    93          1000 PM
 LOWEST     64           500 AM
 AVERAGE    79

..........................................................


THE ROCHESTER NY CLIMATE NORMALS FOR TODAY
                         NORMAL    RECORD    YEAR
 MAXIMUM TEMPERATURE (F)   31        62      1929
 MINIMUM TEMPERATURE (F)   17        -8      1997


SUNRISE AND SUNSET
JANUARY 18 2017.......SUNRISE   738 AM EST   SUNSET   505 PM EST
JANUARY 19 2017.......SUNRISE   737 AM EST   SUNSET   506 PM EST


-  INDICATES NEGATIVE NUMBERS.
R  INDICATES RECORD WAS SET OR TIED.
MM INDICATES DATA IS MISSING.
T  INDICATES TRACE AMOUNT.




$$
