948
CDUS41 KBUF 160705
CLIROC


CLIMATE REPORT
NATIONAL WEATHER SERVICE BUFFALO NY
205 AM EST MON JAN 16 2017


...................................

...THE ROCHESTER NY CLIMATE SUMMARY FOR JANUARY 15 2017...

CLIMATE NORMAL PERIOD 1981 TO 2010
CLIMATE RECORD PERIOD 1871 TO 2017


WEATHER ITEM   OBSERVED TIME   RECORD YEAR NORMAL DEPARTURE LAST
                VALUE   (LST)  VALUE       VALUE  FROM      YEAR
                                                  NORMAL
..................................................................
TEMPERATURE (F)
 YESTERDAY
  MAXIMUM         32    309 PM  68    1995  31      1       49
  MINIMUM         19   1215 AM -16    1957  17      2       23
  AVERAGE         26                        24      2       36

PRECIPITATION (IN)
  YESTERDAY        0.00          0.80 2007   0.07  -0.07     0.00
  MONTH TO DATE    1.05                      1.21  -0.16     0.83
  SINCE DEC 1      3.96                      3.84   0.12     3.56
  SINCE JAN 1      1.05                      1.21  -0.16     0.83

SNOWFALL (IN)
  YESTERDAY        0.0           8.1  1999   0.9   -0.9      0.0
  MONTH TO DATE    4.4                      13.6   -9.2      5.2
  SINCE DEC 1     33.7                      35.4   -1.7      7.5
  SINCE JUL 1     49.6                      42.8    6.8      8.7
  SNOW DEPTH       0

DEGREE DAYS
 HEATING
  YESTERDAY       39                        41     -2       29
  MONTH TO DATE  559                       598    -39      561
  SINCE DEC 1   1594                      1683    -89     1260
  SINCE JUL 1   2572                      3051   -479     2300

 COOLING
  YESTERDAY        0                         0      0        0
  MONTH TO DATE    0                         0      0        0
  SINCE DEC 1      0                         0      0        0
  SINCE JAN 1      0                         0      0        0
..................................................................


WIND (MPH)
  HIGHEST WIND SPEED    12   HIGHEST WIND DIRECTION     W (250)
  HIGHEST GUST SPEED    14   HIGHEST GUST DIRECTION     W (280)
  AVERAGE WIND SPEED     6.2


SKY COVER
  AVERAGE SKY COVER 0.8


WEATHER CONDITIONS
 THE FOLLOWING WEATHER WAS RECORDED YESTERDAY.
  NO SIGNIFICANT WEATHER WAS OBSERVED.


RELATIVE HUMIDITY (PERCENT)
 HIGHEST    84          1200 AM
 LOWEST     58           700 PM
 AVERAGE    71

..........................................................


THE ROCHESTER NY CLIMATE NORMALS FOR TODAY
                         NORMAL    RECORD    YEAR
 MAXIMUM TEMPERATURE (F)   31        56      1953
 MINIMUM TEMPERATURE (F)   17       -17      1994


SUNRISE AND SUNSET
JANUARY 16 2017.......SUNRISE   739 AM EST   SUNSET   503 PM EST
JANUARY 17 2017.......SUNRISE   738 AM EST   SUNSET   504 PM EST


-  INDICATES NEGATIVE NUMBERS.
R  INDICATES RECORD WAS SET OR TIED.
MM INDICATES DATA IS MISSING.
T  INDICATES TRACE AMOUNT.




$$
