000
CDUS41 KBUF 181153 CCA
CLIROC

CLIMATE REPORT...CORRECTED
NATIONAL WEATHER SERVICE BUFFALO NY
521 AM EST SAT NOV 18 2017


...................................

...THE ROCHESTER NY CLIMATE SUMMARY FOR NOVEMBER 17 2017...

CLIMATE NORMAL PERIOD 1981 TO 2010
CLIMATE RECORD PERIOD 1871 TO 2017


WEATHER ITEM   OBSERVED TIME   RECORD YEAR NORMAL DEPARTURE LAST
                VALUE   (LST)  VALUE       VALUE  FROM      YEAR
                                                  NORMAL
..................................................................
TEMPERATURE (F)
 YESTERDAY
  MAXIMUM         38    330 PM  72    1931  48    -10       56
  MINIMUM         31    849 AM  15    1959  33     -2       37
                                      1933
  AVERAGE         35                        40     -5       47

PRECIPITATION (IN)
  YESTERDAY        T             2.01 1890   0.10  -0.10     0.00
  MONTH TO DATE    3.22                      1.63   1.59     1.05
  SINCE SEP 1     11.21                      7.73   3.48     8.61
  SINCE JAN 1     42.22                     30.33  11.89    26.26

SNOWFALL (IN)
  YESTERDAY        T             7.8  1920   0.2   -0.2      0.0
  MONTH TO DATE    1.5                       2.7   -1.2      0.0
  SINCE SEP 1      1.5                       2.8   -1.3      0.9
  SINCE JUL 1      1.5                       2.8   -1.3      0.9
  SNOW DEPTH       0

DEGREE DAYS
 HEATING
  YESTERDAY       30                        25      5       18
  MONTH TO DATE  415                       377     38      282
  SINCE SEP 1    750                       976   -226      675
  SINCE JUL 1    777                      1010   -233      675

 COOLING
  YESTERDAY        0                         0      0        0
  MONTH TO DATE    0                         0      0        0
  SINCE SEP 1    139                        55     84      127
  SINCE JAN 1    655                       539    116      978
..................................................................


WIND (MPH)
  HIGHEST WIND SPEED    21   HIGHEST WIND DIRECTION    NW (330)
  HIGHEST GUST SPEED    27   HIGHEST GUST DIRECTION    NW (330)
  AVERAGE WIND SPEED     9.0


SKY COVER
  AVERAGE SKY COVER 0.7


WEATHER CONDITIONS
 THE FOLLOWING WEATHER WAS RECORDED YESTERDAY.
  LIGHT SNOW


RELATIVE HUMIDITY (PERCENT)
 HIGHEST    82           100 AM
 LOWEST     52           100 PM
 AVERAGE    67

..........................................................


THE ROCHESTER NY CLIMATE NORMALS FOR TODAY
                         NORMAL    RECORD    YEAR
 MAXIMUM TEMPERATURE (F)   47        73      2016
 MINIMUM TEMPERATURE (F)   32        14      1959


SUNRISE AND SUNSET
NOVEMBER 18 2017......SUNRISE   707 AM EST   SUNSET   444 PM EST
NOVEMBER 19 2017......SUNRISE   709 AM EST   SUNSET   443 PM EST


-  INDICATES NEGATIVE NUMBERS.
R  INDICATES RECORD WAS SET OR TIED.
MM INDICATES DATA IS MISSING.
T  INDICATES TRACE AMOUNT.

$$
