000
CDUS41 KBUF 250705
CLIROC


CLIMATE REPORT
NATIONAL WEATHER SERVICE BUFFALO NY
305 AM EDT SAT OCT 25 2014


...................................

...THE ROCHESTER NY CLIMATE SUMMARY FOR OCTOBER 24 2014...

CLIMATE NORMAL PERIOD 1981 TO 2010
CLIMATE RECORD PERIOD 1871 TO 2014


WEATHER ITEM   OBSERVED TIME   RECORD YEAR NORMAL DEPARTURE LAST
                VALUE   (LST)  VALUE       VALUE  FROM      YEAR
                                                  NORMAL
..................................................................
TEMPERATURE (F)
 YESTERDAY
  MAXIMUM         60    236 PM  81    1963  57      3       50
  MINIMUM         43   1158 PM  23    1889  39      4       32
  AVERAGE         52                        48      4       41

PRECIPITATION (IN)
  YESTERDAY        0.00          1.12 1923   0.08  -0.08     0.25
  MONTH TO DATE    1.69                      2.11  -0.42     2.76
  SINCE SEP 1      3.02                      5.49  -2.47     5.17
  SINCE JAN 1     28.05                     28.09  -0.04    30.38

SNOWFALL (IN)
  YESTERDAY        0.0           1.4  1960   0.0    0.0      0.0
  MONTH TO DATE    0.0                       0.0    0.0      0.0
  SINCE SEP 1      0.0                       0.0    0.0      0.0
  SINCE JUL 1      0.0                       0.0    0.0      0.0
  SNOW DEPTH       0

DEGREE DAYS
 HEATING
  YESTERDAY       13                        17     -4       24
  MONTH TO DATE  251                       324    -73      215
  SINCE SEP 1    375                       471    -96      387
  SINCE JUL 1    400                       505   -105      405

 COOLING
  YESTERDAY        0                         0      0        0
  MONTH TO DATE    9                         0      9       10
  SINCE SEP 1     77                        50     27       69
  SINCE JAN 1    541                       534      7      660
..................................................................


WIND (MPH)
  HIGHEST WIND SPEED    17   HIGHEST WIND DIRECTION     W (260)
  HIGHEST GUST SPEED    23   HIGHEST GUST DIRECTION     W (260)
  AVERAGE WIND SPEED     9.3


SKY COVER
  AVERAGE SKY COVER 0.6


WEATHER CONDITIONS
 THE FOLLOWING WEATHER WAS RECORDED YESTERDAY.
  NO SIGNIFICANT WEATHER WAS OBSERVED.


RELATIVE HUMIDITY (PERCENT)
 HIGHEST    92          1100 PM
 LOWEST     44           200 PM
 AVERAGE    68

..........................................................


THE ROCHESTER NY CLIMATE NORMALS FOR TODAY
                         NORMAL    RECORD    YEAR
 MAXIMUM TEMPERATURE (F)   56        83      1963
 MINIMUM TEMPERATURE (F)   39        19      1879


SUNRISE AND SUNSET
OCTOBER 25 2014.......SUNRISE   737 AM EDT   SUNSET   612 PM EDT
OCTOBER 26 2014.......SUNRISE   738 AM EDT   SUNSET   611 PM EDT


-  INDICATES NEGATIVE NUMBERS.
R  INDICATES RECORD WAS SET OR TIED.
MM INDICATES DATA IS MISSING.
T  INDICATES TRACE AMOUNT.




$$
