000
CDUS41 KBUF 190705
CLIROC


CLIMATE REPORT
NATIONAL WEATHER SERVICE BUFFALO NY
305 AM EDT THU MAY 19 2016


...................................

...THE ROCHESTER NY CLIMATE SUMMARY FOR MAY 18 2016...

CLIMATE NORMAL PERIOD 1981 TO 2010
CLIMATE RECORD PERIOD 1871 TO 2016


WEATHER ITEM   OBSERVED TIME   RECORD YEAR NORMAL DEPARTURE LAST
                VALUE   (LST)  VALUE       VALUE  FROM      YEAR
                                                  NORMAL
..................................................................
TEMPERATURE (F)
 YESTERDAY
  MAXIMUM         60    515 PM  92    1889  68     -8       85
  MINIMUM         41   1203 AM  30    1981  47     -6       62
  AVERAGE         51                        58     -7       74

PRECIPITATION (IN)
  YESTERDAY        0.00          1.46 1894   0.09  -0.09      T
  MONTH TO DATE    1.34                      1.62  -0.28     0.98
  SINCE MAR 1      4.72                      6.85  -2.13     5.02
  SINCE JAN 1     10.02                     11.21  -1.19     9.27

SNOWFALL (IN)
  YESTERDAY        0.0           T    1976   0.0    0.0      0.0
  MONTH TO DATE    T                         0.3   -0.3      0.0
  SINCE MAR 1     12.0                      20.5   -8.5     13.3
  SINCE JUL 1     63.7                      99.4  -35.7    101.9
  SNOW DEPTH       0

DEGREE DAYS
 HEATING
  YESTERDAY       14                         8      6        0
  MONTH TO DATE  230                       191     39       62
  SINCE MAR 1   1666                      1708    -42     1654
  SINCE JUL 1   5583                      6494   -911     6748

 COOLING
  YESTERDAY        0                         1     -1        9
  MONTH TO DATE    0                         9     -9       55
  SINCE MAR 1      0                        13    -13       55
  SINCE JAN 1      0                        13    -13       55
..................................................................


WIND (MPH)
  HIGHEST WIND SPEED    14   HIGHEST WIND DIRECTION    NE (60)
  HIGHEST GUST SPEED    20   HIGHEST GUST DIRECTION    NE (50)
  AVERAGE WIND SPEED     5.8


SKY COVER
  AVERAGE SKY COVER 0.4


WEATHER CONDITIONS
 THE FOLLOWING WEATHER WAS RECORDED YESTERDAY.
  NO SIGNIFICANT WEATHER WAS OBSERVED.


RELATIVE HUMIDITY (PERCENT)
 HIGHEST    86          1200 AM
 LOWEST     40           600 PM
 AVERAGE    63

..........................................................


THE ROCHESTER NY CLIMATE NORMALS FOR TODAY
                         NORMAL    RECORD    YEAR
 MAXIMUM TEMPERATURE (F)   69        89      1996
                                             1971
 MINIMUM TEMPERATURE (F)   47        34      1981


SUNRISE AND SUNSET
MAY 19 2016...........SUNRISE   543 AM EDT   SUNSET   832 PM EDT
MAY 20 2016...........SUNRISE   542 AM EDT   SUNSET   833 PM EDT


-  INDICATES NEGATIVE NUMBERS.
R  INDICATES RECORD WAS SET OR TIED.
MM INDICATES DATA IS MISSING.
T  INDICATES TRACE AMOUNT.




$$
