745
CDUS41 KBUF 271025
CLIROC


CLIMATE REPORT
NATIONAL WEATHER SERVICE BUFFALO NY
615 AM EDT MON MAR 27 2017


...................................

...THE ROCHESTER NY CLIMATE SUMMARY FOR MARCH 26 2017...

CLIMATE NORMAL PERIOD 1981 TO 2010
CLIMATE RECORD PERIOD 1871 TO 2017


WEATHER ITEM   OBSERVED TIME   RECORD YEAR NORMAL DEPARTURE LAST
                VALUE   (LST)  VALUE       VALUE  FROM      YEAR
                                                  NORMAL
..................................................................
TEMPERATURE (F)
 YESTERDAY
  MAXIMUM         54    420 PM  84    1945  47      7       45
  MINIMUM         35    346 AM   4    1960  29      6       24
  AVERAGE         45                        38      7       35

PRECIPITATION (IN)
  YESTERDAY        0.04          0.87 1873   0.09  -0.05     0.00
  MONTH TO DATE    3.10                      2.08   1.02     1.51
  SINCE MAR 1      3.10                      2.08   1.02     1.51
  SINCE JAN 1      8.18                      6.44   1.74     6.81

SNOWFALL (IN)
  YESTERDAY        0.0           6.0  1955   0.4   -0.4      0.0
  MONTH TO DATE   32.9                      14.8   18.1      3.2
  SINCE MAR 1     32.9                      14.8   18.1      3.2
  SINCE JUL 1    104.5                      93.7   10.8     54.9
  SNOW DEPTH       0

DEGREE DAYS
 HEATING
  YESTERDAY       20                        27     -7       30
  MONTH TO DATE  883                       823     60      679
  SINCE MAR 1    883                       823     60      679
  SINCE JUL 1   4751                      5609   -858     4596

 COOLING
  YESTERDAY        0                         0      0        0
  MONTH TO DATE    0                         0      0        0
  SINCE MAR 1      0                         0      0        0
  SINCE JAN 1      0                         0      0        0
..................................................................


WIND (MPH)
  HIGHEST WIND SPEED    22   HIGHEST WIND DIRECTION     S (180)
  HIGHEST GUST SPEED    29   HIGHEST GUST DIRECTION     S (160)
  AVERAGE WIND SPEED    12.1


SKY COVER
  AVERAGE SKY COVER 0.8


WEATHER CONDITIONS
 THE FOLLOWING WEATHER WAS RECORDED YESTERDAY.
  LIGHT RAIN


RELATIVE HUMIDITY (PERCENT)
 HIGHEST    92           700 AM
 LOWEST     66          1200 PM
 AVERAGE    79

..........................................................


THE ROCHESTER NY CLIMATE NORMALS FOR TODAY
                         NORMAL    RECORD    YEAR
 MAXIMUM TEMPERATURE (F)   47        80      1921
 MINIMUM TEMPERATURE (F)   30         4      1966


SUNRISE AND SUNSET
MARCH 27 2017.........SUNRISE   701 AM EDT   SUNSET   732 PM EDT
MARCH 28 2017.........SUNRISE   659 AM EDT   SUNSET   733 PM EDT


-  INDICATES NEGATIVE NUMBERS.
R  INDICATES RECORD WAS SET OR TIED.
MM INDICATES DATA IS MISSING.
T  INDICATES TRACE AMOUNT.




$$
