000
CDUS41 KBUF 121002
CLIROC


CLIMATE REPORT
NATIONAL WEATHER SERVICE BUFFALO NY
600 AM EDT SAT JUL 12 2014


...................................

...THE ROCHESTER NY CLIMATE SUMMARY FOR JULY 11 2014...

CLIMATE NORMAL PERIOD 1981 TO 2010
CLIMATE RECORD PERIOD 1871 TO 2014


WEATHER ITEM   OBSERVED TIME   RECORD YEAR NORMAL DEPARTURE LAST
                VALUE   (LST)  VALUE       VALUE  FROM      YEAR
                                                  NORMAL
..................................................................
TEMPERATURE (F)
 YESTERDAY
  MAXIMUM         79    256 PM  96    1936  81     -2       78
  MINIMUM         53    523 AM  44    1945  61     -8       63
  AVERAGE         66                        71     -5       71

PRECIPITATION (IN)
  YESTERDAY        0.00          3.26 1897   0.10  -0.10      T
  MONTH TO DATE    1.96                      1.16   0.80     3.22
  SINCE JUN 1      4.02                      4.50  -0.48     9.49
  SINCE JAN 1     17.02                     16.96   0.06    21.32

SNOWFALL (IN)
  YESTERDAY        0.0           0.0    MM   0.0    0.0      0.0
  MONTH TO DATE    0.0                       0.0    0.0      0.0
  SINCE JUN 1      0.0                       0.0    0.0      0.0
  SINCE JUL 1      0.0                       0.0    0.0      0.0
  SNOW DEPTH       0

DEGREE DAYS
 HEATING
  YESTERDAY        0                         0      0        0
  MONTH TO DATE    1                         6     -5        0
  SINCE JUN 1     30                        74    -44       58
  SINCE JUL 1      1                         6     -5        0

 COOLING
  YESTERDAY        1                         6     -5        6
  MONTH TO DATE   62                        66     -4      113
  SINCE JUN 1    212                       172     40      220
  SINCE JAN 1    251                       202     49      291
..................................................................


WIND (MPH)
  HIGHEST WIND SPEED    14   HIGHEST WIND DIRECTION     N (360)
  HIGHEST GUST SPEED    18   HIGHEST GUST DIRECTION     N (20)
  AVERAGE WIND SPEED     4.0


SKY COVER
  AVERAGE SKY COVER 0.3


WEATHER CONDITIONS
 THE FOLLOWING WEATHER WAS RECORDED YESTERDAY.
  FOG


RELATIVE HUMIDITY (PERCENT)
 HIGHEST    93           200 AM
 LOWEST     38          1100 AM
 AVERAGE    66

..........................................................


THE ROCHESTER NY CLIMATE NORMALS FOR TODAY
                         NORMAL    RECORD    YEAR
 MAXIMUM TEMPERATURE (F)   81        94      1966
 MINIMUM TEMPERATURE (F)   61        45      1898


SUNRISE AND SUNSET
JULY 12 2014..........SUNRISE   542 AM EDT   SUNSET   850 PM EDT
JULY 13 2014..........SUNRISE   543 AM EDT   SUNSET   849 PM EDT


-  INDICATES NEGATIVE NUMBERS.
R  INDICATES RECORD WAS SET OR TIED.
MM INDICATES DATA IS MISSING.
T  INDICATES TRACE AMOUNT.




$$
