000
CDUS41 KBUF 291014
CLIROC


CLIMATE REPORT
NATIONAL WEATHER SERVICE BUFFALO NY
513 AM EST MON DEC 29 2014


...................................

...THE ROCHESTER NY CLIMATE SUMMARY FOR DECEMBER 28 2014...

CLIMATE NORMAL PERIOD 1981 TO 2010
CLIMATE RECORD PERIOD 1871 TO 2014


WEATHER ITEM   OBSERVED TIME   RECORD YEAR NORMAL DEPARTURE LAST
                VALUE   (LST)  VALUE       VALUE  FROM      YEAR
                                                  NORMAL
..................................................................
TEMPERATURE (F)
 YESTERDAY
  MAXIMUM         53   1234 AM  68    1982  33     20       44
  MINIMUM         30   1159 PM  -1    1933  20     10       29
  AVERAGE         42                        27     15       37

PRECIPITATION (IN)
  YESTERDAY        0.05          1.57 1922   0.08  -0.03     0.00
  MONTH TO DATE    2.13                      2.39  -0.26     2.88
  SINCE DEC 1      2.13                      2.39  -0.26     2.88
  SINCE JAN 1     32.79                     34.03  -1.24    36.63

SNOWFALL (IN)
  YESTERDAY        0.0          13.5  1922   0.8   -0.8      0.0
  MONTH TO DATE   12.0                      19.3   -7.3     21.5
  SINCE DEC 1     12.0                      19.3   -7.3     21.5
  SINCE JUL 1     21.1                      26.7   -5.6     35.0
  SNOW DEPTH       0

DEGREE DAYS
 HEATING
  YESTERDAY       23                        38    -15       28
  MONTH TO DATE  817                       969   -152     1010
  SINCE DEC 1    817                       969   -152     1010
  SINCE JUL 1   2097                      2337   -240     2382

 COOLING
  YESTERDAY        0                         0      0        0
  MONTH TO DATE    0                         0      0        0
  SINCE DEC 1      0                         0      0        0
  SINCE JAN 1    542                       539      3      660
..................................................................


WIND (MPH)
  HIGHEST WIND SPEED    23   HIGHEST WIND DIRECTION    NW (300)
  HIGHEST GUST SPEED    30   HIGHEST GUST DIRECTION     W (260)
  AVERAGE WIND SPEED    11.9


SKY COVER
  AVERAGE SKY COVER 0.9


WEATHER CONDITIONS
 THE FOLLOWING WEATHER WAS RECORDED YESTERDAY.
  LIGHT RAIN


RELATIVE HUMIDITY (PERCENT)
 HIGHEST    86           400 AM
 LOWEST     54          1200 AM
 AVERAGE    70

..........................................................


THE ROCHESTER NY CLIMATE NORMALS FOR TODAY
                         NORMAL    RECORD    YEAR
 MAXIMUM TEMPERATURE (F)   33        63      1984
 MINIMUM TEMPERATURE (F)   20        -7      1933


SUNRISE AND SUNSET
DECEMBER 29 2014......SUNRISE   742 AM EST   SUNSET   444 PM EST
DECEMBER 30 2014......SUNRISE   742 AM EST   SUNSET   444 PM EST


-  INDICATES NEGATIVE NUMBERS.
R  INDICATES RECORD WAS SET OR TIED.
MM INDICATES DATA IS MISSING.
T  INDICATES TRACE AMOUNT.




$$
