000
CDUS41 KBUF 231018
CLIROC


CLIMATE REPORT
NATIONAL WEATHER SERVICE BUFFALO NY
617 AM EDT TUE SEP 23 2014


...................................

...THE ROCHESTER NY CLIMATE SUMMARY FOR SEPTEMBER 22 2014...

CLIMATE NORMAL PERIOD 1981 TO 2010
CLIMATE RECORD PERIOD 1871 TO 2014


WEATHER ITEM   OBSERVED TIME   RECORD YEAR NORMAL DEPARTURE LAST
                VALUE   (LST)  VALUE       VALUE  FROM      YEAR
                                                  NORMAL
..................................................................
TEMPERATURE (F)
 YESTERDAY
  MAXIMUM         57   1202 AM  93    1895  69    -12       57
  MINIMUM         44   1159 PM  36    1991  50     -6       51
                                      1963
  AVERAGE         51                        59     -8       54

PRECIPITATION (IN)
  YESTERDAY        0.07          1.33 1938   0.12  -0.05      T
  MONTH TO DATE    1.33                      2.49  -1.16     2.41
  SINCE SEP 1      1.33                      2.49  -1.16     2.41
  SINCE JAN 1     26.36                     25.09   1.27    27.62

SNOWFALL (IN)
  YESTERDAY        0.0           0.0    MM   0.0    0.0      0.0
  MONTH TO DATE    0.0                       0.0    0.0      0.0
  SINCE SEP 1      0.0                       0.0    0.0      0.0
  SINCE JUL 1      0.0                       0.0    0.0      0.0
  SNOW DEPTH       0

DEGREE DAYS
 HEATING
  YESTERDAY       14                         7      7       11
  MONTH TO DATE  107                        83     24      109
  SINCE SEP 1    107                        83     24      109
  SINCE JUL 1    132                       117     15      127

 COOLING
  YESTERDAY        0                         1     -1        0
  MONTH TO DATE   66                        44     22       58
  SINCE SEP 1     66                        44     22       58
  SINCE JAN 1    530                       528      2      649
..................................................................


WIND (MPH)
  HIGHEST WIND SPEED    24   HIGHEST WIND DIRECTION    NW (300)
  HIGHEST GUST SPEED    34   HIGHEST GUST DIRECTION    NW (310)
  AVERAGE WIND SPEED    11.3


SKY COVER
  AVERAGE SKY COVER 0.8


WEATHER CONDITIONS
 THE FOLLOWING WEATHER WAS RECORDED YESTERDAY.
  LIGHT RAIN
  FOG


RELATIVE HUMIDITY (PERCENT)
 HIGHEST    96           300 AM
 LOWEST     51          1200 PM
 AVERAGE    74

..........................................................


THE ROCHESTER NY CLIMATE NORMALS FOR TODAY
                         NORMAL    RECORD    YEAR
 MAXIMUM TEMPERATURE (F)   69        90      1936
 MINIMUM TEMPERATURE (F)   49        33      1947


SUNRISE AND SUNSET
SEPTEMBER 23 2014.....SUNRISE   659 AM EDT   SUNSET   706 PM EDT
SEPTEMBER 24 2014.....SUNRISE   700 AM EDT   SUNSET   704 PM EDT


-  INDICATES NEGATIVE NUMBERS.
R  INDICATES RECORD WAS SET OR TIED.
MM INDICATES DATA IS MISSING.
T  INDICATES TRACE AMOUNT.




$$
