775
CDUS41 KBUF 252053
CLIROC


CLIMATE REPORT
NATIONAL WEATHER SERVICE BUFFALO NY
452 PM EDT THU AUG 25 2016


...................................

...THE ROCHESTER NY CLIMATE SUMMARY FOR AUGUST 25 2016...
VALID TODAY AS OF 0400 PM LOCAL TIME.

CLIMATE NORMAL PERIOD 1981 TO 2010
CLIMATE RECORD PERIOD 1871 TO 2016


WEATHER ITEM   OBSERVED TIME   RECORD YEAR NORMAL DEPARTURE LAST
                VALUE   (LST)  VALUE       VALUE  FROM      YEAR
                                                  NORMAL
..................................................................
TEMPERATURE (F)
 TODAY
  MAXIMUM         87    343 PM  96    1948  78      9       71
  MINIMUM         69    543 AM  43    1960  58     11       58
                                      1942
                                      1884
  AVERAGE         78                        68     10       65

PRECIPITATION (IN)
  TODAY            0.43          2.51 1998   0.10   0.33      T
  MONTH TO DATE    3.11                      2.84   0.27     4.66
  SINCE JUN 1      5.24                      9.51  -4.27    14.42
  SINCE JAN 1     16.85                     21.97  -5.12    26.12

SNOWFALL (IN)
  TODAY            0.0           0.0    MM   0.0    0.0      0.0
  MONTH TO DATE    0.0                       0.0    0.0      0.0
  SINCE JUN 1      0.0                       0.0    0.0      0.0
  SINCE JUL 1      0.0                       0.0    0.0      0.0
  SNOW DEPTH       0

DEGREE DAYS
 HEATING
  TODAY            0                         1     -1        0
  MONTH TO DATE    0                        15    -15        1
  SINCE JUN 1     47                        95    -48       69
  SINCE JUL 1      0                        27    -27       12

 COOLING
  TODAY           13                         4      9        0
  MONTH TO DATE  292                       133    159      136
  SINCE JUN 1    734                       432    302      430
  SINCE JAN 1    796                       462    334      533
..................................................................


WIND (MPH)
  HIGHEST WIND SPEED    16   HIGHEST WIND DIRECTION    SW (240)
  HIGHEST GUST SPEED    18   HIGHEST GUST DIRECTION    SW (230)
  AVERAGE WIND SPEED     8.3


SKY COVER
  AVERAGE SKY COVER 1.0


WEATHER CONDITIONS
 THE FOLLOWING WEATHER WAS RECORDED TODAY.
  HEAVY RAIN
  RAIN
  LIGHT RAIN
  FOG


RELATIVE HUMIDITY (PERCENT)
 HIGHEST   100           600 AM
 LOWEST     57           200 PM
 AVERAGE    79

..........................................................


THE ROCHESTER NY CLIMATE NORMALS FOR TOMORROW
                         NORMAL    RECORD    YEAR
 MAXIMUM TEMPERATURE (F)   78        99      1948
 MINIMUM TEMPERATURE (F)   58        44      1989
                                             1885


SUNRISE AND SUNSET
AUGUST 25 2016........SUNRISE   628 AM EDT   SUNSET   757 PM EDT
AUGUST 26 2016........SUNRISE   629 AM EDT   SUNSET   755 PM EDT


-  INDICATES NEGATIVE NUMBERS.
R  INDICATES RECORD WAS SET OR TIED.
MM INDICATES DATA IS MISSING.
T  INDICATES TRACE AMOUNT.




$$
