000
CDUS41 KBUF 291031
CLIROC


CLIMATE REPORT
NATIONAL WEATHER SERVICE BUFFALO NY
630 AM EDT SAT APR 29 2017


...................................

...THE ROCHESTER NY CLIMATE SUMMARY FOR APRIL 28 2017...

CLIMATE NORMAL PERIOD 1981 TO 2010
CLIMATE RECORD PERIOD 1871 TO 2017


WEATHER ITEM   OBSERVED TIME   RECORD YEAR NORMAL DEPARTURE LAST
                VALUE   (LST)  VALUE       VALUE  FROM      YEAR
                                                  NORMAL
..................................................................
TEMPERATURE (F)
 YESTERDAY
  MAXIMUM         71    252 PM  93    1990  62      9       52
  MINIMUM         50    543 AM  25    1947  41      9       32
  AVERAGE         61                        51     10       42

PRECIPITATION (IN)
  YESTERDAY        0.00          1.18 1889   0.09  -0.09     0.00
  MONTH TO DATE    4.54                      2.55   1.99     1.55
  SINCE MAR 1      9.20                      5.05   4.15     3.37
  SINCE JAN 1     14.28                      9.41   4.87     8.67

SNOWFALL (IN)
  YESTERDAY        0.0           0.5  1885   0.0    0.0      0.0
  MONTH TO DATE    2.5                       3.8   -1.3      8.8
  SINCE MAR 1     35.5                      20.1   15.4     12.0
  SINCE JUL 1    107.1                      99.0    8.1     63.7
  SNOW DEPTH       0

DEGREE DAYS
 HEATING
  YESTERDAY        4                        14    -10       23
  MONTH TO DATE  384                       538   -154      639
  SINCE MAR 1   1372                      1490   -118     1401
  SINCE JUL 1   5240                      6276  -1036     5318

 COOLING
  YESTERDAY        0                         0      0        0
  MONTH TO DATE   14                         0     14        0
  SINCE MAR 1     14                         0     14        0
  SINCE JAN 1     14                         0     14        0
..................................................................


WIND (MPH)
  HIGHEST WIND SPEED    25   HIGHEST WIND DIRECTION     W (250)
  HIGHEST GUST SPEED    30   HIGHEST GUST DIRECTION     W (250)
  AVERAGE WIND SPEED     9.5


SKY COVER
  AVERAGE SKY COVER 0.7


WEATHER CONDITIONS
 THE FOLLOWING WEATHER WAS RECORDED YESTERDAY.
  NO SIGNIFICANT WEATHER WAS OBSERVED.


RELATIVE HUMIDITY (PERCENT)
 HIGHEST    78          1200 AM
 LOWEST     33           300 PM
 AVERAGE    56

..........................................................


THE ROCHESTER NY CLIMATE NORMALS FOR TODAY
                         NORMAL    RECORD    YEAR
 MAXIMUM TEMPERATURE (F)   62        86      1899
 MINIMUM TEMPERATURE (F)   41        27      2012
                                             1977


SUNRISE AND SUNSET
APRIL 29 2017.........SUNRISE   607 AM EDT   SUNSET   810 PM EDT
APRIL 30 2017.........SUNRISE   605 AM EDT   SUNSET   811 PM EDT


-  INDICATES NEGATIVE NUMBERS.
R  INDICATES RECORD WAS SET OR TIED.
MM INDICATES DATA IS MISSING.
T  INDICATES TRACE AMOUNT.




$$
