000
CDUS41 KBUF 200705
CLIROC


CLIMATE REPORT
NATIONAL WEATHER SERVICE BUFFALO NY
205 AM EST MON FEB 20 2017


...................................

...THE ROCHESTER NY CLIMATE SUMMARY FOR FEBRUARY 19 2017...

CLIMATE NORMAL PERIOD 1981 TO 2010
CLIMATE RECORD PERIOD 1871 TO 2017


WEATHER ITEM   OBSERVED TIME   RECORD YEAR NORMAL DEPARTURE LAST
                VALUE   (LST)  VALUE       VALUE  FROM      YEAR
                                                  NORMAL
..................................................................
TEMPERATURE (F)
 YESTERDAY
  MAXIMUM         58    346 PM  61    1994  35     23       40
  MINIMUM         37    341 AM  -7    1944  19     18        2
  AVERAGE         48                        27     21       21

PRECIPITATION (IN)
  YESTERDAY        0.00          1.50 1960   0.07  -0.07     0.02
  MONTH TO DATE    1.60                      1.27   0.33     2.58
  SINCE DEC 1      7.26                      6.31   0.95     6.83
  SINCE JAN 1      4.35                      3.68   0.67     4.10

SNOWFALL (IN)
  YESTERDAY        0.0          14.7  1960   0.7   -0.7       T
  MONTH TO DATE   14.4                      14.6   -0.2     26.2
  SINCE DEC 1     55.5                      64.6   -9.1     48.7
  SINCE JUL 1     71.4                      72.0   -0.6     49.9
  SNOW DEPTH       0

DEGREE DAYS
 HEATING
  YESTERDAY       17                        38    -21       44
  MONTH TO DATE  641                       749   -108      720
  SINCE DEC 1   2712                      3085   -373     2578
  SINCE JUL 1   3690                      4453   -763     3618

 COOLING
  YESTERDAY        0                         0      0        0
  MONTH TO DATE    0                         0      0        0
  SINCE DEC 1      0                         0      0        0
  SINCE JAN 1      0                         0      0        0
..................................................................


WIND (MPH)
  HIGHEST WIND SPEED    22   HIGHEST WIND DIRECTION     W (280)
  HIGHEST GUST SPEED    30   HIGHEST GUST DIRECTION     W (270)
  AVERAGE WIND SPEED    11.2


SKY COVER
  AVERAGE SKY COVER 0.2


WEATHER CONDITIONS
 THE FOLLOWING WEATHER WAS RECORDED YESTERDAY.
  NO SIGNIFICANT WEATHER WAS OBSERVED.


RELATIVE HUMIDITY (PERCENT)
 HIGHEST    85           300 AM
 LOWEST     43           100 PM
 AVERAGE    64

..........................................................


THE ROCHESTER NY CLIMATE NORMALS FOR TODAY
                         NORMAL    RECORD    YEAR
 MAXIMUM TEMPERATURE (F)   35        62      1994
                                             1913
 MINIMUM TEMPERATURE (F)   19       -11      2015


SUNRISE AND SUNSET
FEBRUARY 20 2017......SUNRISE   701 AM EST   SUNSET   549 PM EST
FEBRUARY 21 2017......SUNRISE   659 AM EST   SUNSET   550 PM EST


-  INDICATES NEGATIVE NUMBERS.
R  INDICATES RECORD WAS SET OR TIED.
MM INDICATES DATA IS MISSING.
T  INDICATES TRACE AMOUNT.




$$
