000
CDUS41 KBUF 251018
CLIROC


CLIMATE REPORT
NATIONAL WEATHER SERVICE BUFFALO NY
617 AM EDT WED MAR 25 2015


...................................

...THE ROCHESTER NY CLIMATE SUMMARY FOR MARCH 24 2015...

CLIMATE NORMAL PERIOD 1981 TO 2010
CLIMATE RECORD PERIOD 1871 TO 2015


WEATHER ITEM   OBSERVED TIME   RECORD YEAR NORMAL DEPARTURE LAST
                VALUE   (LST)  VALUE       VALUE  FROM      YEAR
                                                  NORMAL
..................................................................
TEMPERATURE (F)
 YESTERDAY
  MAXIMUM         37    220 PM  81    1910  46     -9       27
  MINIMUM         14    604 AM   2    1965  28    -14       16
  AVERAGE         26                        37    -11       22

PRECIPITATION (IN)
  YESTERDAY        0.00          0.94 1878   0.09  -0.09     0.01
  MONTH TO DATE    0.89                      1.91  -1.02     1.38
  SINCE MAR 1      0.89                      1.91  -1.02     1.38
  SINCE JAN 1      5.14                      6.27  -1.13     5.00

SNOWFALL (IN)
  YESTERDAY        0.0           5.9  1960   0.4   -0.4      0.6
  MONTH TO DATE   10.3                      14.0   -3.7     20.5
  SINCE MAR 1     10.3                      14.0   -3.7     20.5
  SINCE JUL 1     98.9                      92.9    6.0    103.6
  SNOW DEPTH       T

DEGREE DAYS
 HEATING
  YESTERDAY       39                        28     11       43
  MONTH TO DATE  854                       769     85      923
  SINCE MAR 1    854                       769     85      923
  SINCE JUL 1   5948                      5555    393     6008

 COOLING
  YESTERDAY        0                         0      0        0
  MONTH TO DATE    0                         0      0        0
  SINCE MAR 1      0                         0      0        0
  SINCE JAN 1      0                         0      0        0
..................................................................


WIND (MPH)
  HIGHEST WIND SPEED    12   HIGHEST WIND DIRECTION    NE (40)
  HIGHEST GUST SPEED    14   HIGHEST GUST DIRECTION    NE (30)
  AVERAGE WIND SPEED     2.9


SKY COVER
  AVERAGE SKY COVER 0.3


WEATHER CONDITIONS
 THE FOLLOWING WEATHER WAS RECORDED YESTERDAY.
  NO SIGNIFICANT WEATHER WAS OBSERVED.


RELATIVE HUMIDITY (PERCENT)
 HIGHEST    88           600 AM
 LOWEST     38           100 PM
 AVERAGE    63

..........................................................


THE ROCHESTER NY CLIMATE NORMALS FOR TODAY
                         NORMAL    RECORD    YEAR
 MAXIMUM TEMPERATURE (F)   46        77      1988
 MINIMUM TEMPERATURE (F)   29         3      1960


SUNRISE AND SUNSET
MARCH 25 2015.........SUNRISE   705 AM EDT   SUNSET   729 PM EDT
MARCH 26 2015.........SUNRISE   704 AM EDT   SUNSET   730 PM EDT


-  INDICATES NEGATIVE NUMBERS.
R  INDICATES RECORD WAS SET OR TIED.
MM INDICATES DATA IS MISSING.
T  INDICATES TRACE AMOUNT.




$$
