000
CDUS41 KBUF 190705
CLIROC


CLIMATE REPORT
NATIONAL WEATHER SERVICE BUFFALO NY
305 AM EDT SUN OCT 19 2014


...................................

...THE ROCHESTER NY CLIMATE SUMMARY FOR OCTOBER 18 2014...

CLIMATE NORMAL PERIOD 1981 TO 2010
CLIMATE RECORD PERIOD 1871 TO 2014


WEATHER ITEM   OBSERVED TIME   RECORD YEAR NORMAL DEPARTURE LAST
                VALUE   (LST)  VALUE       VALUE  FROM      YEAR
                                                  NORMAL
..................................................................
TEMPERATURE (F)
 YESTERDAY
  MAXIMUM         62   1237 AM  83    1947  59      3       61
  MINIMUM         42   1159 PM  23    1972  41      1       48
  AVERAGE         52                        50      2       55

PRECIPITATION (IN)
  YESTERDAY        0.07          1.16 1937   0.08  -0.01      T
  MONTH TO DATE    0.91                      1.61  -0.70     2.20
  SINCE SEP 1      2.24                      4.99  -2.75     4.61
  SINCE JAN 1     27.27                     27.59  -0.32    29.82

SNOWFALL (IN)
  YESTERDAY       MM             0.1  1972   0.0   MM        0.0
  MONTH TO DATE    0.0                       0.0    0.0      0.0
  SINCE SEP 1      0.0                       0.0    0.0      0.0
  SINCE JUL 1      0.0                       0.0    0.0      0.0
  SNOW DEPTH       0

DEGREE DAYS
 HEATING
  YESTERDAY       13                        15     -2       10
  MONTH TO DATE  153                       225    -72      108
  SINCE SEP 1    277                       372    -95      280
  SINCE JUL 1    302                       406   -104      298

 COOLING
  YESTERDAY        0                         0      0        0
  MONTH TO DATE    9                         0      9       10
  SINCE SEP 1     77                        50     27       69
  SINCE JAN 1    541                       534      7      660
..................................................................


WIND (MPH)
  HIGHEST WIND SPEED    23   HIGHEST WIND DIRECTION    SW (240)
  HIGHEST GUST SPEED    29   HIGHEST GUST DIRECTION    SW (240)
  AVERAGE WIND SPEED    12.4


SKY COVER
  AVERAGE SKY COVER 1.0


WEATHER CONDITIONS
 THE FOLLOWING WEATHER WAS RECORDED YESTERDAY.
  LIGHT RAIN
  FOG


RELATIVE HUMIDITY (PERCENT)
 HIGHEST    93           600 AM
 LOWEST     64           100 AM
 AVERAGE    79

..........................................................


THE ROCHESTER NY CLIMATE NORMALS FOR TODAY
                         NORMAL    RECORD    YEAR
 MAXIMUM TEMPERATURE (F)   58        81      1953
                                             1950
                                             1945
 MINIMUM TEMPERATURE (F)   41        22      1972


SUNRISE AND SUNSET
OCTOBER 19 2014.......SUNRISE   729 AM EDT   SUNSET   621 PM EDT
OCTOBER 20 2014.......SUNRISE   730 AM EDT   SUNSET   620 PM EDT


-  INDICATES NEGATIVE NUMBERS.
R  INDICATES RECORD WAS SET OR TIED.
MM INDICATES DATA IS MISSING.
T  INDICATES TRACE AMOUNT.




$$
