663
CDUS41 KBUF 150705
CLIROC


CLIMATE REPORT
NATIONAL WEATHER SERVICE BUFFALO NY
205 AM EST WED NOV 15 2017


...................................

...THE ROCHESTER NY CLIMATE SUMMARY FOR NOVEMBER 14 2017...

CLIMATE NORMAL PERIOD 1981 TO 2010
CLIMATE RECORD PERIOD 1871 TO 2017


WEATHER ITEM   OBSERVED TIME   RECORD YEAR NORMAL DEPARTURE LAST
                VALUE   (LST)  VALUE       VALUE  FROM      YEAR
                                                  NORMAL
..................................................................
TEMPERATURE (F)
 YESTERDAY
  MAXIMUM         42    341 PM  72    1994  49     -7       60
  MINIMUM         34   1149 PM  10    1905  34      0       37
  AVERAGE         38                        41     -3       49

PRECIPITATION (IN)
  YESTERDAY        T             1.13 1972   0.10  -0.10     0.00
  MONTH TO DATE    3.16                      1.33   1.83     1.03
  SINCE SEP 1     11.15                      7.43   3.72     8.59
  SINCE JAN 1     42.16                     30.03  12.13    26.24

SNOWFALL (IN)
  YESTERDAY       MM            10.6  1997   0.2   MM        0.0
  MONTH TO DATE    1.5                       2.1   -0.6      0.0
  SINCE SEP 1      1.5                       2.2   -0.7      0.9
  SINCE JUL 1      1.5                       2.2   -0.7      0.9
  SNOW DEPTH       0

DEGREE DAYS
 HEATING
  YESTERDAY       27                        24      3       16
  MONTH TO DATE  335                       303     32      226
  SINCE SEP 1    670                       902   -232      619
  SINCE JUL 1    697                       936   -239      619

 COOLING
  YESTERDAY        0                         0      0        0
  MONTH TO DATE    0                         0      0        0
  SINCE SEP 1    139                        55     84      127
  SINCE JAN 1    655                       539    116      978
..................................................................


WIND (MPH)
  HIGHEST WIND SPEED     8   HIGHEST WIND DIRECTION    NW (300)
  HIGHEST GUST SPEED    10   HIGHEST GUST DIRECTION     W (270)
  AVERAGE WIND SPEED     2.9


SKY COVER
  AVERAGE SKY COVER 1.0


WEATHER CONDITIONS
 THE FOLLOWING WEATHER WAS RECORDED YESTERDAY.
  LIGHT RAIN
  FOG


RELATIVE HUMIDITY (PERCENT)
 HIGHEST   100           100 AM
 LOWEST     79           400 PM
 AVERAGE    90

..........................................................


THE ROCHESTER NY CLIMATE NORMALS FOR TODAY
                         NORMAL    RECORD    YEAR
 MAXIMUM TEMPERATURE (F)   48        71      1928
 MINIMUM TEMPERATURE (F)   33        10      1933


SUNRISE AND SUNSET
NOVEMBER 15 2017......SUNRISE   704 AM EST   SUNSET   447 PM EST
NOVEMBER 16 2017......SUNRISE   705 AM EST   SUNSET   446 PM EST


-  INDICATES NEGATIVE NUMBERS.
R  INDICATES RECORD WAS SET OR TIED.
MM INDICATES DATA IS MISSING.
T  INDICATES TRACE AMOUNT.




$$
