000
CDUS41 KBUF 091028
CLIROC


CLIMATE REPORT
NATIONAL WEATHER SERVICE BUFFALO NY
527 AM EST TUE JAN 9 2018


...................................

...THE ROCHESTER NY CLIMATE SUMMARY FOR JANUARY 8 2018...

CLIMATE NORMAL PERIOD 1981 TO 2010
CLIMATE RECORD PERIOD 1871 TO 2018


WEATHER ITEM   OBSERVED TIME   RECORD YEAR NORMAL DEPARTURE LAST
                VALUE   (LST)  VALUE       VALUE  FROM      YEAR
                                                  NORMAL
..................................................................
TEMPERATURE (F)
 YESTERDAY
  MAXIMUM         38    313 PM  67    2008  32      6       18
  MINIMUM         30   1217 AM -10    1942  18     12        7
  AVERAGE         34                        25      9       13

PRECIPITATION (IN)
  YESTERDAY        0.03          1.58 1998   0.08  -0.05     0.12
  MONTH TO DATE    0.33                      0.65  -0.32     0.71
  SINCE DEC 1      2.57                      3.28  -0.71     3.62
  SINCE JAN 1      0.33                      0.65  -0.32     0.71

SNOWFALL (IN)
  YESTERDAY        0.4           9.2  1884   0.9   -0.5      3.0
  MONTH TO DATE   10.8                       7.0    3.8      4.1
  SINCE DEC 1     45.5                      28.8   16.7     33.4
  SINCE JUL 1     48.1                      36.2   11.9     49.3
  SNOW DEPTH       7

DEGREE DAYS
 HEATING
  YESTERDAY       31                        40     -9       52
  MONTH TO DATE  416                       316    100      323
  SINCE DEC 1   1618                      1401    217     1358
  SINCE JUL 1   2709                      2769    -60     2336

 COOLING
  YESTERDAY        0                         0      0        0
  MONTH TO DATE    0                         0      0        0
  SINCE DEC 1      0                         0      0        0
  SINCE JAN 1      0                         0      0        0
..................................................................


WIND (MPH)
  HIGHEST WIND SPEED    33   HIGHEST WIND DIRECTION     W (280)
  HIGHEST GUST SPEED    43   HIGHEST GUST DIRECTION     W (280)
  AVERAGE WIND SPEED    16.0


SKY COVER
  AVERAGE SKY COVER 1.0


WEATHER CONDITIONS
 THE FOLLOWING WEATHER WAS RECORDED YESTERDAY.
  LIGHT RAIN
  LIGHT SNOW
  FOG


RELATIVE HUMIDITY (PERCENT)
 HIGHEST    92          1100 AM
 LOWEST     40           800 AM
 AVERAGE    66

..........................................................


THE ROCHESTER NY CLIMATE NORMALS FOR TODAY
                         NORMAL    RECORD    YEAR
 MAXIMUM TEMPERATURE (F)   32        65      1937
 MINIMUM TEMPERATURE (F)   18        -8      1968


SUNRISE AND SUNSET
JANUARY  9 2018.......SUNRISE   742 AM EST   SUNSET   454 PM EST
JANUARY 10 2018.......SUNRISE   741 AM EST   SUNSET   455 PM EST


-  INDICATES NEGATIVE NUMBERS.
R  INDICATES RECORD WAS SET OR TIED.
MM INDICATES DATA IS MISSING.
T  INDICATES TRACE AMOUNT.

$$
