000
CDUS41 KBUF 162039
CLIROC


CLIMATE REPORT
NATIONAL WEATHER SERVICE BUFFALO NY
438 PM EDT SAT AUG 16 2014


...................................

...THE ROCHESTER NY CLIMATE SUMMARY FOR AUGUST 16 2014...
VALID TODAY AS OF 0400 PM LOCAL TIME.

CLIMATE NORMAL PERIOD 1981 TO 2010
CLIMATE RECORD PERIOD 1871 TO 2014


WEATHER ITEM   OBSERVED TIME   RECORD YEAR NORMAL DEPARTURE LAST
                VALUE   (LST)  VALUE       VALUE  FROM      YEAR
                                                  NORMAL
..................................................................
TEMPERATURE (F)
 TODAY
  MAXIMUM         70    101 PM  94    1913  79     -9       77
  MINIMUM         52    519 AM  47    1979  60     -8       52
                                      1945
                                      1885
  AVERAGE         61                        70     -9       65

PRECIPITATION (IN)
  TODAY            T             2.65 1879   0.12  -0.12     0.00
  MONTH TO DATE    2.01                      1.89   0.12     1.96
  SINCE JUN 1     11.77                      8.56   3.21    12.64
  SINCE JAN 1     24.77                     21.02   3.75    24.47

SNOWFALL (IN)
  TODAY            0.0           0.0    MM   0.0    0.0      0.0
  MONTH TO DATE    0.0                       0.0    0.0      0.0
  SINCE JUN 1      0.0                       0.0    0.0      0.0
  SINCE JUL 1      0.0                       0.0    0.0      0.0
  SNOW DEPTH       0

DEGREE DAYS
 HEATING
  TODAY            4                         1      3        0
  MONTH TO DATE   12                         6      6        9
  SINCE JUN 1     48                        86    -38       75
  SINCE JUL 1     19                        18      1       17

 COOLING
  TODAY            0                         5     -5        0
  MONTH TO DATE   57                        91    -34       48
  SINCE JUN 1    357                       390    -33      416
  SINCE JAN 1    396                       420    -24      487
..................................................................


WIND (MPH)
  HIGHEST WIND SPEED    20   HIGHEST WIND DIRECTION    SW (220)
  HIGHEST GUST SPEED    24   HIGHEST GUST DIRECTION    SW (220)
  AVERAGE WIND SPEED     8.9


SKY COVER
  AVERAGE SKY COVER 0.6


WEATHER CONDITIONS
 THE FOLLOWING WEATHER WAS RECORDED TODAY.
  LIGHT RAIN


RELATIVE HUMIDITY (PERCENT)
 HIGHEST    96           400 AM
 LOWEST     53           200 PM
 AVERAGE    75

..........................................................


THE ROCHESTER NY CLIMATE NORMALS FOR TOMORROW
                         NORMAL    RECORD    YEAR
 MAXIMUM TEMPERATURE (F)   79        94      1913
 MINIMUM TEMPERATURE (F)   60        46      1979


SUNRISE AND SUNSET
AUGUST 16 2014........SUNRISE   617 AM EDT   SUNSET   812 PM EDT
AUGUST 17 2014........SUNRISE   618 AM EDT   SUNSET   810 PM EDT


-  INDICATES NEGATIVE NUMBERS.
R  INDICATES RECORD WAS SET OR TIED.
MM INDICATES DATA IS MISSING.
T  INDICATES TRACE AMOUNT.




$$
