000
CDUS41 KBUF 130705
CLIROC


CLIMATE REPORT
NATIONAL WEATHER SERVICE BUFFALO NY
305 AM EDT SUN APR 13 2014


...................................

...THE ROCHESTER NY CLIMATE SUMMARY FOR APRIL 12 2014...

CLIMATE NORMAL PERIOD 1981 TO 2010
CLIMATE RECORD PERIOD 1871 TO 2014


WEATHER ITEM   OBSERVED TIME   RECORD YEAR NORMAL DEPARTURE LAST
                VALUE   (LST)  VALUE       VALUE  FROM      YEAR
                                                  NORMAL
..................................................................
TEMPERATURE (F)
 YESTERDAY
  MAXIMUM         63   1213 PM  85    1945  55      8       54
  MINIMUM         38    311 AM  20    1882  36      2       35
                                      1880
                                      1874
  AVERAGE         51                        45      6       45

PRECIPITATION (IN)
  YESTERDAY        0.00          1.33 1944   0.09  -0.09     0.78
  MONTH TO DATE    1.40                      1.14   0.26     2.37
  SINCE MAR 1      3.76                      3.64   0.12     3.22
  SINCE JAN 1      7.38                      8.00  -0.62     7.53

SNOWFALL (IN)
  YESTERDAY        0.0           2.9  1990   0.1   -0.1      0.0
  MONTH TO DATE    0.1                       2.4   -2.3      2.3
  SINCE MAR 1     29.4                      18.7   10.7     14.2
  SINCE JUL 1    112.5                      97.6   14.9     78.1
  SNOW DEPTH       0

DEGREE DAYS
 HEATING
  YESTERDAY       14                        20     -6       20
  MONTH TO DATE  267                       269     -2      284
  SINCE MAR 1   1415                      1221    194     1255
  SINCE JUL 1   6500                      6007    493     5563

 COOLING
  YESTERDAY        0                         0      0        0
  MONTH TO DATE    0                         0      0        0
  SINCE MAR 1      0                         0      0        0
  SINCE JAN 1      0                         0      0        0
..................................................................


WIND (MPH)
  HIGHEST WIND SPEED    17   HIGHEST WIND DIRECTION     E (80)
  HIGHEST GUST SPEED    21   HIGHEST GUST DIRECTION     E (70)
  AVERAGE WIND SPEED     7.5


SKY COVER
  AVERAGE SKY COVER 0.6


WEATHER CONDITIONS
 THE FOLLOWING WEATHER WAS RECORDED YESTERDAY.
  LIGHT RAIN


RELATIVE HUMIDITY (PERCENT)
 HIGHEST    92           600 AM
 LOWEST     43          1200 PM
 AVERAGE    68

..........................................................


THE ROCHESTER NY CLIMATE NORMALS FOR TODAY
                         NORMAL    RECORD    YEAR
 MAXIMUM TEMPERATURE (F)   55        86      1945
 MINIMUM TEMPERATURE (F)   36        20      1874


SUNRISE AND SUNSET
APRIL 13 2014.........SUNRISE   632 AM EDT   SUNSET   751 PM EDT
APRIL 14 2014.........SUNRISE   630 AM EDT   SUNSET   752 PM EDT


-  INDICATES NEGATIVE NUMBERS.
R  INDICATES RECORD WAS SET OR TIED.
MM INDICATES DATA IS MISSING.
T  INDICATES TRACE AMOUNT.




$$
