000
CDUS41 KBUF 270919
CLIROC


CLIMATE REPORT
NATIONAL WEATHER SERVICE BUFFALO NY
509 AM EDT SAT JUN 27 2015


...................................

...THE ROCHESTER NY CLIMATE SUMMARY FOR JUNE 26 2015...

CLIMATE NORMAL PERIOD 1981 TO 2010
CLIMATE RECORD PERIOD 1871 TO 2015


WEATHER ITEM   OBSERVED TIME   RECORD YEAR NORMAL DEPARTURE LAST
                VALUE   (LST)  VALUE       VALUE  FROM      YEAR
                                                  NORMAL
..................................................................
TEMPERATURE (F)
 YESTERDAY
  MAXIMUM         74    450 PM  96    1952  79     -5       79
  MINIMUM         60   1159 PM  43    1979  59      1       63
  AVERAGE         67                        69     -2       71

PRECIPITATION (IN)
  YESTERDAY        0.00          1.65 1998   0.12  -0.12     0.00
  MONTH TO DATE    4.47                      2.88   1.59     1.91
  SINCE JUN 1      4.47                      2.88   1.59     1.91
  SINCE JAN 1     16.17                     15.34   0.83    14.91

SNOWFALL (IN)
  YESTERDAY        0.0           0.0    MM   0.0    0.0      0.0
  MONTH TO DATE    0.0                       0.0    0.0      0.0
  SINCE JUN 1      0.0                       0.0    0.0      0.0
  SINCE JUL 1    101.9                      99.5    2.4    112.7
  SNOW DEPTH       0

DEGREE DAYS
 HEATING
  YESTERDAY        0                         1     -1        0
  MONTH TO DATE   48                        65    -17       29
  SINCE JUN 1     48                        65    -17       29
  SINCE JUL 1   6862                      6643    219     7015

 COOLING
  YESTERDAY        2                         5     -3        6
  MONTH TO DATE   89                        84      5      102
  SINCE JUN 1     89                        84      5      102
  SINCE JAN 1    192                       114     78      141
..................................................................


WIND (MPH)
  HIGHEST WIND SPEED    18   HIGHEST WIND DIRECTION    NE (50)
  HIGHEST GUST SPEED    25   HIGHEST GUST DIRECTION    NE (60)
  AVERAGE WIND SPEED     8.4


SKY COVER
  AVERAGE SKY COVER 0.7


WEATHER CONDITIONS
 THE FOLLOWING WEATHER WAS RECORDED YESTERDAY.
  NO SIGNIFICANT WEATHER WAS OBSERVED.


RELATIVE HUMIDITY (PERCENT)
 HIGHEST    90           400 AM
 LOWEST     33           300 PM
 AVERAGE    62

..........................................................


THE ROCHESTER NY CLIMATE NORMALS FOR TODAY
                         NORMAL    RECORD    YEAR
 MAXIMUM TEMPERATURE (F)   80        96      1944
 MINIMUM TEMPERATURE (F)   59        47      1927


SUNRISE AND SUNSET
JUNE 27 2015..........SUNRISE   533 AM EDT   SUNSET   854 PM EDT
JUNE 28 2015..........SUNRISE   533 AM EDT   SUNSET   854 PM EDT


-  INDICATES NEGATIVE NUMBERS.
R  INDICATES RECORD WAS SET OR TIED.
MM INDICATES DATA IS MISSING.
T  INDICATES TRACE AMOUNT.




$$
