317
CDUS41 KBUF 251009
CLIROC


CLIMATE REPORT
NATIONAL WEATHER SERVICE BUFFALO NY
608 AM EDT MON JUL 25 2016


...................................

...THE ROCHESTER NY CLIMATE SUMMARY FOR JULY 24 2016...

CLIMATE NORMAL PERIOD 1981 TO 2010
CLIMATE RECORD PERIOD 1871 TO 2016


WEATHER ITEM   OBSERVED TIME   RECORD YEAR NORMAL DEPARTURE LAST
                VALUE   (LST)  VALUE       VALUE  FROM      YEAR
                                                  NORMAL
..................................................................
TEMPERATURE (F)
 YESTERDAY
  MAXIMUM         88   1223 PM  97    1941  81      7       83
  MINIMUM         63    524 AM  47    1985  61      2       55
  AVERAGE         76                        71      5       69

PRECIPITATION (IN)
  YESTERDAY        0.00          1.18 1971   0.11  -0.11     0.00
  MONTH TO DATE    0.92                      2.54  -1.62     2.40
  SINCE JUN 1      1.83                      5.88  -4.05     8.60
  SINCE JAN 1     13.44                     18.34  -4.90    20.30

SNOWFALL (IN)
  YESTERDAY        0.0           0.0    MM   0.0    0.0      0.0
  MONTH TO DATE    0.0                       0.0    0.0      0.0
  SINCE JUN 1      0.0                       0.0    0.0      0.0
  SINCE JUL 1      0.0                       0.0    0.0      0.0
  SNOW DEPTH       0

DEGREE DAYS
 HEATING
  YESTERDAY        0                         0      0        0
  MONTH TO DATE    0                         6     -6       11
  SINCE JUN 1     47                        74    -27       68
  SINCE JUL 1      0                         6     -6       11

 COOLING
  YESTERDAY       11                         6      5        4
  MONTH TO DATE  234                       144     90      123
  SINCE JUN 1    363                       250    113      217
  SINCE JAN 1    425                       280    145      320
..................................................................


WIND (MPH)
  HIGHEST WIND SPEED    14   HIGHEST WIND DIRECTION    NE (40)
  HIGHEST GUST SPEED    16   HIGHEST GUST DIRECTION    NE (40)
  AVERAGE WIND SPEED     4.8


SKY COVER
  AVERAGE SKY COVER 0.6


WEATHER CONDITIONS
 THE FOLLOWING WEATHER WAS RECORDED YESTERDAY.
  NO SIGNIFICANT WEATHER WAS OBSERVED.


RELATIVE HUMIDITY (PERCENT)
 HIGHEST    87           500 AM
 LOWEST     40           100 PM
 AVERAGE    64

..........................................................


THE ROCHESTER NY CLIMATE NORMALS FOR TODAY
                         NORMAL    RECORD    YEAR
 MAXIMUM TEMPERATURE (F)   81        98      1941
 MINIMUM TEMPERATURE (F)   61        48      1953


SUNRISE AND SUNSET
JULY 25 2016..........SUNRISE   555 AM EDT   SUNSET   839 PM EDT
JULY 26 2016..........SUNRISE   556 AM EDT   SUNSET   838 PM EDT


-  INDICATES NEGATIVE NUMBERS.
R  INDICATES RECORD WAS SET OR TIED.
MM INDICATES DATA IS MISSING.
T  INDICATES TRACE AMOUNT.

$$
