000
CDUS41 KBUF 221016
CLIROC


CLIMATE REPORT
NATIONAL WEATHER SERVICE BUFFALO NY
615 AM EDT FRI APR 22 2016


...................................

...THE ROCHESTER NY CLIMATE SUMMARY FOR APRIL 21 2016...

CLIMATE NORMAL PERIOD 1981 TO 2010
CLIMATE RECORD PERIOD 1871 TO 2016


WEATHER ITEM   OBSERVED TIME   RECORD YEAR NORMAL DEPARTURE LAST
                VALUE   (LST)  VALUE       VALUE  FROM      YEAR
                                                  NORMAL
..................................................................
TEMPERATURE (F)
 YESTERDAY
  MAXIMUM         77    133 PM  87    1973  59     18       57
  MINIMUM         37    259 AM  20    1875  39     -2       43
  AVERAGE         57                        49      8       50

PRECIPITATION (IN)
  YESTERDAY        0.03          1.79 1991   0.08  -0.05      T
  MONTH TO DATE    0.90                      1.95  -1.05     2.60
  SINCE MAR 1      2.72                      4.45  -1.73     3.94
  SINCE JAN 1      8.02                      8.81  -0.79     8.19

SNOWFALL (IN)
  YESTERDAY        0.0           1.5  1978   0.1   -0.1      0.0
  MONTH TO DATE    8.8                       3.5    5.3       T
  SINCE MAR 1     12.0                      19.8   -7.8     12.8
  SINCE JUL 1     63.7                      98.7  -35.0    101.4
  SNOW DEPTH       0

DEGREE DAYS
 HEATING
  YESTERDAY        8                        17     -9       15
  MONTH TO DATE  501                       432     69      340
  SINCE MAR 1   1263                      1384   -121     1418
  SINCE JUL 1   5180                      6170   -990     6512

 COOLING
  YESTERDAY        0                         0      0        0
  MONTH TO DATE    0                         0      0        0
  SINCE MAR 1      0                         0      0        0
  SINCE JAN 1      0                         0      0        0
..................................................................


WIND (MPH)
  HIGHEST WIND SPEED    25   HIGHEST WIND DIRECTION     W (290)
  HIGHEST GUST SPEED    30   HIGHEST GUST DIRECTION     W (280)
  AVERAGE WIND SPEED     6.8


SKY COVER
  AVERAGE SKY COVER 0.8


WEATHER CONDITIONS
 THE FOLLOWING WEATHER WAS RECORDED YESTERDAY.
  LIGHT RAIN


RELATIVE HUMIDITY (PERCENT)
 HIGHEST    78          1000 PM
 LOWEST     19           100 PM
 AVERAGE    49

..........................................................


THE ROCHESTER NY CLIMATE NORMALS FOR TODAY
                         NORMAL    RECORD    YEAR
 MAXIMUM TEMPERATURE (F)   59        84      1985
                                             1902
 MINIMUM TEMPERATURE (F)   39        26      1975
                                             1875


SUNRISE AND SUNSET
APRIL 22 2016.........SUNRISE   617 AM EDT   SUNSET   802 PM EDT
APRIL 23 2016.........SUNRISE   615 AM EDT   SUNSET   803 PM EDT


-  INDICATES NEGATIVE NUMBERS.
R  INDICATES RECORD WAS SET OR TIED.
MM INDICATES DATA IS MISSING.
T  INDICATES TRACE AMOUNT.

$$
