000
CDUS41 KBUF 190706
CLIROC


CLIMATE REPORT
NATIONAL WEATHER SERVICE BUFFALO NY
305 AM EDT FRI AUG 19 2016


...................................

...THE ROCHESTER NY CLIMATE SUMMARY FOR AUGUST 18 2016...

CLIMATE NORMAL PERIOD 1981 TO 2010
CLIMATE RECORD PERIOD 1871 TO 2016


WEATHER ITEM   OBSERVED TIME   RECORD YEAR NORMAL DEPARTURE LAST
                VALUE   (LST)  VALUE       VALUE  FROM      YEAR
                                                  NORMAL
..................................................................
TEMPERATURE (F)
 YESTERDAY
  MAXIMUM         82    428 PM  93    1947  79      3       86
  MINIMUM         66   1159 PM  46    1958  60      6       68
                                      1941
  AVERAGE         74                        69      5       77

PRECIPITATION (IN)
  YESTERDAY        T             1.38 1998   0.12  -0.12      T
  MONTH TO DATE    1.81                      2.12  -0.31     2.71
  SINCE JUN 1      3.94                      8.79  -4.85    12.47
  SINCE JAN 1     15.55                     21.25  -5.70    24.17

SNOWFALL (IN)
  YESTERDAY        0.0           0.0    MM   0.0    0.0      0.0
  MONTH TO DATE    0.0                       0.0    0.0      0.0
  SINCE JUN 1      0.0                       0.0    0.0      0.0
  SINCE JUL 1      0.0                       0.0    0.0      0.0
  SNOW DEPTH       0

DEGREE DAYS
 HEATING
  YESTERDAY        0                         1     -1        0
  MONTH TO DATE    0                         8     -8        1
  SINCE JUN 1     47                        88    -41       69
  SINCE JUL 1      0                        20    -20       12

 COOLING
  YESTERDAY        9                         5      4       12
  MONTH TO DATE  229                       101    128      101
  SINCE JUN 1    671                       400    271      395
  SINCE JAN 1    733                       430    303      498
..................................................................


WIND (MPH)
  HIGHEST WIND SPEED    15   HIGHEST WIND DIRECTION     N (360)
  HIGHEST GUST SPEED    21   HIGHEST GUST DIRECTION     N (10)
  AVERAGE WIND SPEED     6.5


SKY COVER
  AVERAGE SKY COVER 0.7


WEATHER CONDITIONS
 THE FOLLOWING WEATHER WAS RECORDED YESTERDAY.
  LIGHT RAIN


RELATIVE HUMIDITY (PERCENT)
 HIGHEST    93          1100 PM
 LOWEST     55           300 PM
 AVERAGE    74

..........................................................


THE ROCHESTER NY CLIMATE NORMALS FOR TODAY
                         NORMAL    RECORD    YEAR
 MAXIMUM TEMPERATURE (F)   79        94      1936
 MINIMUM TEMPERATURE (F)   59        46      1977


SUNRISE AND SUNSET
AUGUST 19 2016........SUNRISE   621 AM EDT   SUNSET   806 PM EDT
AUGUST 20 2016........SUNRISE   622 AM EDT   SUNSET   805 PM EDT


-  INDICATES NEGATIVE NUMBERS.
R  INDICATES RECORD WAS SET OR TIED.
MM INDICATES DATA IS MISSING.
T  INDICATES TRACE AMOUNT.




$$
