000
CDUS41 KBUF 260706
CLIROC


CLIMATE REPORT
NATIONAL WEATHER SERVICE BUFFALO NY
305 AM EDT TUE MAY 26 2015


...................................

...THE ROCHESTER NY CLIMATE SUMMARY FOR MAY 25 2015...

CLIMATE NORMAL PERIOD 1981 TO 2010
CLIMATE RECORD PERIOD 1871 TO 2015


WEATHER ITEM   OBSERVED TIME   RECORD YEAR NORMAL DEPARTURE LAST
                VALUE   (LST)  VALUE       VALUE  FROM      YEAR
                                                  NORMAL
..................................................................
TEMPERATURE (F)
 YESTERDAY
  MAXIMUM         87   1155 AM  88    2012  70     17       78
                                      2007
                                      1904
  MINIMUM         61    517 AM  32    1956  49     12       49
  AVERAGE         74                        60     14       64

PRECIPITATION (IN)
  YESTERDAY        0.15          1.74 1943   0.09   0.06     0.00
  MONTH TO DATE    1.13                      2.31  -1.18     3.17
  SINCE MAR 1      5.17                      7.54  -2.37     9.38
  SINCE JAN 1      9.42                     11.90  -2.48    13.00

SNOWFALL (IN)
  YESTERDAY        0.0           0.0    MM   0.0    0.0      0.0
  MONTH TO DATE    0.0                       0.4   -0.4       T
  SINCE MAR 1     13.3                      20.6   -7.3     29.6
  SINCE JUL 1    101.9                      99.5    2.4    112.7
  SNOW DEPTH       0

DEGREE DAYS
 HEATING
  YESTERDAY        0                         7     -7        1
  MONTH TO DATE  119                       242   -123      172
  SINCE MAR 1   1711                      1759    -48     1882
  SINCE JUL 1   6805                      6545    260     6967

 COOLING
  YESTERDAY        9                         1      8        0
  MONTH TO DATE   64                        16     48       25
  SINCE MAR 1     64                        20     44       26
  SINCE JAN 1     64                        20     44       26
..................................................................


WIND (MPH)
  HIGHEST WIND SPEED    21   HIGHEST WIND DIRECTION     W (270)
  HIGHEST GUST SPEED    27   HIGHEST GUST DIRECTION     W (260)
  AVERAGE WIND SPEED     8.6


SKY COVER
  AVERAGE SKY COVER 0.9


WEATHER CONDITIONS
 THE FOLLOWING WEATHER WAS RECORDED YESTERDAY.
  LIGHT RAIN
  FOG


RELATIVE HUMIDITY (PERCENT)
 HIGHEST    90           900 PM
 LOWEST     31          1200 PM
 AVERAGE    61

..........................................................


THE ROCHESTER NY CLIMATE NORMALS FOR TODAY
                         NORMAL    RECORD    YEAR
 MAXIMUM TEMPERATURE (F)   71        90      1944
 MINIMUM TEMPERATURE (F)   50        36      1879


SUNRISE AND SUNSET
MAY 26 2015...........SUNRISE   538 AM EDT   SUNSET   838 PM EDT
MAY 27 2015...........SUNRISE   537 AM EDT   SUNSET   839 PM EDT


-  INDICATES NEGATIVE NUMBERS.
R  INDICATES RECORD WAS SET OR TIED.
MM INDICATES DATA IS MISSING.
T  INDICATES TRACE AMOUNT.




$$
