000
CDUS41 KBUF 310705
CLIROC


CLIMATE REPORT
NATIONAL WEATHER SERVICE BUFFALO NY
305 AM EDT FRI JUL 31 2015


...................................

...THE ROCHESTER NY CLIMATE SUMMARY FOR JULY 30 2015...

CLIMATE NORMAL PERIOD 1981 TO 2010
CLIMATE RECORD PERIOD 1871 TO 2015


WEATHER ITEM   OBSERVED TIME   RECORD YEAR NORMAL DEPARTURE LAST
                VALUE   (LST)  VALUE       VALUE  FROM      YEAR
                                                  NORMAL
..................................................................
TEMPERATURE (F)
 YESTERDAY
  MAXIMUM         85    257 PM  96    1933  81      4       74
  MINIMUM         68   1159 PM  45    1968  61      7       57
  AVERAGE         77                        71      6       66

PRECIPITATION (IN)
  YESTERDAY        0.17          1.86 1911   0.11   0.06     0.01
  MONTH TO DATE    3.42                      3.22   0.20     7.52
  SINCE JUN 1      9.62                      6.56   3.06     9.58
  SINCE JAN 1     21.32                     19.02   2.30    22.58

SNOWFALL (IN)
  YESTERDAY        0.0           0.0    MM   0.0    0.0      0.0
  MONTH TO DATE    0.0                       0.0    0.0      0.0
  SINCE JUN 1      0.0                       0.0    0.0      0.0
  SINCE JUL 1      0.0                       0.0    0.0      0.0
  SNOW DEPTH       0

DEGREE DAYS
 HEATING
  YESTERDAY        0                         0      0        0
  MONTH TO DATE   11                         6      5        7
  SINCE JUN 1     68                        74     -6       36
  SINCE JUL 1     11                         6      5        7

 COOLING
  YESTERDAY       12                         6      6        1
  MONTH TO DATE  191                       180     11      147
  SINCE JUN 1    285                       286     -1      297
  SINCE JAN 1    388                       316     72      336
..................................................................


WIND (MPH)
  HIGHEST WIND SPEED    22   HIGHEST WIND DIRECTION     W (260)
  HIGHEST GUST SPEED    30   HIGHEST GUST DIRECTION     W (270)
  AVERAGE WIND SPEED    11.4


SKY COVER
  AVERAGE SKY COVER 0.7


WEATHER CONDITIONS
 THE FOLLOWING WEATHER WAS RECORDED YESTERDAY.
  HEAVY RAIN
  LIGHT RAIN
  FOG


RELATIVE HUMIDITY (PERCENT)
 HIGHEST    87           800 AM
 LOWEST     40           200 PM
 AVERAGE    64

..........................................................


THE ROCHESTER NY CLIMATE NORMALS FOR TODAY
                         NORMAL    RECORD    YEAR
 MAXIMUM TEMPERATURE (F)   81        98      1933
 MINIMUM TEMPERATURE (F)   61        47      1891


SUNRISE AND SUNSET
JULY 31 2015..........SUNRISE   600 AM EDT   SUNSET   834 PM EDT
AUGUST  1 2015........SUNRISE   601 AM EDT   SUNSET   832 PM EDT


-  INDICATES NEGATIVE NUMBERS.
R  INDICATES RECORD WAS SET OR TIED.
MM INDICATES DATA IS MISSING.
T  INDICATES TRACE AMOUNT.




$$
