000
CDUS41 KBUF 121017
CLIROC


CLIMATE REPORT
NATIONAL WEATHER SERVICE BUFFALO NY
517 AM EST FRI JAN 12 2018


...................................

...THE ROCHESTER NY CLIMATE SUMMARY FOR JANUARY 11 2018...

CLIMATE NORMAL PERIOD 1981 TO 2010
CLIMATE RECORD PERIOD 1871 TO 2018


WEATHER ITEM   OBSERVED TIME   RECORD YEAR NORMAL DEPARTURE LAST
                VALUE   (LST)  VALUE       VALUE  FROM      YEAR
                                                  NORMAL
..................................................................
TEMPERATURE (F)
 YESTERDAY
  MAXIMUM         60    425 PM  63    1975  32     28       52
  MINIMUM         44   1253 AM -14    1981  18     26       38
  AVERAGE         52                        25     27       45

PRECIPITATION (IN)
  YESTERDAY        0.29          2.11 1878   0.08   0.21     0.05
  MONTH TO DATE    0.63                      0.90  -0.27     0.87
  SINCE DEC 1      2.87                      3.53  -0.66     3.78
  SINCE JAN 1      0.63                      0.90  -0.27     0.87

SNOWFALL (IN)
  YESTERDAY        0.0          10.2  1982   0.9   -0.9      0.0
  MONTH TO DATE   10.9                       9.8    1.1      4.4
  SINCE DEC 1     45.6                      31.6   14.0     33.7
  SINCE JUL 1     48.2                      39.0    9.2     49.6
  SNOW DEPTH       3

DEGREE DAYS
 HEATING
  YESTERDAY       13                        40    -27       20
  MONTH TO DATE  492                       436     56      425
  SINCE DEC 1   1694                      1521    173     1460
  SINCE JUL 1   2785                      2889   -104     2438

 COOLING
  YESTERDAY        0                         0      0        0
  MONTH TO DATE    0                         0      0        0
  SINCE DEC 1      0                         0      0        0
  SINCE JAN 1      0                         0      0        0
..................................................................


WIND (MPH)
  HIGHEST WIND SPEED    28   HIGHEST WIND DIRECTION     S (200)
  HIGHEST GUST SPEED    37   HIGHEST GUST DIRECTION     S (200)
  AVERAGE WIND SPEED    14.2


SKY COVER
  AVERAGE SKY COVER 1.0


WEATHER CONDITIONS
 THE FOLLOWING WEATHER WAS RECORDED YESTERDAY.
  RAIN
  LIGHT RAIN


RELATIVE HUMIDITY (PERCENT)
 HIGHEST    86           900 PM
 LOWEST     57           200 PM
 AVERAGE    72

..........................................................


THE ROCHESTER NY CLIMATE NORMALS FOR TODAY
                         NORMAL    RECORD    YEAR
 MAXIMUM TEMPERATURE (F)   32        58      2013
 MINIMUM TEMPERATURE (F)   18       -15      1982
                                             1981


SUNRISE AND SUNSET
JANUARY 12 2018.......SUNRISE   741 AM EST   SUNSET   458 PM EST
JANUARY 13 2018.......SUNRISE   740 AM EST   SUNSET   459 PM EST


-  INDICATES NEGATIVE NUMBERS.
R  INDICATES RECORD WAS SET OR TIED.
MM INDICATES DATA IS MISSING.
T  INDICATES TRACE AMOUNT.




$$
