000
CDUS41 KBUF 142038
CLIROC


CLIMATE REPORT
NATIONAL WEATHER SERVICE BUFFALO NY
438 PM EDT SUN AUG 14 2016


...................................

...THE ROCHESTER NY CLIMATE SUMMARY FOR AUGUST 14 2016...
VALID TODAY AS OF 0400 PM LOCAL TIME.

CLIMATE NORMAL PERIOD 1981 TO 2010
CLIMATE RECORD PERIOD 1871 TO 2016


WEATHER ITEM   OBSERVED TIME   RECORD YEAR NORMAL DEPARTURE LAST
                VALUE   (LST)  VALUE       VALUE  FROM      YEAR
                                                  NORMAL
..................................................................
TEMPERATURE (F)
 TODAY
  MAXIMUM         84    109 PM  97    2002  80      4       82
  MINIMUM         74    256 AM  46    1964  60     14       64
  AVERAGE         79                        70      9       73

PRECIPITATION (IN)
  TODAY            0.01          1.21 2011   0.12  -0.11     0.11
  MONTH TO DATE    0.69                      1.65  -0.96     2.62
  SINCE JUN 1      2.82                      8.32  -5.50    12.38
  SINCE JAN 1     14.43                     20.78  -6.35    24.08

SNOWFALL (IN)
  TODAY            0.0           0.0    MM   0.0    0.0      0.0
  MONTH TO DATE    0.0                       0.0    0.0      0.0
  SINCE JUN 1      0.0                       0.0    0.0      0.0
  SINCE JUL 1      0.0                       0.0    0.0      0.0
  SNOW DEPTH      MM

DEGREE DAYS
 HEATING
  TODAY            0                         1     -1        0
  MONTH TO DATE    0                         4     -4        1
  SINCE JUN 1     47                        84    -37       69
  SINCE JUL 1      0                        16    -16       12

 COOLING
  TODAY           14                         5      9        8
  MONTH TO DATE  189                        81    108       55
  SINCE JUN 1    631                       380    251      349
  SINCE JAN 1    693                       410    283      452
..................................................................


WIND (MPH)
  HIGHEST WIND SPEED    15   HIGHEST WIND DIRECTION    NW (320)
  HIGHEST GUST SPEED    21   HIGHEST GUST DIRECTION    NW (310)
  AVERAGE WIND SPEED     9.6


SKY COVER
  AVERAGE SKY COVER 0.7


WEATHER CONDITIONS
 THE FOLLOWING WEATHER WAS RECORDED TODAY.
  LIGHT RAIN


RELATIVE HUMIDITY (PERCENT)
 HIGHEST    94           400 AM
 LOWEST     55           100 PM
 AVERAGE    75

..........................................................


THE ROCHESTER NY CLIMATE NORMALS FOR TOMORROW
                         NORMAL    RECORD    YEAR
 MAXIMUM TEMPERATURE (F)   79        96      1959
 MINIMUM TEMPERATURE (F)   60        47      1964


SUNRISE AND SUNSET
AUGUST 14 2016........SUNRISE   616 AM EDT   SUNSET   814 PM EDT
AUGUST 15 2016........SUNRISE   617 AM EDT   SUNSET   812 PM EDT


-  INDICATES NEGATIVE NUMBERS.
R  INDICATES RECORD WAS SET OR TIED.
MM INDICATES DATA IS MISSING.
T  INDICATES TRACE AMOUNT.




$$
