000
CDUS41 KBUF 142147
CLIROC


CLIMATE REPORT
NATIONAL WEATHER SERVICE BUFFALO NY
445 PM EST SUN DEC 14 2014


...................................

...THE ROCHESTER NY CLIMATE SUMMARY FOR DECEMBER 14 2014...
VALID TODAY AS OF 0400 PM LOCAL TIME.

CLIMATE NORMAL PERIOD 1981 TO 2010
CLIMATE RECORD PERIOD 1871 TO 2014


WEATHER ITEM   OBSERVED TIME   RECORD YEAR NORMAL DEPARTURE LAST
                VALUE   (LST)  VALUE       VALUE  FROM      YEAR
                                                  NORMAL
..................................................................
TEMPERATURE (F)
 TODAY
  MAXIMUM         38    256 PM  62    1901  37      1       26
  MINIMUM         35    608 AM  -4    1989  24     11        9
  AVERAGE         37                        30      7       18

PRECIPITATION (IN)
  TODAY            0.01          1.49 1901   0.08  -0.07     0.25
  MONTH TO DATE    1.49                      1.26   0.23     0.80
  SINCE DEC 1      1.49                      1.26   0.23     0.80
  SINCE JAN 1     32.15                     32.90  -0.75    34.55

SNOWFALL (IN)
  TODAY            0.0           7.5  2003   0.7   -0.7      4.5
  MONTH TO DATE   11.6                       8.6    3.0     12.6
  SINCE DEC 1     11.6                       8.6    3.0     12.6
  SINCE JUL 1     20.7                      16.0    4.7     26.1
  SNOW DEPTH       6

DEGREE DAYS
 HEATING
  TODAY           28                        35     -7       47
  MONTH TO DATE  442                       455    -13      491
  SINCE DEC 1    442                       455    -13      491
  SINCE JUL 1   1722                      1823   -101     1863

 COOLING
  TODAY            0                         0      0        0
  MONTH TO DATE    0                         0      0        0
  SINCE DEC 1      0                         0      0        0
  SINCE JAN 1    542                       539      3      660
..................................................................


WIND (MPH)
  HIGHEST WIND SPEED    13   HIGHEST WIND DIRECTION    NW (310)
  HIGHEST GUST SPEED    15   HIGHEST GUST DIRECTION    NW (300)
  AVERAGE WIND SPEED     6.4


SKY COVER
  AVERAGE SKY COVER 1.0


WEATHER CONDITIONS
 THE FOLLOWING WEATHER WAS RECORDED TODAY.
  LIGHT RAIN
  FOG


RELATIVE HUMIDITY (PERCENT)
 HIGHEST   100           700 AM
 LOWEST     85           900 AM
 AVERAGE    93

..........................................................


THE ROCHESTER NY CLIMATE NORMALS FOR TOMORROW
                         NORMAL    RECORD    YEAR
 MAXIMUM TEMPERATURE (F)   36        60      1975
 MINIMUM TEMPERATURE (F)   24        -4      1943


SUNRISE AND SUNSET
DECEMBER 14 2014......SUNRISE   735 AM EST   SUNSET   436 PM EST
DECEMBER 15 2014......SUNRISE   735 AM EST   SUNSET   436 PM EST


-  INDICATES NEGATIVE NUMBERS.
R  INDICATES RECORD WAS SET OR TIED.
MM INDICATES DATA IS MISSING.
T  INDICATES TRACE AMOUNT.




$$
