000
CDUS41 KBUF 192100
CLIROC


CLIMATE REPORT
NATIONAL WEATHER SERVICE BUFFALO NY
459 PM EDT TUE JUL 19 2016


...................................

...THE ROCHESTER NY CLIMATE SUMMARY FOR JULY 19 2016...
VALID TODAY AS OF 0400 PM LOCAL TIME.

CLIMATE NORMAL PERIOD 1981 TO 2010
CLIMATE RECORD PERIOD 1871 TO 2016


WEATHER ITEM   OBSERVED TIME   RECORD YEAR NORMAL DEPARTURE LAST
                VALUE   (LST)  VALUE       VALUE  FROM      YEAR
                                                  NORMAL
..................................................................
TEMPERATURE (F)
 TODAY
  MAXIMUM         80    309 PM  95    1978  81     -1       89
  MINIMUM         57    522 AM  50    1956  61     -4       72
  AVERAGE         69                        71     -2       81

PRECIPITATION (IN)
  TODAY            0.00          1.30 1951   0.11  -0.11      T
  MONTH TO DATE    0.92                      1.99  -1.07     2.37
  SINCE JUN 1      1.83                      5.33  -3.50     8.57
  SINCE JAN 1     13.44                     17.79  -4.35    20.27

SNOWFALL (IN)
  TODAY            0.0           0.0    MM   0.0    0.0      0.0
  MONTH TO DATE    0.0                       0.0    0.0      0.0
  SINCE JUN 1      0.0                       0.0    0.0      0.0
  SINCE JUL 1      0.0                       0.0    0.0      0.0
  SNOW DEPTH       0

DEGREE DAYS
 HEATING
  TODAY            0                         0      0        0
  MONTH TO DATE    0                         6     -6       11
  SINCE JUN 1     47                        74    -27       68
  SINCE JUL 1      0                         6     -6       11

 COOLING
  TODAY            4                         6     -2       16
  MONTH TO DATE  178                       114     64      100
  SINCE JUN 1    307                       220     87      194
  SINCE JAN 1    369                       250    119      297
..................................................................


WIND (MPH)
  HIGHEST WIND SPEED    23   HIGHEST WIND DIRECTION    NW (320)
  HIGHEST GUST SPEED    30   HIGHEST GUST DIRECTION     N (340)
  AVERAGE WIND SPEED     8.6


SKY COVER
  AVERAGE SKY COVER 0.3


WEATHER CONDITIONS
 THE FOLLOWING WEATHER WAS RECORDED TODAY.
  NO SIGNIFICANT WEATHER WAS OBSERVED.


RELATIVE HUMIDITY (PERCENT)
 HIGHEST    86           500 AM
 LOWEST     32          1200 PM
 AVERAGE    59

..........................................................


THE ROCHESTER NY CLIMATE NORMALS FOR TOMORROW
                         NORMAL    RECORD    YEAR
 MAXIMUM TEMPERATURE (F)   81        99      1894
 MINIMUM TEMPERATURE (F)   61        46      1965


SUNRISE AND SUNSET
JULY 19 2016..........SUNRISE   549 AM EDT   SUNSET   845 PM EDT
JULY 20 2016..........SUNRISE   550 AM EDT   SUNSET   844 PM EDT


-  INDICATES NEGATIVE NUMBERS.
R  INDICATES RECORD WAS SET OR TIED.
MM INDICATES DATA IS MISSING.
T  INDICATES TRACE AMOUNT.




$$
