000
CDUS41 KBUF 250705
CLIROC


CLIMATE REPORT
NATIONAL WEATHER SERVICE BUFFALO NY
205 AM EST SUN JAN 25 2015


...................................

...THE ROCHESTER NY CLIMATE SUMMARY FOR JANUARY 24 2015...

CLIMATE NORMAL PERIOD 1981 TO 2010
CLIMATE RECORD PERIOD 1871 TO 2015


WEATHER ITEM   OBSERVED TIME   RECORD YEAR NORMAL DEPARTURE LAST
                VALUE   (LST)  VALUE       VALUE  FROM      YEAR
                                                  NORMAL
..................................................................
TEMPERATURE (F)
 YESTERDAY
  MAXIMUM         33   1159 PM  64    1909  31      2       18
  MINIMUM         17    507 AM -10    1963  17      0        0
  AVERAGE         25                        24      1        9

PRECIPITATION (IN)
  YESTERDAY        T             0.68 1884   0.08  -0.08      T
  MONTH TO DATE    1.37                      1.91  -0.54     1.12
  SINCE DEC 1      3.68                      4.54  -0.86     4.11
  SINCE JAN 1      1.37                      1.91  -0.54     1.12

SNOWFALL (IN)
  YESTERDAY       MM             6.8  1884   0.9   MM         T
  MONTH TO DATE   12.3                      22.0   -9.7     17.4
  SINCE DEC 1     28.9                      43.8  -14.9     39.9
  SINCE JUL 1     38.0                      51.2  -13.2     53.4
  SNOW DEPTH       1

DEGREE DAYS
 HEATING
  YESTERDAY       40                        41     -1       56
  MONTH TO DATE 1062                       967     95     1034
  SINCE DEC 1   2002                      2052    -50     2159
  SINCE JUL 1   3282                      3420   -138     3531

 COOLING
  YESTERDAY        0                         0      0        0
  MONTH TO DATE    0                         0      0        0
  SINCE DEC 1      0                         0      0        0
  SINCE JAN 1      0                         0      0        0
..................................................................


WIND (MPH)
  HIGHEST WIND SPEED    20   HIGHEST WIND DIRECTION     W (260)
  HIGHEST GUST SPEED    27   HIGHEST GUST DIRECTION     W (260)
  AVERAGE WIND SPEED    10.2


SKY COVER
  AVERAGE SKY COVER 0.9


WEATHER CONDITIONS
 THE FOLLOWING WEATHER WAS RECORDED YESTERDAY.
  LT FREEZING RAIN
  LIGHT SNOW
  FOG
  HAZE


RELATIVE HUMIDITY (PERCENT)
 HIGHEST    92           500 AM
 LOWEST     68           200 AM
 AVERAGE    80

..........................................................


THE ROCHESTER NY CLIMATE NORMALS FOR TODAY
                         NORMAL    RECORD    YEAR
 MAXIMUM TEMPERATURE (F)   31        74      1950
 MINIMUM TEMPERATURE (F)   17        -7      1945


SUNRISE AND SUNSET
JANUARY 25 2015.......SUNRISE   733 AM EST   SUNSET   513 PM EST
JANUARY 26 2015.......SUNRISE   732 AM EST   SUNSET   515 PM EST


-  INDICATES NEGATIVE NUMBERS.
R  INDICATES RECORD WAS SET OR TIED.
MM INDICATES DATA IS MISSING.
T  INDICATES TRACE AMOUNT.




$$
