319
CDUS41 KBUF 122047
CLIROC


CLIMATE REPORT
NATIONAL WEATHER SERVICE BUFFALO NY
447 PM EDT TUE MAY 12 2015


...................................

...THE ROCHESTER NY CLIMATE SUMMARY FOR MAY 12 2015...
VALID TODAY AS OF 0400 PM LOCAL TIME.

CLIMATE NORMAL PERIOD 1981 TO 2010
CLIMATE RECORD PERIOD 1871 TO 2015


WEATHER ITEM   OBSERVED TIME   RECORD YEAR NORMAL DEPARTURE LAST
                VALUE   (LST)  VALUE       VALUE  FROM      YEAR
                                                  NORMAL
..................................................................
TEMPERATURE (F)
 TODAY
  MAXIMUM         69    842 AM  87    1879  67      2       81
  MINIMUM         61    259 PM  30    1907  45     16       54
  AVERAGE         65                        56      9       68

PRECIPITATION (IN)
  TODAY            0.03          1.70 2000   0.09  -0.06      T
  MONTH TO DATE    0.85                      1.07  -0.22     0.26
  SINCE MAR 1      4.89                      6.30  -1.41     6.47
  SINCE JAN 1      9.14                     10.66  -1.52    10.09

SNOWFALL (IN)
  TODAY            0.0           1.1  1996   0.0    0.0      0.0
  MONTH TO DATE    0.0                       0.3   -0.3       T
  SINCE MAR 1     13.3                      20.5   -7.2     29.6
  SINCE JUL 1    101.9                      99.4    2.5    112.7
  SNOW DEPTH       0

DEGREE DAYS
 HEATING
  TODAY            0                        10    -10        0
  MONTH TO DATE   25                       138   -113      103
  SINCE MAR 1   1617                      1655    -38     1813
  SINCE JUL 1   6711                      6441    270     6898

 COOLING
  TODAY            0                         1     -1        3
  MONTH TO DATE   41                         3     38        8
  SINCE MAR 1     41                         7     34        9
  SINCE JAN 1     41                         7     34        9
..................................................................


WIND (MPH)
  HIGHEST WIND SPEED    39   HIGHEST WIND DIRECTION     W (260)
  HIGHEST GUST SPEED    51   HIGHEST GUST DIRECTION     W (250)
  AVERAGE WIND SPEED    20.4


SKY COVER
  AVERAGE SKY COVER 0.7


WEATHER CONDITIONS
 THE FOLLOWING WEATHER WAS RECORDED TODAY.
  RAIN
  LIGHT RAIN
  FOG


RELATIVE HUMIDITY (PERCENT)
 HIGHEST    87           200 AM
 LOWEST     46           200 PM
 AVERAGE    67

..........................................................


THE ROCHESTER NY CLIMATE NORMALS FOR TOMORROW
                         NORMAL    RECORD    YEAR
 MAXIMUM TEMPERATURE (F)   67        89      1879
 MINIMUM TEMPERATURE (F)   45        31      2005


SUNRISE AND SUNSET
MAY 12 2015...........SUNRISE   551 AM EDT   SUNSET   824 PM EDT
MAY 13 2015...........SUNRISE   550 AM EDT   SUNSET   825 PM EDT


-  INDICATES NEGATIVE NUMBERS.
R  INDICATES RECORD WAS SET OR TIED.
MM INDICATES DATA IS MISSING.
T  INDICATES TRACE AMOUNT.




$$
