000
CDUS41 KBUF 190705
CLIROC


CLIMATE REPORT
NATIONAL WEATHER SERVICE BUFFALO NY
205 AM EST THU JAN 19 2017


...................................

...THE ROCHESTER NY CLIMATE SUMMARY FOR JANUARY 18 2017...

CLIMATE NORMAL PERIOD 1981 TO 2010
CLIMATE RECORD PERIOD 1871 TO 2017


WEATHER ITEM   OBSERVED TIME   RECORD YEAR NORMAL DEPARTURE LAST
                VALUE   (LST)  VALUE       VALUE  FROM      YEAR
                                                  NORMAL
..................................................................
TEMPERATURE (F)
 YESTERDAY
  MAXIMUM         46   1222 AM  62    1929  31     15       21
  MINIMUM         37    702 PM  -8    1997  17     20       13
  AVERAGE         42                        24     18       17

PRECIPITATION (IN)
  YESTERDAY        0.02          0.70 1929   0.08  -0.06     0.12
  MONTH TO DATE    1.88                      1.45   0.43     1.15
  SINCE DEC 1      4.79                      4.08   0.71     3.88
  SINCE JAN 1      1.88                      1.45   0.43     1.15

SNOWFALL (IN)
  YESTERDAY       MM             5.0  1920   0.9   MM        4.0
  MONTH TO DATE    4.4                      16.4  -12.0     11.1
  SINCE DEC 1     33.7                      38.2   -4.5     13.4
  SINCE JUL 1     49.6                      45.6    4.0     14.6
  SNOW DEPTH       0

DEGREE DAYS
 HEATING
  YESTERDAY       23                        41    -18       48
  MONTH TO DATE  643                       721    -78      678
  SINCE DEC 1   1678                      1806   -128     1377
  SINCE JUL 1   2656                      3174   -518     2417

 COOLING
  YESTERDAY        0                         0      0        0
  MONTH TO DATE    0                         0      0        0
  SINCE DEC 1      0                         0      0        0
  SINCE JAN 1      0                         0      0        0
..................................................................


WIND (MPH)
  HIGHEST WIND SPEED    17   HIGHEST WIND DIRECTION     W (270)
  HIGHEST GUST SPEED    22   HIGHEST GUST DIRECTION     W (270)
  AVERAGE WIND SPEED    11.1


SKY COVER
  AVERAGE SKY COVER 1.0


WEATHER CONDITIONS
 THE FOLLOWING WEATHER WAS RECORDED YESTERDAY.
  LIGHT RAIN
  FOG


RELATIVE HUMIDITY (PERCENT)
 HIGHEST    92           100 AM
 LOWEST     85           300 PM
 AVERAGE    89

..........................................................


THE ROCHESTER NY CLIMATE NORMALS FOR TODAY
                         NORMAL    RECORD    YEAR
 MAXIMUM TEMPERATURE (F)   31        61      1996
                                             1933
 MINIMUM TEMPERATURE (F)   17       -11      1994


SUNRISE AND SUNSET
JANUARY 19 2017.......SUNRISE   737 AM EST   SUNSET   506 PM EST
JANUARY 20 2017.......SUNRISE   736 AM EST   SUNSET   508 PM EST


-  INDICATES NEGATIVE NUMBERS.
R  INDICATES RECORD WAS SET OR TIED.
MM INDICATES DATA IS MISSING.
T  INDICATES TRACE AMOUNT.




$$
