000
CDUS41 KBUF 160705
CLIROC


CLIMATE REPORT
NATIONAL WEATHER SERVICE BUFFALO NY
205 AM EST SUN NOV 16 2014


...................................

...THE ROCHESTER NY CLIMATE SUMMARY FOR NOVEMBER 15 2014...

CLIMATE NORMAL PERIOD 1981 TO 2010
CLIMATE RECORD PERIOD 1871 TO 2014


WEATHER ITEM   OBSERVED TIME   RECORD YEAR NORMAL DEPARTURE LAST
                VALUE   (LST)  VALUE       VALUE  FROM      YEAR
                                                  NORMAL
..................................................................
TEMPERATURE (F)
 YESTERDAY
  MAXIMUM         39   1245 PM  71    1928  48     -9       52
  MINIMUM         29    733 AM  10    1933  33     -4       40
  AVERAGE         34                        41     -7       46

PRECIPITATION (IN)
  YESTERDAY        T             1.53 1973   0.10  -0.10     0.00
  MONTH TO DATE    1.44                      1.43   0.01     1.44
  SINCE SEP 1      4.66                      7.53  -2.87     7.17
  SINCE JAN 1     29.69                     30.13  -0.44    32.38

SNOWFALL (IN)
  YESTERDAY       MM            11.3  1995   0.2   MM        0.0
  MONTH TO DATE    0.4                       2.3   -1.9      1.8
  SINCE SEP 1      0.4                       2.4   -2.0      1.8
  SINCE JUL 1      0.4                       2.4   -2.0      1.8
  SNOW DEPTH       0

DEGREE DAYS
 HEATING
  YESTERDAY       31                        24      7       19
  MONTH TO DATE  329                       327      2      337
  SINCE SEP 1    801                       926   -125      874
  SINCE JUL 1    826                       960   -134      892

 COOLING
  YESTERDAY        0                         0      0        0
  MONTH TO DATE    0                         0      0        0
  SINCE SEP 1     78                        55     23       69
  SINCE JAN 1    542                       539      3      660
..................................................................


WIND (MPH)
  HIGHEST WIND SPEED    16   HIGHEST WIND DIRECTION     W (260)
  HIGHEST GUST SPEED    20   HIGHEST GUST DIRECTION     W (250)
  AVERAGE WIND SPEED     8.2


SKY COVER
  AVERAGE SKY COVER 0.8


WEATHER CONDITIONS
 THE FOLLOWING WEATHER WAS RECORDED YESTERDAY.
  LIGHT SNOW
  FOG


RELATIVE HUMIDITY (PERCENT)
 HIGHEST    82          1000 PM
 LOWEST     44          1100 AM
 AVERAGE    63

..........................................................


THE ROCHESTER NY CLIMATE NORMALS FOR TODAY
                         NORMAL    RECORD    YEAR
 MAXIMUM TEMPERATURE (F)   48        70      2005
 MINIMUM TEMPERATURE (F)   33         8      1933


SUNRISE AND SUNSET
NOVEMBER 16 2014......SUNRISE   705 AM EST   SUNSET   446 PM EST
NOVEMBER 17 2014......SUNRISE   706 AM EST   SUNSET   445 PM EST


-  INDICATES NEGATIVE NUMBERS.
R  INDICATES RECORD WAS SET OR TIED.
MM INDICATES DATA IS MISSING.
T  INDICATES TRACE AMOUNT.




$$
