000
CDUS41 KBUF 232041
CLIROC


CLIMATE REPORT
NATIONAL WEATHER SERVICE BUFFALO NY
440 PM EDT SAT APR 23 2016


...................................

...THE ROCHESTER NY CLIMATE SUMMARY FOR APRIL 23 2016...
VALID TODAY AS OF 0400 PM LOCAL TIME.

CLIMATE NORMAL PERIOD 1981 TO 2010
CLIMATE RECORD PERIOD 1871 TO 2016


WEATHER ITEM   OBSERVED TIME   RECORD YEAR NORMAL DEPARTURE LAST
                VALUE   (LST)  VALUE       VALUE  FROM      YEAR
                                                  NORMAL
..................................................................
TEMPERATURE (F)
 TODAY
  MAXIMUM         52    336 PM  90    1885  60     -8       38
  MINIMUM         40    917 AM  24    1989  39      1       31
                                      1930
  AVERAGE         46                        49     -3       35

PRECIPITATION (IN)
  TODAY            T             1.58 2012   0.08  -0.08     0.05
  MONTH TO DATE    0.90                      2.11  -1.21     2.70
  SINCE MAR 1      2.72                      4.61  -1.89     4.04
  SINCE JAN 1      8.02                      8.97  -0.95     8.29

SNOWFALL (IN)
  TODAY            0.0           2.8  2012   0.1   -0.1      0.4
  MONTH TO DATE    8.8                       3.6    5.2      0.4
  SINCE MAR 1     12.0                      19.9   -7.9     13.2
  SINCE JUL 1     63.7                      98.8  -35.1    101.8
  SNOW DEPTH       0

DEGREE DAYS
 HEATING
  TODAY           19                        16      3       30
  MONTH TO DATE  526                       464     62      392
  SINCE MAR 1   1288                      1416   -128     1470
  SINCE JUL 1   5205                      6202   -997     6564

 COOLING
  TODAY            0                         0      0        0
  MONTH TO DATE    0                         0      0        0
  SINCE MAR 1      0                         0      0        0
  SINCE JAN 1      0                         0      0        0
..................................................................


WIND (MPH)
  HIGHEST WIND SPEED    20   HIGHEST WIND DIRECTION     N (20)
  HIGHEST GUST SPEED    24   HIGHEST GUST DIRECTION    NE (30)
  AVERAGE WIND SPEED    11.1


SKY COVER
  AVERAGE SKY COVER 0.8


WEATHER CONDITIONS
 THE FOLLOWING WEATHER WAS RECORDED TODAY.
  LIGHT RAIN


RELATIVE HUMIDITY (PERCENT)
 HIGHEST    86          1200 AM
 LOWEST     30           300 PM
 AVERAGE    58

..........................................................


THE ROCHESTER NY CLIMATE NORMALS FOR TOMORROW
                         NORMAL    RECORD    YEAR
 MAXIMUM TEMPERATURE (F)   60        83      1960
 MINIMUM TEMPERATURE (F)   40        23      1919


SUNRISE AND SUNSET
APRIL 23 2016.........SUNRISE   615 AM EDT   SUNSET   803 PM EDT
APRIL 24 2016.........SUNRISE   614 AM EDT   SUNSET   804 PM EDT


-  INDICATES NEGATIVE NUMBERS.
R  INDICATES RECORD WAS SET OR TIED.
MM INDICATES DATA IS MISSING.
T  INDICATES TRACE AMOUNT.




$$
