000
CDUS41 KBUF 152125
CLIROC


CLIMATE REPORT
NATIONAL WEATHER SERVICE BUFFALO NY
424 PM EST THU FEB 15 2018


...................................

...THE ROCHESTER NY CLIMATE SUMMARY FOR FEBRUARY 15 2018...
VALID TODAY AS OF 0400 PM LOCAL TIME.

CLIMATE NORMAL PERIOD 1981 TO 2010
CLIMATE RECORD PERIOD 1871 TO 2018


WEATHER ITEM   OBSERVED TIME   RECORD YEAR NORMAL DEPARTURE LAST
                VALUE   (LST)  VALUE       VALUE  FROM      YEAR
                                                  NORMAL
..................................................................
TEMPERATURE (F)
 TODAY
  MAXIMUM         57    130 PM  61    1949  34     23       39
  MINIMUM         28   1226 AM -14    1943  18     10       26
  AVERAGE         43                        26     17       33

PRECIPITATION (IN)
  TODAY            0.00          1.35 1990   0.07  -0.07     0.02
  MONTH TO DATE    1.00                      1.00   0.00     1.56
  SINCE DEC 1      6.35                      6.04   0.31     7.22
  SINCE JAN 1      4.11                      3.41   0.70     4.31

SNOWFALL (IN)
  TODAY            0.0           8.6  1990   0.8   -0.8      0.3
  MONTH TO DATE   15.0                      11.6    3.4     13.5
  SINCE DEC 1     82.6                      61.6   21.0     54.6
  SINCE JUL 1     85.2                      69.0   16.2     70.5
  SNOW DEPTH       2

DEGREE DAYS
 HEATING
  TODAY           22                        39    -17       32
  MONTH TO DATE  572                       596    -24      528
  SINCE DEC 1   3007                      2932     75     2599
  SINCE JUL 1   4098                      4300   -202     3577

 COOLING
  TODAY            0                         0      0        0
  MONTH TO DATE    0                         0      0        0
  SINCE DEC 1      0                         0      0        0
  SINCE JAN 1      0                         0      0        0
..................................................................


WIND (MPH)
  HIGHEST WIND SPEED    32   HIGHEST WIND DIRECTION     W (250)
  HIGHEST GUST SPEED    41   HIGHEST GUST DIRECTION     W (270)
  AVERAGE WIND SPEED    10.8


SKY COVER
  AVERAGE SKY COVER 0.9


WEATHER CONDITIONS
 THE FOLLOWING WEATHER WAS RECORDED TODAY.
  FOG


RELATIVE HUMIDITY (PERCENT)
 HIGHEST   100          1200 AM
 LOWEST     67           100 PM
 AVERAGE    84

..........................................................


THE ROCHESTER NY CLIMATE NORMALS FOR TOMORROW
                         NORMAL    RECORD    YEAR
 MAXIMUM TEMPERATURE (F)   34        61      1921
 MINIMUM TEMPERATURE (F)   19        -7      2015
                                             2004


SUNRISE AND SUNSET
FEBRUARY 15 2018......SUNRISE   708 AM EST   SUNSET   542 PM EST
FEBRUARY 16 2018......SUNRISE   707 AM EST   SUNSET   543 PM EST


-  INDICATES NEGATIVE NUMBERS.
R  INDICATES RECORD WAS SET OR TIED.
MM INDICATES DATA IS MISSING.
T  INDICATES TRACE AMOUNT.

$$
