000
CDUS41 KBUF 161031
CLIROC


CLIMATE REPORT
NATIONAL WEATHER SERVICE BUFFALO NY
629 AM EDT SUN APR 16 2017


...................................

...THE ROCHESTER NY CLIMATE SUMMARY FOR APRIL 15 2017...

CLIMATE NORMAL PERIOD 1981 TO 2010
CLIMATE RECORD PERIOD 1871 TO 2017


WEATHER ITEM   OBSERVED TIME   RECORD YEAR NORMAL DEPARTURE LAST
                VALUE   (LST)  VALUE       VALUE  FROM      YEAR
                                                  NORMAL
..................................................................
TEMPERATURE (F)
 YESTERDAY
  MAXIMUM         70    602 PM  86    1994  56     14       63
  MINIMUM         39    413 AM  18    1904  37      2       29
  AVERAGE         55                        46      9       46

PRECIPITATION (IN)
  YESTERDAY        0.08          1.41 1887   0.09  -0.01     0.00
  MONTH TO DATE    2.72                      1.43   1.29     0.87
  SINCE MAR 1      7.38                      3.93   3.45     2.69
  SINCE JAN 1     12.46                      8.29   4.17     7.99

SNOWFALL (IN)
  YESTERDAY        0.0           1.3  1904   0.1   -0.1      0.0
  MONTH TO DATE    2.5                       2.9   -0.4      8.8
  SINCE MAR 1     35.5                      19.2   16.3     12.0
  SINCE JUL 1    107.1                      98.1    9.0     63.7
  SNOW DEPTH       0

DEGREE DAYS
 HEATING
  YESTERDAY       10                        19     -9       19
  MONTH TO DATE  241                       327    -86      432
  SINCE MAR 1   1229                      1279    -50     1194
  SINCE JUL 1   5097                      6065   -968     5111

 COOLING
  YESTERDAY        0                         0      0        0
  MONTH TO DATE    3                         0      3        0
  SINCE MAR 1      3                         0      3        0
  SINCE JAN 1      3                         0      3        0
..................................................................


WIND (MPH)
  HIGHEST WIND SPEED    20   HIGHEST WIND DIRECTION    SW (220)
  HIGHEST GUST SPEED    27   HIGHEST GUST DIRECTION    SW (230)
  AVERAGE WIND SPEED     9.0


SKY COVER
  AVERAGE SKY COVER 0.6


WEATHER CONDITIONS
 THE FOLLOWING WEATHER WAS RECORDED YESTERDAY.
  LIGHT RAIN
  FOG


RELATIVE HUMIDITY (PERCENT)
 HIGHEST    87           200 PM
 LOWEST     42          1200 AM
 AVERAGE    65

..........................................................


THE ROCHESTER NY CLIMATE NORMALS FOR TODAY
                         NORMAL    RECORD    YEAR
 MAXIMUM TEMPERATURE (F)   56        87      2012
 MINIMUM TEMPERATURE (F)   37        22      1943
                                             1875


SUNRISE AND SUNSET
APRIL 16 2017.........SUNRISE   627 AM EDT   SUNSET   755 PM EDT
APRIL 17 2017.........SUNRISE   625 AM EDT   SUNSET   756 PM EDT


-  INDICATES NEGATIVE NUMBERS.
R  INDICATES RECORD WAS SET OR TIED.
MM INDICATES DATA IS MISSING.
T  INDICATES TRACE AMOUNT.




$$
