000
CDUS41 KBUF 132025
CLIROC


CLIMATE REPORT
NATIONAL WEATHER SERVICE BUFFALO NY
425 PM EDT FRI OCT 13 2017


...................................

...THE ROCHESTER NY CLIMATE SUMMARY FOR OCTOBER 13 2017...
VALID TODAY AS OF 0400 PM LOCAL TIME.

CLIMATE NORMAL PERIOD 1981 TO 2010
CLIMATE RECORD PERIOD 1871 TO 2017


WEATHER ITEM   OBSERVED TIME   RECORD YEAR NORMAL DEPARTURE LAST
                VALUE   (LST)  VALUE       VALUE  FROM      YEAR
                                                  NORMAL
..................................................................
TEMPERATURE (F)
 TODAY
  MAXIMUM         67    259 PM  83    1995  61      6       62
                                      1969
  MINIMUM         51    328 AM  26    1993  42      9       39
  AVERAGE         59                        51      8       51

PRECIPITATION (IN)
  TODAY            0.00          1.03 1986   0.09  -0.09     0.11
  MONTH TO DATE    3.48                      1.20   2.28     0.68
  SINCE SEP 1      4.76                      4.58   0.18     2.98
  SINCE JAN 1     35.77                     27.18   8.59    20.63

SNOWFALL (IN)
  TODAY            0.0           0.3  2006   0.0    0.0      0.0
                                      1874
  MONTH TO DATE    0.0                       0.0    0.0      0.0
  SINCE SEP 1      0.0                       0.0    0.0      0.0
  SINCE JUL 1      0.0                       0.0    0.0      0.0
  SNOW DEPTH       0

DEGREE DAYS
 HEATING
  TODAY            6                        14     -8       14
  MONTH TO DATE   49                       152   -103       84
  SINCE SEP 1    141                       299   -158      135
  SINCE JUL 1    168                       333   -165      135

 COOLING
  TODAY            0                         0      0        0
  MONTH TO DATE   21                         0     21        1
  SINCE SEP 1    138                        50     88      113
  SINCE JAN 1    654                       534    120      964
..................................................................


WIND (MPH)
  HIGHEST WIND SPEED    17   HIGHEST WIND DIRECTION     S (190)
  HIGHEST GUST SPEED    24   HIGHEST GUST DIRECTION     S (180)
  AVERAGE WIND SPEED     9.0


SKY COVER
  AVERAGE SKY COVER 0.7


WEATHER CONDITIONS
 THE FOLLOWING WEATHER WAS RECORDED TODAY.
  NO SIGNIFICANT WEATHER WAS OBSERVED.


RELATIVE HUMIDITY (PERCENT)
 HIGHEST    93           400 AM
 LOWEST     63          1200 PM
 AVERAGE    78

..........................................................


THE ROCHESTER NY CLIMATE NORMALS FOR TOMORROW
                         NORMAL    RECORD    YEAR
 MAXIMUM TEMPERATURE (F)   60        86      1954
 MINIMUM TEMPERATURE (F)   42        24      1993


SUNRISE AND SUNSET
OCTOBER 13 2017.......SUNRISE   722 AM EDT   SUNSET   631 PM EDT
OCTOBER 14 2017.......SUNRISE   723 AM EDT   SUNSET   629 PM EDT


-  INDICATES NEGATIVE NUMBERS.
R  INDICATES RECORD WAS SET OR TIED.
MM INDICATES DATA IS MISSING.
T  INDICATES TRACE AMOUNT.




$$
