000
CDUS41 KBUF 170705
CLIROC


CLIMATE REPORT
NATIONAL WEATHER SERVICE BUFFALO NY
305 AM EDT SAT SEP 17 2016


...................................

...THE ROCHESTER NY CLIMATE SUMMARY FOR SEPTEMBER 16 2016...

CLIMATE NORMAL PERIOD 1981 TO 2010
CLIMATE RECORD PERIOD 1871 TO 2016


WEATHER ITEM   OBSERVED TIME   RECORD YEAR NORMAL DEPARTURE LAST
                VALUE   (LST)  VALUE       VALUE  FROM      YEAR
                                                  NORMAL
..................................................................
TEMPERATURE (F)
 YESTERDAY
  MAXIMUM         81    319 PM  97    1939  72      9       84
  MINIMUM         46    627 AM  34    1964  52     -6       58
  AVERAGE         64                        62      2       71

PRECIPITATION (IN)
  YESTERDAY        0.00          3.08 2005   0.12  -0.12     0.00
  MONTH TO DATE    0.15                      1.78  -1.63     2.44
  SINCE SEP 1      0.15                      1.78  -1.63     2.44
  SINCE JAN 1     17.80                     24.38  -6.58    28.57

SNOWFALL (IN)
  YESTERDAY        0.0           0.0    MM   0.0    0.0      0.0
  MONTH TO DATE    0.0                       0.0    0.0      0.0
  SINCE SEP 1      0.0                       0.0    0.0      0.0
  SINCE JUL 1      0.0                       0.0    0.0      0.0
  SNOW DEPTH       0

DEGREE DAYS
 HEATING
  YESTERDAY        1                         5     -4        0
  MONTH TO DATE   10                        48    -38       14
  SINCE SEP 1     10                        48    -38       14
  SINCE JUL 1     10                        82    -72       33

 COOLING
  YESTERDAY        0                         1     -1        6
  MONTH TO DATE   76                        38     38      119
  SINCE SEP 1     76                        38     38      119
  SINCE JAN 1    927                       522    405      673
..................................................................


WIND (MPH)
  HIGHEST WIND SPEED    16   HIGHEST WIND DIRECTION     S (180)
  HIGHEST GUST SPEED    22   HIGHEST GUST DIRECTION    SW (210)
  AVERAGE WIND SPEED     6.4


SKY COVER
  AVERAGE SKY COVER 0.4


WEATHER CONDITIONS
 THE FOLLOWING WEATHER WAS RECORDED YESTERDAY.
  NO SIGNIFICANT WEATHER WAS OBSERVED.


RELATIVE HUMIDITY (PERCENT)
 HIGHEST    93           200 AM
 LOWEST     39           200 PM
 AVERAGE    66

..........................................................


THE ROCHESTER NY CLIMATE NORMALS FOR TODAY
                         NORMAL    RECORD    YEAR
 MAXIMUM TEMPERATURE (F)   71        91      1899
 MINIMUM TEMPERATURE (F)   52        32      1959


SUNRISE AND SUNSET
SEPTEMBER 17 2016.....SUNRISE   653 AM EDT   SUNSET   716 PM EDT
SEPTEMBER 18 2016.....SUNRISE   654 AM EDT   SUNSET   714 PM EDT


-  INDICATES NEGATIVE NUMBERS.
R  INDICATES RECORD WAS SET OR TIED.
MM INDICATES DATA IS MISSING.
T  INDICATES TRACE AMOUNT.




$$
