099
CDUS41 KBUF 120705
CLIROC


CLIMATE REPORT
NATIONAL WEATHER SERVICE BUFFALO NY
305 AM EDT THU OCT 12 2017


...................................

...THE ROCHESTER NY CLIMATE SUMMARY FOR OCTOBER 11 2017...

CLIMATE NORMAL PERIOD 1981 TO 2010
CLIMATE RECORD PERIOD 1871 TO 2017


WEATHER ITEM   OBSERVED TIME   RECORD YEAR NORMAL DEPARTURE LAST
                VALUE   (LST)  VALUE       VALUE  FROM      YEAR
                                                  NORMAL
..................................................................
TEMPERATURE (F)
 YESTERDAY
  MAXIMUM         61   1220 AM  89    1949  61      0       68
  MINIMUM         52    958 PM  27    1964  43      9       36
  AVERAGE         57                        52      5       52

PRECIPITATION (IN)
  YESTERDAY        0.34          1.42 1909   0.09   0.25     0.00
  MONTH TO DATE    3.36                      1.02   2.34     0.57
  SINCE SEP 1      4.64                      4.40   0.24     2.87
  SINCE JAN 1     35.65                     27.00   8.65    20.52

SNOWFALL (IN)
  YESTERDAY        0.0           1.0  1906   0.0    0.0      0.0
  MONTH TO DATE    0.0                       0.0    0.0      0.0
  SINCE SEP 1      0.0                       0.0    0.0      0.0
  SINCE JUL 1      0.0                       0.0    0.0      0.0
  SNOW DEPTH       0

DEGREE DAYS
 HEATING
  YESTERDAY        8                        13     -5       13
  MONTH TO DATE   36                       125    -89       66
  SINCE SEP 1    128                       272   -144      117
  SINCE JUL 1    155                       306   -151      117

 COOLING
  YESTERDAY        0                         0      0        0
  MONTH TO DATE   21                         0     21        1
  SINCE SEP 1    138                        50     88      113
  SINCE JAN 1    654                       534    120      964
..................................................................


WIND (MPH)
  HIGHEST WIND SPEED    24   HIGHEST WIND DIRECTION    NE (60)
  HIGHEST GUST SPEED    30   HIGHEST GUST DIRECTION    NE (50)
  AVERAGE WIND SPEED    14.1


SKY COVER
  AVERAGE SKY COVER 1.0


WEATHER CONDITIONS
 THE FOLLOWING WEATHER WAS RECORDED YESTERDAY.
  RAIN
  LIGHT RAIN
  FOG


RELATIVE HUMIDITY (PERCENT)
 HIGHEST   100           900 PM
 LOWEST     72          1200 AM
 AVERAGE    86

..........................................................


THE ROCHESTER NY CLIMATE NORMALS FOR TODAY
                         NORMAL    RECORD    YEAR
 MAXIMUM TEMPERATURE (F)   61        84      1938
                                             1928
                                             1893
 MINIMUM TEMPERATURE (F)   43        27      1876


SUNRISE AND SUNSET
OCTOBER 12 2017.......SUNRISE   721 AM EDT   SUNSET   632 PM EDT
OCTOBER 13 2017.......SUNRISE   722 AM EDT   SUNSET   631 PM EDT


-  INDICATES NEGATIVE NUMBERS.
R  INDICATES RECORD WAS SET OR TIED.
MM INDICATES DATA IS MISSING.
T  INDICATES TRACE AMOUNT.




$$
