000
CDUS41 KBUF 100705
CLIROC


CLIMATE REPORT
NATIONAL WEATHER SERVICE BUFFALO NY
305 AM EDT WED MAY 10 2017


...................................

...THE ROCHESTER NY CLIMATE SUMMARY FOR MAY 9 2017...

CLIMATE NORMAL PERIOD 1981 TO 2010
CLIMATE RECORD PERIOD 1871 TO 2017


WEATHER ITEM   OBSERVED TIME   RECORD YEAR NORMAL DEPARTURE LAST
                VALUE   (LST)  VALUE       VALUE  FROM      YEAR
                                                  NORMAL
..................................................................
TEMPERATURE (F)
 YESTERDAY
  MAXIMUM         51    350 PM  92    2015  66    -15       57
  MINIMUM         37    521 AM  31    1962  44     -7       37
                                      1958
                                      1947
  AVERAGE         44                        55    -11       47

PRECIPITATION (IN)
  YESTERDAY        0.00          1.12 1960   0.09  -0.09     0.00
  MONTH TO DATE    3.17                      0.81   2.36     0.90
  SINCE MAR 1     12.78                      6.04   6.74     4.28
  SINCE JAN 1     17.86                     10.40   7.46     9.58

SNOWFALL (IN)
  YESTERDAY        0.0           0.7  1923   0.0    0.0      0.0
  MONTH TO DATE    0.0                       0.2   -0.2      0.0
  SINCE MAR 1     35.5                      20.4   15.1     12.0
  SINCE JUL 1    107.1                      99.3    7.8     63.7
  SNOW DEPTH       0

DEGREE DAYS
 HEATING
  YESTERDAY       21                        11     10       18
  MONTH TO DATE  145                       108     37      123
  SINCE MAR 1   1544                      1625    -81     1559
  SINCE JUL 1   5412                      6411   -999     5476

 COOLING
  YESTERDAY        0                         0      0        0
  MONTH TO DATE    0                         0      0        0
  SINCE MAR 1     14                         4     10        0
  SINCE JAN 1     14                         4     10        0
..................................................................


WIND (MPH)
  HIGHEST WIND SPEED    16   HIGHEST WIND DIRECTION     N (10)
  HIGHEST GUST SPEED    20   HIGHEST GUST DIRECTION     N (360)
  AVERAGE WIND SPEED     6.8


SKY COVER
  AVERAGE SKY COVER 0.8


WEATHER CONDITIONS
 THE FOLLOWING WEATHER WAS RECORDED YESTERDAY.
  NO SIGNIFICANT WEATHER WAS OBSERVED.


RELATIVE HUMIDITY (PERCENT)
 HIGHEST    76           500 AM
 LOWEST     46          1100 AM
 AVERAGE    61

..........................................................


THE ROCHESTER NY CLIMATE NORMALS FOR TODAY
                         NORMAL    RECORD    YEAR
 MAXIMUM TEMPERATURE (F)   66        89      1896
 MINIMUM TEMPERATURE (F)   44        28      1966


SUNRISE AND SUNSET
MAY 10 2017...........SUNRISE   552 AM EDT   SUNSET   822 PM EDT
MAY 11 2017...........SUNRISE   551 AM EDT   SUNSET   823 PM EDT


-  INDICATES NEGATIVE NUMBERS.
R  INDICATES RECORD WAS SET OR TIED.
MM INDICATES DATA IS MISSING.
T  INDICATES TRACE AMOUNT.




$$
