371
CDUS41 KBUF 050705
CLIROC


CLIMATE REPORT
NATIONAL WEATHER SERVICE BUFFALO NY
205 AM EST MON DEC 5 2016


...................................

...THE ROCHESTER NY CLIMATE SUMMARY FOR DECEMBER 4 2016...

CLIMATE NORMAL PERIOD 1981 TO 2010
CLIMATE RECORD PERIOD 1871 TO 2016


WEATHER ITEM   OBSERVED TIME   RECORD YEAR NORMAL DEPARTURE LAST
                VALUE   (LST)  VALUE       VALUE  FROM      YEAR
                                                  NORMAL
..................................................................
TEMPERATURE (F)
 YESTERDAY
  MAXIMUM         41    133 PM  70    2012  40      1       42
  MINIMUM         27    810 AM  -3    1940  27      0       37
  AVERAGE         34                        34      0       40

PRECIPITATION (IN)
  YESTERDAY        0.00          0.86 1891   0.09  -0.09     0.00
  MONTH TO DATE    0.18                      0.37  -0.19     0.58
  SINCE DEC 1      0.18                      0.37  -0.19     0.58
  SINCE JAN 1     27.99                     32.01  -4.02    34.53

SNOWFALL (IN)
  YESTERDAY        0.0           8.4  2007   0.6   -0.6      0.0
  MONTH TO DATE    0.1                       2.2   -2.1       T
  SINCE DEC 1      0.1                       2.2   -2.1       T
  SINCE JUL 1     16.0                       9.6    6.4      1.2
  SNOW DEPTH       0

DEGREE DAYS
 HEATING
  YESTERDAY       31                        31      0       25
  MONTH TO DATE  103                       123    -20       88
  SINCE DEC 1    103                       123    -20       88
  SINCE JUL 1   1081                      1491   -410     1128

 COOLING
  YESTERDAY        0                         0      0        0
  MONTH TO DATE    0                         0      0        0
  SINCE DEC 1      0                         0      0        0
  SINCE JAN 1    978                       539    439      698
..................................................................


WIND (MPH)
  HIGHEST WIND SPEED    15   HIGHEST WIND DIRECTION    SE (130)
  HIGHEST GUST SPEED    19   HIGHEST GUST DIRECTION    SE (120)
  AVERAGE WIND SPEED     4.7


SKY COVER
  AVERAGE SKY COVER 0.7


WEATHER CONDITIONS
 THE FOLLOWING WEATHER WAS RECORDED YESTERDAY.
  NO SIGNIFICANT WEATHER WAS OBSERVED.


RELATIVE HUMIDITY (PERCENT)
 HIGHEST    92           500 AM
 LOWEST     59           100 PM
 AVERAGE    76

..........................................................


THE ROCHESTER NY CLIMATE NORMALS FOR TODAY
                         NORMAL    RECORD    YEAR
 MAXIMUM TEMPERATURE (F)   40        68      1999
                                             1982
 MINIMUM TEMPERATURE (F)   27        -4      1886


SUNRISE AND SUNSET
DECEMBER  5 2016......SUNRISE   727 AM EST   SUNSET   436 PM EST
DECEMBER  6 2016......SUNRISE   728 AM EST   SUNSET   436 PM EST


-  INDICATES NEGATIVE NUMBERS.
R  INDICATES RECORD WAS SET OR TIED.
MM INDICATES DATA IS MISSING.
T  INDICATES TRACE AMOUNT.




$$
