000
CDUS41 KBUF 181034
CLIROC


CLIMATE REPORT
NATIONAL WEATHER SERVICE BUFFALO NY
633 AM EDT SUN JUN 18 2017


...................................

...THE ROCHESTER NY CLIMATE SUMMARY FOR JUNE 17 2017...

CLIMATE NORMAL PERIOD 1981 TO 2010
CLIMATE RECORD PERIOD 1871 TO 2017


WEATHER ITEM   OBSERVED TIME   RECORD YEAR NORMAL DEPARTURE LAST
                VALUE   (LST)  VALUE       VALUE  FROM      YEAR
                                                  NORMAL
..................................................................
TEMPERATURE (F)
 YESTERDAY
  MAXIMUM         88    353 PM  94    1994  77     11       85
  MINIMUM         69    510 AM  41    1980  57     12       55
  AVERAGE         79                        67     12       70

PRECIPITATION (IN)
  YESTERDAY        0.00          1.70 1922   0.12  -0.12     0.00
  MONTH TO DATE    1.83                      1.84  -0.01     0.75
  SINCE JUN 1      1.83                      1.84  -0.01     0.75
  SINCE JAN 1     21.81                     14.30   7.51    12.36

SNOWFALL (IN)
  YESTERDAY        0.0           0.0    MM   0.0    0.0      0.0
  MONTH TO DATE    0.0                       0.0    0.0      0.0
  SINCE JUN 1      0.0                       0.0    0.0      0.0
  SINCE JUL 1    107.1                      99.5    7.6     63.7
  SNOW DEPTH       0

DEGREE DAYS
 HEATING
  YESTERDAY        0                         2     -2        0
  MONTH TO DATE   41                        54    -13       46
  SINCE JUN 1     41                        54    -13       46
  SINCE JUL 1   5573                      6632  -1059     5654

 COOLING
  YESTERDAY       14                         4     10        5
  MONTH TO DATE   71                        44     27       38
  SINCE JUN 1     71                        44     27       38
  SINCE JAN 1    113                        74     39      100
..................................................................


WIND (MPH)
  HIGHEST WIND SPEED    16   HIGHEST WIND DIRECTION    SW (230)
  HIGHEST GUST SPEED    24   HIGHEST GUST DIRECTION     S (190)
  AVERAGE WIND SPEED     8.5


SKY COVER
  AVERAGE SKY COVER 0.5


WEATHER CONDITIONS
 THE FOLLOWING WEATHER WAS RECORDED YESTERDAY.
  NO SIGNIFICANT WEATHER WAS OBSERVED.


RELATIVE HUMIDITY (PERCENT)
 HIGHEST    84           100 AM
 LOWEST     45           100 PM
 AVERAGE    65

..........................................................


THE ROCHESTER NY CLIMATE NORMALS FOR TODAY
                         NORMAL    RECORD    YEAR
 MAXIMUM TEMPERATURE (F)   78        97      1957
 MINIMUM TEMPERATURE (F)   57        38      1950


SUNRISE AND SUNSET
JUNE 18 2017..........SUNRISE   531 AM EDT   SUNSET   853 PM EDT
JUNE 19 2017..........SUNRISE   531 AM EDT   SUNSET   853 PM EDT


-  INDICATES NEGATIVE NUMBERS.
R  INDICATES RECORD WAS SET OR TIED.
MM INDICATES DATA IS MISSING.
T  INDICATES TRACE AMOUNT.




$$
