000
CDUS41 KBUF 170705
CLIROC


CLIMATE REPORT
NATIONAL WEATHER SERVICE BUFFALO NY
305 AM EDT WED SEP 17 2014


...................................

...THE ROCHESTER NY CLIMATE SUMMARY FOR SEPTEMBER 16 2014...

CLIMATE NORMAL PERIOD 1981 TO 2010
CLIMATE RECORD PERIOD 1871 TO 2014


WEATHER ITEM   OBSERVED TIME   RECORD YEAR NORMAL DEPARTURE LAST
                VALUE   (LST)  VALUE       VALUE  FROM      YEAR
                                                  NORMAL
..................................................................
TEMPERATURE (F)
 YESTERDAY
  MAXIMUM         67    319 PM  97    1939  72     -5       56
  MINIMUM         47   1157 PM  34    1964  52     -5       44
  AVERAGE         57                        62     -5       50

PRECIPITATION (IN)
  YESTERDAY        0.10          3.08 2005   0.12  -0.02     0.07
  MONTH TO DATE    0.92                      1.78  -0.86     1.37
  SINCE SEP 1      0.92                      1.78  -0.86     1.37
  SINCE JAN 1     25.95                     24.38   1.57    26.58

SNOWFALL (IN)
  YESTERDAY       MM             0.0    MM   0.0   MM       MM
  MONTH TO DATE    0.0                       0.0    0.0      0.0
  SINCE SEP 1      0.0                       0.0    0.0      0.0
  SINCE JUL 1      0.0                       0.0    0.0      0.0
  SNOW DEPTH       0

DEGREE DAYS
 HEATING
  YESTERDAY        8                         5      3       15
  MONTH TO DATE   58                        48     10       75
  SINCE SEP 1     58                        48     10       75
  SINCE JUL 1     83                        82      1       93

 COOLING
  YESTERDAY        0                         1     -1        0
  MONTH TO DATE   60                        38     22       53
  SINCE SEP 1     60                        38     22       53
  SINCE JAN 1    524                       522      2      644
..................................................................


WIND (MPH)
  HIGHEST WIND SPEED    15   HIGHEST WIND DIRECTION    NW (320)
  HIGHEST GUST SPEED    20   HIGHEST GUST DIRECTION    NW (330)
  AVERAGE WIND SPEED     6.2


SKY COVER
  AVERAGE SKY COVER 0.6


WEATHER CONDITIONS
 THE FOLLOWING WEATHER WAS RECORDED YESTERDAY.
  RAIN
  LIGHT RAIN
  FOG


RELATIVE HUMIDITY (PERCENT)
 HIGHEST    93          1200 AM
 LOWEST     40           500 PM
 AVERAGE    67

..........................................................


THE ROCHESTER NY CLIMATE NORMALS FOR TODAY
                         NORMAL    RECORD    YEAR
 MAXIMUM TEMPERATURE (F)   71        91      1899
 MINIMUM TEMPERATURE (F)   52        32      1959


SUNRISE AND SUNSET
SEPTEMBER 17 2014.....SUNRISE   652 AM EDT   SUNSET   717 PM EDT
SEPTEMBER 18 2014.....SUNRISE   653 AM EDT   SUNSET   715 PM EDT


-  INDICATES NEGATIVE NUMBERS.
R  INDICATES RECORD WAS SET OR TIED.
MM INDICATES DATA IS MISSING.
T  INDICATES TRACE AMOUNT.




$$
