000
CDUS41 KBUF 221029
CLIROC


CLIMATE REPORT
NATIONAL WEATHER SERVICE BUFFALO NY
627 AM EDT SUN MAR 22 2015


...................................

...THE ROCHESTER NY CLIMATE SUMMARY FOR MARCH 21 2015...

CLIMATE NORMAL PERIOD 1981 TO 2010
CLIMATE RECORD PERIOD 1871 TO 2015


WEATHER ITEM   OBSERVED TIME   RECORD YEAR NORMAL DEPARTURE LAST
                VALUE   (LST)  VALUE       VALUE  FROM      YEAR
                                                  NORMAL
..................................................................
TEMPERATURE (F)
 YESTERDAY
  MAXIMUM         43   1122 AM  80    2012  45     -2       39
  MINIMUM         29   1159 PM  -2    1885  27      2       29
  AVERAGE         36                        36      0       34

PRECIPITATION (IN)
  YESTERDAY        0.11          1.54 1945   0.09   0.02      T
  MONTH TO DATE    0.83                      1.66  -0.83     1.34
  SINCE MAR 1      0.83                      1.66  -0.83     1.34
  SINCE JAN 1      5.08                      6.02  -0.94     4.96

SNOWFALL (IN)
  YESTERDAY        T             8.2  1998   0.4   -0.4      0.1
  MONTH TO DATE    8.3                      12.8   -4.5     19.8
  SINCE MAR 1      8.3                      12.8   -4.5     19.8
  SINCE JUL 1     96.9                      91.7    5.2    102.9
  SNOW DEPTH       T

DEGREE DAYS
 HEATING
  YESTERDAY       29                        29      0       31
  MONTH TO DATE  731                       684     47      813
  SINCE MAR 1    731                       684     47      813
  SINCE JUL 1   5825                      5470    355     5898

 COOLING
  YESTERDAY        0                         0      0        0
  MONTH TO DATE    0                         0      0        0
  SINCE MAR 1      0                         0      0        0
  SINCE JAN 1      0                         0      0        0
..................................................................


WIND (MPH)
  HIGHEST WIND SPEED    28   HIGHEST WIND DIRECTION     W (260)
  HIGHEST GUST SPEED    36   HIGHEST GUST DIRECTION     W (260)
  AVERAGE WIND SPEED    13.0


SKY COVER
  AVERAGE SKY COVER 0.9


WEATHER CONDITIONS
 THE FOLLOWING WEATHER WAS RECORDED YESTERDAY.
  LIGHT RAIN
  LIGHT SNOW
  FOG
  HAZE


RELATIVE HUMIDITY (PERCENT)
 HIGHEST    92           600 AM
 LOWEST     48           500 PM
 AVERAGE    70

..........................................................


THE ROCHESTER NY CLIMATE NORMALS FOR TODAY
                         NORMAL    RECORD    YEAR
 MAXIMUM TEMPERATURE (F)   45        83      1938
 MINIMUM TEMPERATURE (F)   28        -1      1885


SUNRISE AND SUNSET
MARCH 22 2015.........SUNRISE   711 AM EDT   SUNSET   725 PM EDT
MARCH 23 2015.........SUNRISE   709 AM EDT   SUNSET   726 PM EDT


-  INDICATES NEGATIVE NUMBERS.
R  INDICATES RECORD WAS SET OR TIED.
MM INDICATES DATA IS MISSING.
T  INDICATES TRACE AMOUNT.




$$
