127
CDUS41 KBUF 260705
CLIROC


CLIMATE REPORT
NATIONAL WEATHER SERVICE BUFFALO NY
305 AM EDT THU MAY 26 2016


...................................

...THE ROCHESTER NY CLIMATE SUMMARY FOR MAY 25 2016...

CLIMATE NORMAL PERIOD 1981 TO 2010
CLIMATE RECORD PERIOD 1871 TO 2016


WEATHER ITEM   OBSERVED TIME   RECORD YEAR NORMAL DEPARTURE LAST
                VALUE   (LST)  VALUE       VALUE  FROM      YEAR
                                                  NORMAL
..................................................................
TEMPERATURE (F)
 YESTERDAY
  MAXIMUM         86    235 PM  88    2012  70     16       87
                                      2007
                                      1904
  MINIMUM         55    347 AM  32    1956  49      6       61
  AVERAGE         71                        60     11       74

PRECIPITATION (IN)
  YESTERDAY        0.00          1.74 1943   0.09  -0.09     0.15
  MONTH TO DATE    1.38                      2.31  -0.93     1.13
  SINCE MAR 1      4.76                      7.54  -2.78     5.17
  SINCE JAN 1     10.06                     11.90  -1.84     9.42

SNOWFALL (IN)
  YESTERDAY        0.0           0.0    MM   0.0    0.0      0.0
  MONTH TO DATE    T                         0.4   -0.4      0.0
  SINCE MAR 1     12.0                      20.6   -8.6     13.3
  SINCE JUL 1     63.7                      99.5  -35.8    101.9
  SNOW DEPTH       0

DEGREE DAYS
 HEATING
  YESTERDAY        0                         7     -7        0
  MONTH TO DATE  255                       242     13      119
  SINCE MAR 1   1691                      1759    -68     1711
  SINCE JUL 1   5608                      6545   -937     6805

 COOLING
  YESTERDAY        6                         1      5        9
  MONTH TO DATE    8                        16     -8       64
  SINCE MAR 1      8                        20    -12       64
  SINCE JAN 1      8                        20    -12       64
..................................................................


WIND (MPH)
  HIGHEST WIND SPEED    26   HIGHEST WIND DIRECTION     W (260)
  HIGHEST GUST SPEED    32   HIGHEST GUST DIRECTION     W (270)
  AVERAGE WIND SPEED    10.5


SKY COVER
  AVERAGE SKY COVER 0.6


WEATHER CONDITIONS
 THE FOLLOWING WEATHER WAS RECORDED YESTERDAY.
  NO SIGNIFICANT WEATHER WAS OBSERVED.


RELATIVE HUMIDITY (PERCENT)
 HIGHEST    59           400 AM
 LOWEST     31           400 PM
 AVERAGE    45

..........................................................


THE ROCHESTER NY CLIMATE NORMALS FOR TODAY
                         NORMAL    RECORD    YEAR
 MAXIMUM TEMPERATURE (F)   71        90      1944
 MINIMUM TEMPERATURE (F)   50        36      1879


SUNRISE AND SUNSET
MAY 26 2016...........SUNRISE   537 AM EDT   SUNSET   839 PM EDT
MAY 27 2016...........SUNRISE   536 AM EDT   SUNSET   840 PM EDT


-  INDICATES NEGATIVE NUMBERS.
R  INDICATES RECORD WAS SET OR TIED.
MM INDICATES DATA IS MISSING.
T  INDICATES TRACE AMOUNT.




$$
