000
CDUS41 KBUF 141013
CLIROC


CLIMATE REPORT
NATIONAL WEATHER SERVICE BUFFALO NY
613 AM EDT SUN MAY 14 2017


...................................

...THE ROCHESTER NY CLIMATE SUMMARY FOR MAY 13 2017...

CLIMATE NORMAL PERIOD 1981 TO 2010
CLIMATE RECORD PERIOD 1871 TO 2017


WEATHER ITEM   OBSERVED TIME   RECORD YEAR NORMAL DEPARTURE LAST
                VALUE   (LST)  VALUE       VALUE  FROM      YEAR
                                                  NORMAL
..................................................................
TEMPERATURE (F)
 YESTERDAY
  MAXIMUM         61    507 PM  89    1879  67     -6       70
  MINIMUM         48   1159 PM  31    2005  45      3       54
  AVERAGE         55                        56     -1       62

PRECIPITATION (IN)
  YESTERDAY        0.01          1.23 1990   0.09  -0.08     0.34
  MONTH TO DATE    3.18                      1.16   2.02     1.24
  SINCE MAR 1     12.79                      6.39   6.40     4.62
  SINCE JAN 1     17.87                     10.75   7.12     9.92

SNOWFALL (IN)
  YESTERDAY        0.0           T    2013   0.0    0.0      0.0
                                      1912
  MONTH TO DATE    0.0                       0.3   -0.3      0.0
  SINCE MAR 1     35.5                      20.5   15.0     12.0
  SINCE JUL 1    107.1                      99.4    7.7     63.7
  SNOW DEPTH       0

DEGREE DAYS
 HEATING
  YESTERDAY       10                        10      0        3
  MONTH TO DATE  201                       148     53      154
  SINCE MAR 1   1600                      1665    -65     1590
  SINCE JUL 1   5468                      6451   -983     5507

 COOLING
  YESTERDAY        0                         1     -1        0
  MONTH TO DATE    0                         4     -4        0
  SINCE MAR 1     14                         8      6        0
  SINCE JAN 1     14                         8      6        0
..................................................................


WIND (MPH)
  HIGHEST WIND SPEED    12   HIGHEST WIND DIRECTION     S (160)
  HIGHEST GUST SPEED    16   HIGHEST GUST DIRECTION    SW (230)
  AVERAGE WIND SPEED     3.9


SKY COVER
  AVERAGE SKY COVER 0.9


WEATHER CONDITIONS
 THE FOLLOWING WEATHER WAS RECORDED YESTERDAY.
  HAZE


RELATIVE HUMIDITY (PERCENT)
 HIGHEST    86          1100 PM
 LOWEST     61           100 AM
 AVERAGE    74

..........................................................


THE ROCHESTER NY CLIMATE NORMALS FOR TODAY
                         NORMAL    RECORD    YEAR
 MAXIMUM TEMPERATURE (F)   67        94      1974
 MINIMUM TEMPERATURE (F)   46        31      1878


SUNRISE AND SUNSET
MAY 14 2017...........SUNRISE   548 AM EDT   SUNSET   827 PM EDT
MAY 15 2017...........SUNRISE   547 AM EDT   SUNSET   828 PM EDT


-  INDICATES NEGATIVE NUMBERS.
R  INDICATES RECORD WAS SET OR TIED.
MM INDICATES DATA IS MISSING.
T  INDICATES TRACE AMOUNT.

$$
