000
CDUS41 KBUF 251025
CLIROC


CLIMATE REPORT
NATIONAL WEATHER SERVICE BUFFALO NY
623 AM EDT MON APR 25 2016


...................................

...THE ROCHESTER NY CLIMATE SUMMARY FOR APRIL 24 2016...

CLIMATE NORMAL PERIOD 1981 TO 2010
CLIMATE RECORD PERIOD 1871 TO 2016


WEATHER ITEM   OBSERVED TIME   RECORD YEAR NORMAL DEPARTURE LAST
                VALUE   (LST)  VALUE       VALUE  FROM      YEAR
                                                  NORMAL
..................................................................
TEMPERATURE (F)
 YESTERDAY
  MAXIMUM         55   1249 PM  83    1960  60     -5       43
  MINIMUM         32    444 AM  23    1919  40     -8       32
  AVERAGE         44                        50     -6       38

PRECIPITATION (IN)
  YESTERDAY        0.00          1.07 1984   0.09  -0.09      T
  MONTH TO DATE    0.90                      2.20  -1.30     2.70
  SINCE MAR 1      2.72                      4.70  -1.98     4.04
  SINCE JAN 1      8.02                      9.06  -1.04     8.29

SNOWFALL (IN)
  YESTERDAY        0.0           3.9  1875   0.1   -0.1      0.1
  MONTH TO DATE    8.8                       3.7    5.1      0.5
  SINCE MAR 1     12.0                      20.0   -8.0     13.3
  SINCE JUL 1     63.7                      98.9  -35.2    101.9
  SNOW DEPTH       0

DEGREE DAYS
 HEATING
  YESTERDAY       21                        16      5       27
  MONTH TO DATE  546                       480     66      419
  SINCE MAR 1   1308                      1432   -124     1497
  SINCE JUL 1   5225                      6218   -993     6591

 COOLING
  YESTERDAY        0                         0      0        0
  MONTH TO DATE    0                         0      0        0
  SINCE MAR 1      0                         0      0        0
  SINCE JAN 1      0                         0      0        0
..................................................................


WIND (MPH)
  HIGHEST WIND SPEED    14   HIGHEST WIND DIRECTION    NE (40)
  HIGHEST GUST SPEED    18   HIGHEST GUST DIRECTION     N (20)
  AVERAGE WIND SPEED     4.7


SKY COVER
  AVERAGE SKY COVER 0.5


WEATHER CONDITIONS
 THE FOLLOWING WEATHER WAS RECORDED YESTERDAY.
  NO SIGNIFICANT WEATHER WAS OBSERVED.


RELATIVE HUMIDITY (PERCENT)
 HIGHEST    82           400 AM
 LOWEST     24           500 PM
 AVERAGE    53

..........................................................


THE ROCHESTER NY CLIMATE NORMALS FOR TODAY
                         NORMAL    RECORD    YEAR
 MAXIMUM TEMPERATURE (F)   60        86      1915
 MINIMUM TEMPERATURE (F)   40        21      1919


SUNRISE AND SUNSET
APRIL 25 2016.........SUNRISE   612 AM EDT   SUNSET   806 PM EDT
APRIL 26 2016.........SUNRISE   611 AM EDT   SUNSET   807 PM EDT


-  INDICATES NEGATIVE NUMBERS.
R  INDICATES RECORD WAS SET OR TIED.
MM INDICATES DATA IS MISSING.
T  INDICATES TRACE AMOUNT.




$$
