000
CDUS41 KBUF 221023
CLIROC


CLIMATE REPORT
NATIONAL WEATHER SERVICE BUFFALO NY
521 AM EST TUE NOV 22 2016


...................................

...THE ROCHESTER NY CLIMATE SUMMARY FOR NOVEMBER 21 2016...

CLIMATE NORMAL PERIOD 1981 TO 2010
CLIMATE RECORD PERIOD 1871 TO 2016


WEATHER ITEM   OBSERVED TIME   RECORD YEAR NORMAL DEPARTURE LAST
                VALUE   (LST)  VALUE       VALUE  FROM      YEAR
                                                  NORMAL
..................................................................
TEMPERATURE (F)
 YESTERDAY
  MAXIMUM         34    916 PM  72    1913  46    -12       48
  MINIMUM         30    610 AM   9    1880  31     -1       29
                                      1879
  AVERAGE         32                        39     -7       39

PRECIPITATION (IN)
  YESTERDAY        0.22          1.09 2007   0.10   0.12     0.00
  MONTH TO DATE    1.95                      2.04  -0.09     0.65
  SINCE SEP 1      9.51                      8.14   1.37     7.50
  SINCE JAN 1     27.16                     30.74  -3.58    33.63

SNOWFALL (IN)
  YESTERDAY        3.5 R         3.5  1937   0.3    3.2      0.0
  MONTH TO DATE   14.7                       3.8   10.9       T
  SINCE SEP 1     15.6                       3.9   11.7       T
  SINCE JUL 1     15.6                       3.9   11.7       T
  SNOW DEPTH      12

DEGREE DAYS
 HEATING
  YESTERDAY       33                        26      7       26
  MONTH TO DATE  371                       480   -109      317
  SINCE SEP 1    764                      1079   -315      793
  SINCE JUL 1    764                      1113   -349      812

 COOLING
  YESTERDAY        0                         0      0        0
  MONTH TO DATE    0                         0      0        0
  SINCE SEP 1    127                        55     72      144
  SINCE JAN 1    978                       539    439      698
..................................................................


WIND (MPH)
  HIGHEST WIND SPEED    32   HIGHEST WIND DIRECTION    NW (310)
  HIGHEST GUST SPEED    46   HIGHEST GUST DIRECTION     W (280)
  AVERAGE WIND SPEED    21.0


SKY COVER
  AVERAGE SKY COVER 1.0


WEATHER CONDITIONS
 THE FOLLOWING WEATHER WAS RECORDED YESTERDAY.
  LIGHT SNOW
  BLOWING SNOW


RELATIVE HUMIDITY (PERCENT)
 HIGHEST    85          1200 AM
 LOWEST     61           200 PM
 AVERAGE    73

..........................................................


THE ROCHESTER NY CLIMATE NORMALS FOR TODAY
                         NORMAL    RECORD    YEAR
 MAXIMUM TEMPERATURE (F)   45        71      1999
                                             1913
 MINIMUM TEMPERATURE (F)   31         7      1880


SUNRISE AND SUNSET
NOVEMBER 22 2016......SUNRISE   713 AM EST   SUNSET   441 PM EST
NOVEMBER 23 2016......SUNRISE   714 AM EST   SUNSET   440 PM EST


-  INDICATES NEGATIVE NUMBERS.
R  INDICATES RECORD WAS SET OR TIED.
MM INDICATES DATA IS MISSING.
T  INDICATES TRACE AMOUNT.




$$
