000
CDUS41 KBUF 162024
CLIROC


CLIMATE REPORT
NATIONAL WEATHER SERVICE BUFFALO NY
423 PM EDT MON MAY 16 2016


...................................

...THE ROCHESTER NY CLIMATE SUMMARY FOR MAY 16 2016...
VALID TODAY AS OF 0400 PM LOCAL TIME.

CLIMATE NORMAL PERIOD 1981 TO 2010
CLIMATE RECORD PERIOD 1871 TO 2016


WEATHER ITEM   OBSERVED TIME   RECORD YEAR NORMAL DEPARTURE LAST
                VALUE   (LST)  VALUE       VALUE  FROM      YEAR
                                                  NORMAL
..................................................................
TEMPERATURE (F)
 TODAY
  MAXIMUM         61    255 PM  90    1962  68     -7       77
  MINIMUM         36   1230 AM  30    1959  46    -10       57
  AVERAGE         49                        57     -8       67

PRECIPITATION (IN)
  TODAY            0.00          3.45 1974   0.09  -0.09     0.00
  MONTH TO DATE    1.29                      1.43  -0.14     0.98
  SINCE MAR 1      4.67                      6.66  -1.99     5.02
  SINCE JAN 1      9.97                     11.02  -1.05     9.27

SNOWFALL (IN)
  TODAY            0.0           0.1  1884   0.0    0.0      0.0
  MONTH TO DATE    T                         0.3   -0.3      0.0
  SINCE MAR 1     12.0                      20.5   -8.5     13.3
  SINCE JUL 1     63.7                      99.4  -35.7    101.9
  SNOW DEPTH       0

DEGREE DAYS
 HEATING
  TODAY           16                         9      7        0
  MONTH TO DATE  203                       175     28       62
  SINCE MAR 1   1639                      1692    -53     1654
  SINCE JUL 1   5556                      6478   -922     6748

 COOLING
  TODAY            0                         1     -1        2
  MONTH TO DATE    0                         7     -7       43
  SINCE MAR 1      0                        11    -11       43
  SINCE JAN 1      0                        11    -11       43
..................................................................


WIND (MPH)
  HIGHEST WIND SPEED    24   HIGHEST WIND DIRECTION     W (280)
  HIGHEST GUST SPEED    33   HIGHEST GUST DIRECTION     W (270)
  AVERAGE WIND SPEED    13.4


SKY COVER
  AVERAGE SKY COVER 0.5


WEATHER CONDITIONS
 THE FOLLOWING WEATHER WAS RECORDED TODAY.
  NO SIGNIFICANT WEATHER WAS OBSERVED.


RELATIVE HUMIDITY (PERCENT)
 HIGHEST    70           300 AM
 LOWEST     36          1200 PM
 AVERAGE    53

..........................................................


THE ROCHESTER NY CLIMATE NORMALS FOR TOMORROW
                         NORMAL    RECORD    YEAR
 MAXIMUM TEMPERATURE (F)   68        90      1962
 MINIMUM TEMPERATURE (F)   47        29      1956


SUNRISE AND SUNSET
MAY 16 2016...........SUNRISE   546 AM EDT   SUNSET   829 PM EDT
MAY 17 2016...........SUNRISE   545 AM EDT   SUNSET   830 PM EDT


-  INDICATES NEGATIVE NUMBERS.
R  INDICATES RECORD WAS SET OR TIED.
MM INDICATES DATA IS MISSING.
T  INDICATES TRACE AMOUNT.

$$
