000
CDUS41 KBUF 240706
CLIROC


CLIMATE REPORT
NATIONAL WEATHER SERVICE BUFFALO NY
305 AM EDT TUE MAR 24 2015


...................................

...THE ROCHESTER NY CLIMATE SUMMARY FOR MARCH 23 2015...

CLIMATE NORMAL PERIOD 1981 TO 2010
CLIMATE RECORD PERIOD 1871 TO 2015


WEATHER ITEM   OBSERVED TIME   RECORD YEAR NORMAL DEPARTURE LAST
                VALUE   (LST)  VALUE       VALUE  FROM      YEAR
                                                  NORMAL
..................................................................
TEMPERATURE (F)
 YESTERDAY
  MAXIMUM         26    353 PM  79    1966  45    -19       31
  MINIMUM         17    920 AM  -1    1875  28    -11       19
  AVERAGE         22                        37    -15       25

PRECIPITATION (IN)
  YESTERDAY        T             1.17 1903   0.08  -0.08      T
  MONTH TO DATE    0.89                      1.82  -0.93     1.37
  SINCE MAR 1      0.89                      1.82  -0.93     1.37
  SINCE JAN 1      5.14                      6.18  -1.04     4.99

SNOWFALL (IN)
  YESTERDAY       MM             6.3  2011   0.4   MM        0.1
  MONTH TO DATE   10.2                      13.6   -3.4     19.9
  SINCE MAR 1     10.2                      13.6   -3.4     19.9
  SINCE JUL 1     98.8                      92.5    6.3    103.0
  SNOW DEPTH       0

DEGREE DAYS
 HEATING
  YESTERDAY       43                        28     15       40
  MONTH TO DATE  815                       741     74      880
  SINCE MAR 1    815                       741     74      880
  SINCE JUL 1   5909                      5527    382     5965

 COOLING
  YESTERDAY        0                         0      0        0
  MONTH TO DATE    0                         0      0        0
  SINCE MAR 1      0                         0      0        0
  SINCE JAN 1      0                         0      0        0
..................................................................


WIND (MPH)
  HIGHEST WIND SPEED    20   HIGHEST WIND DIRECTION     N (10)
  HIGHEST GUST SPEED    24   HIGHEST GUST DIRECTION     N (360)
  AVERAGE WIND SPEED     7.4


SKY COVER
  AVERAGE SKY COVER 0.4


WEATHER CONDITIONS
 THE FOLLOWING WEATHER WAS RECORDED YESTERDAY.
  LIGHT SNOW


RELATIVE HUMIDITY (PERCENT)
 HIGHEST    73           500 AM
 LOWEST     36           300 PM
 AVERAGE    55

..........................................................


THE ROCHESTER NY CLIMATE NORMALS FOR TODAY
                         NORMAL    RECORD    YEAR
 MAXIMUM TEMPERATURE (F)   46        81      1910
 MINIMUM TEMPERATURE (F)   28         2      1965


SUNRISE AND SUNSET
MARCH 24 2015.........SUNRISE   707 AM EDT   SUNSET   727 PM EDT
MARCH 25 2015.........SUNRISE   705 AM EDT   SUNSET   729 PM EDT


-  INDICATES NEGATIVE NUMBERS.
R  INDICATES RECORD WAS SET OR TIED.
MM INDICATES DATA IS MISSING.
T  INDICATES TRACE AMOUNT.




$$
