000
CDUS41 KBUF 061030
CLIROC


CLIMATE REPORT
NATIONAL WEATHER SERVICE BUFFALO NY
529 AM EST FRI JAN 6 2017


...................................

...THE ROCHESTER NY CLIMATE SUMMARY FOR JANUARY 5 2017...

CLIMATE NORMAL PERIOD 1981 TO 2010
CLIMATE RECORD PERIOD 1871 TO 2017


WEATHER ITEM   OBSERVED TIME   RECORD YEAR NORMAL DEPARTURE LAST
                VALUE   (LST)  VALUE       VALUE  FROM      YEAR
                                                  NORMAL
..................................................................
TEMPERATURE (F)
 YESTERDAY
  MAXIMUM         24   1146 AM  65    1998  32     -8       23
  MINIMUM         16   1107 PM -14    1904  19     -3       13
  AVERAGE         20                        25     -5       18

PRECIPITATION (IN)
  YESTERDAY        0.04          0.60 2007   0.08  -0.04      T
  MONTH TO DATE    0.59                      0.41   0.18     0.08
  SINCE DEC 1      3.50                      3.04   0.46     2.81
  SINCE JAN 1      0.59                      0.41   0.18     0.08

SNOWFALL (IN)
  YESTERDAY        1.1           4.9  1873   0.8    0.3       T
  MONTH TO DATE    1.1                       4.3   -3.2      2.1
  SINCE DEC 1     30.4                      26.1    4.3      4.4
  SINCE JUL 1     46.3                      33.5   12.8      5.6
  SNOW DEPTH       0

DEGREE DAYS
 HEATING
  YESTERDAY       45                        40      5       47
  MONTH TO DATE  170                       196    -26      207
  SINCE DEC 1   1205                      1281    -76      906
  SINCE JUL 1   2183                      2649   -466     1946

 COOLING
  YESTERDAY        0                         0      0        0
  MONTH TO DATE    0                         0      0        0
  SINCE DEC 1      0                         0      0        0
  SINCE JAN 1      0                         0      0        0
..................................................................


WIND (MPH)
  HIGHEST WIND SPEED    31   HIGHEST WIND DIRECTION     W (280)
  HIGHEST GUST SPEED    40   HIGHEST GUST DIRECTION     W (280)
  AVERAGE WIND SPEED    13.6


SKY COVER
  AVERAGE SKY COVER 0.6


WEATHER CONDITIONS
 THE FOLLOWING WEATHER WAS RECORDED YESTERDAY.
  LIGHT SNOW
  FOG


RELATIVE HUMIDITY (PERCENT)
 HIGHEST    91           600 PM
 LOWEST     41           600 AM
 AVERAGE    66

..........................................................


THE ROCHESTER NY CLIMATE NORMALS FOR TODAY
                         NORMAL    RECORD    YEAR
 MAXIMUM TEMPERATURE (F)   32        60      1946
                                             1890
 MINIMUM TEMPERATURE (F)   18       -10      1896


SUNRISE AND SUNSET
JANUARY  6 2017.......SUNRISE   742 AM EST   SUNSET   451 PM EST
JANUARY  7 2017.......SUNRISE   742 AM EST   SUNSET   452 PM EST


-  INDICATES NEGATIVE NUMBERS.
R  INDICATES RECORD WAS SET OR TIED.
MM INDICATES DATA IS MISSING.
T  INDICATES TRACE AMOUNT.

$$
