000
CDUS41 KBUF 010705
CLIROC


CLIMATE REPORT
NATIONAL WEATHER SERVICE BUFFALO NY
205 AM EST THU DEC 1 2016


...................................

...THE ROCHESTER NY CLIMATE SUMMARY FOR NOVEMBER 30 2016...

CLIMATE NORMAL PERIOD 1981 TO 2010
CLIMATE RECORD PERIOD 1871 TO 2016


WEATHER ITEM   OBSERVED TIME   RECORD YEAR NORMAL DEPARTURE LAST
                VALUE   (LST)  VALUE       VALUE  FROM      YEAR
                                                  NORMAL
..................................................................
TEMPERATURE (F)
 YESTERDAY
  MAXIMUM         60    639 PM  70    2006  42     18       43
  MINIMUM         41    459 AM   1    1875  29     12       31
  AVERAGE         51                        35     16       37

PRECIPITATION (IN)
  YESTERDAY        0.26          1.52 1927   0.10   0.16     0.00
  MONTH TO DATE    2.60                      2.94  -0.34     0.97
  SINCE SEP 1     10.16                      9.04   1.12     7.82
  SINCE JAN 1     27.81                     31.64  -3.83    33.95

SNOWFALL (IN)
  YESTERDAY       MM             6.4  1983   0.4   MM        0.0
  MONTH TO DATE   15.0                       7.3    7.7      1.2
  SINCE SEP 1     15.9                       7.4    8.5      1.2
  SINCE JUL 1     15.9                       7.4    8.5      1.2
  SNOW DEPTH       0

DEGREE DAYS
 HEATING
  YESTERDAY       14                        30    -16       28
  MONTH TO DATE  585                       735   -150      545
  SINCE SEP 1    978                      1334   -356     1021
  SINCE JUL 1    978                      1368   -390     1040

 COOLING
  YESTERDAY        0                         0      0        0
  MONTH TO DATE    0                         0      0        0
  SINCE SEP 1    127                        55     72      144
  SINCE JAN 1    978                       539    439      698
..................................................................


WIND (MPH)
  HIGHEST WIND SPEED    31   HIGHEST WIND DIRECTION     W (260)
  HIGHEST GUST SPEED    39   HIGHEST GUST DIRECTION     W (260)
  AVERAGE WIND SPEED     7.9


SKY COVER
  AVERAGE SKY COVER 0.8


WEATHER CONDITIONS
 THE FOLLOWING WEATHER WAS RECORDED YESTERDAY.
  HEAVY RAIN
  RAIN
  LIGHT RAIN
  FOG


RELATIVE HUMIDITY (PERCENT)
 HIGHEST   100           200 AM
 LOWEST     69           500 PM
 AVERAGE    85

..........................................................


THE ROCHESTER NY CLIMATE NORMALS FOR TODAY
                         NORMAL    RECORD    YEAR
 MAXIMUM TEMPERATURE (F)   42        64      1934
 MINIMUM TEMPERATURE (F)   28         3      1887
                                             1875


SUNRISE AND SUNSET
DECEMBER  1 2016......SUNRISE   723 AM EST   SUNSET   437 PM EST
DECEMBER  2 2016......SUNRISE   724 AM EST   SUNSET   436 PM EST


-  INDICATES NEGATIVE NUMBERS.
R  INDICATES RECORD WAS SET OR TIED.
MM INDICATES DATA IS MISSING.
T  INDICATES TRACE AMOUNT.




$$
