000
CDUS41 KBUF 291018
CLIROC


CLIMATE REPORT
NATIONAL WEATHER SERVICE BUFFALO NY
617 AM EDT FRI APR 29 2016


...................................

...THE ROCHESTER NY CLIMATE SUMMARY FOR APRIL 28 2016...

CLIMATE NORMAL PERIOD 1981 TO 2010
CLIMATE RECORD PERIOD 1871 TO 2016


WEATHER ITEM   OBSERVED TIME   RECORD YEAR NORMAL DEPARTURE LAST
                VALUE   (LST)  VALUE       VALUE  FROM      YEAR
                                                  NORMAL
..................................................................
TEMPERATURE (F)
 YESTERDAY
  MAXIMUM         52   1130 AM  93    1990  62    -10       66
  MINIMUM         32    500 AM  25    1947  41     -9       41
  AVERAGE         42                        51     -9       54

PRECIPITATION (IN)
  YESTERDAY        0.00          1.18 1889   0.09  -0.09      T
  MONTH TO DATE    1.55                      2.55  -1.00     2.70
  SINCE MAR 1      3.37                      5.05  -1.68     4.04
  SINCE JAN 1      8.67                      9.41  -0.74     8.29

SNOWFALL (IN)
  YESTERDAY        0.0           0.5  1885   0.0    0.0      0.0
  MONTH TO DATE    8.8                       3.8    5.0      0.5
  SINCE MAR 1     12.0                      20.1   -8.1     13.3
  SINCE JUL 1     63.7                      99.0  -35.3    101.9
  SNOW DEPTH       0

DEGREE DAYS
 HEATING
  YESTERDAY       23                        14      9       11
  MONTH TO DATE  639                       538    101      495
  SINCE MAR 1   1401                      1490    -89     1573
  SINCE JUL 1   5318                      6276   -958     6667

 COOLING
  YESTERDAY        0                         0      0        0
  MONTH TO DATE    0                         0      0        0
  SINCE MAR 1      0                         0      0        0
  SINCE JAN 1      0                         0      0        0
..................................................................


WIND (MPH)
  HIGHEST WIND SPEED    18   HIGHEST WIND DIRECTION    NE (40)
  HIGHEST GUST SPEED    22   HIGHEST GUST DIRECTION     E (70)
  AVERAGE WIND SPEED     8.4


SKY COVER
  AVERAGE SKY COVER 0.8


WEATHER CONDITIONS
 THE FOLLOWING WEATHER WAS RECORDED YESTERDAY.
  NO SIGNIFICANT WEATHER WAS OBSERVED.


RELATIVE HUMIDITY (PERCENT)
 HIGHEST    69           300 AM
 LOWEST     30           100 PM
 AVERAGE    50

..........................................................


THE ROCHESTER NY CLIMATE NORMALS FOR TODAY
                         NORMAL    RECORD    YEAR
 MAXIMUM TEMPERATURE (F)   62        86      1899
 MINIMUM TEMPERATURE (F)   41        27      2012
                                             1977


SUNRISE AND SUNSET
APRIL 29 2016.........SUNRISE   606 AM EDT   SUNSET   810 PM EDT
APRIL 30 2016.........SUNRISE   605 AM EDT   SUNSET   811 PM EDT


-  INDICATES NEGATIVE NUMBERS.
R  INDICATES RECORD WAS SET OR TIED.
MM INDICATES DATA IS MISSING.
T  INDICATES TRACE AMOUNT.

$$
