811
CDUS41 KBUF 170705
CLIROC


CLIMATE REPORT
NATIONAL WEATHER SERVICE BUFFALO NY
305 AM EDT SUN SEP 17 2017


...................................

...THE ROCHESTER NY CLIMATE SUMMARY FOR SEPTEMBER 16 2017...

CLIMATE NORMAL PERIOD 1981 TO 2010
CLIMATE RECORD PERIOD 1871 TO 2017


WEATHER ITEM   OBSERVED TIME   RECORD YEAR NORMAL DEPARTURE LAST
                VALUE   (LST)  VALUE       VALUE  FROM      YEAR
                                                  NORMAL
..................................................................
TEMPERATURE (F)
 YESTERDAY
  MAXIMUM         83    254 PM  97    1939  72     11       81
  MINIMUM         58    634 AM  34    1964  52      6       46
  AVERAGE         71                        62      9       64

PRECIPITATION (IN)
  YESTERDAY        0.00          3.08 2005   0.12  -0.12     0.00
  MONTH TO DATE    0.96                      1.78  -0.82     0.15
  SINCE SEP 1      0.96                      1.78  -0.82     0.15
  SINCE JAN 1     31.97                     24.38   7.59    17.80

SNOWFALL (IN)
  YESTERDAY        0.0           0.0    MM   0.0    0.0      0.0
  MONTH TO DATE    0.0                       0.0    0.0      0.0
  SINCE SEP 1      0.0                       0.0    0.0      0.0
  SINCE JUL 1      0.0                       0.0    0.0      0.0
  SNOW DEPTH       0

DEGREE DAYS
 HEATING
  YESTERDAY        0                         5     -5        1
  MONTH TO DATE   59                        48     11       10
  SINCE SEP 1     59                        48     11       10
  SINCE JUL 1     86                        82      4       10

 COOLING
  YESTERDAY        6                         1      5        0
  MONTH TO DATE   22                        38    -16       76
  SINCE SEP 1     22                        38    -16       76
  SINCE JAN 1    538                       522     16      927
..................................................................


WIND (MPH)
  HIGHEST WIND SPEED    14   HIGHEST WIND DIRECTION    NE (30)
  HIGHEST GUST SPEED    16   HIGHEST GUST DIRECTION    NE (30)
  AVERAGE WIND SPEED     3.4


SKY COVER
  AVERAGE SKY COVER 0.2


WEATHER CONDITIONS
 THE FOLLOWING WEATHER WAS RECORDED YESTERDAY.
  FOG
  FOG W/VISIBILITY <= 1/4 MILE


RELATIVE HUMIDITY (PERCENT)
 HIGHEST   100           100 AM
 LOWEST     47           300 PM
 AVERAGE    74

..........................................................


THE ROCHESTER NY CLIMATE NORMALS FOR TODAY
                         NORMAL    RECORD    YEAR
 MAXIMUM TEMPERATURE (F)   71        91      1899
 MINIMUM TEMPERATURE (F)   52        32      1959


SUNRISE AND SUNSET
SEPTEMBER 17 2017.....SUNRISE   653 AM EDT   SUNSET   717 PM EDT
SEPTEMBER 18 2017.....SUNRISE   654 AM EDT   SUNSET   715 PM EDT


-  INDICATES NEGATIVE NUMBERS.
R  INDICATES RECORD WAS SET OR TIED.
MM INDICATES DATA IS MISSING.
T  INDICATES TRACE AMOUNT.




$$
