000
CDUS41 KBUF 110705
CLIROC


CLIMATE REPORT
NATIONAL WEATHER SERVICE BUFFALO NY
305 AM EDT FRI APR 11 2014


...................................

...THE ROCHESTER NY CLIMATE SUMMARY FOR APRIL 10 2014...

CLIMATE NORMAL PERIOD 1981 TO 2010
CLIMATE RECORD PERIOD 1871 TO 2014


WEATHER ITEM   OBSERVED TIME   RECORD YEAR NORMAL DEPARTURE LAST
                VALUE   (LST)  VALUE       VALUE  FROM      YEAR
                                                  NORMAL
..................................................................
TEMPERATURE (F)
 YESTERDAY
  MAXIMUM         72    356 PM  85    1945  54     18       46
  MINIMUM         36    125 AM  16    1974  35      1       40
  AVERAGE         54                        44     10       43

PRECIPITATION (IN)
  YESTERDAY        0.07          0.94 1990   0.10  -0.03     0.50
  MONTH TO DATE    1.38                      0.95   0.43     1.29
  SINCE MAR 1      3.74                      3.45   0.29     2.14
  SINCE JAN 1      7.36                      7.81  -0.45     6.45

SNOWFALL (IN)
  YESTERDAY       MM             4.8  1942   0.2   MM        0.0
  MONTH TO DATE    0.1                       2.1   -2.0      2.3
  SINCE MAR 1     29.4                      18.4   11.0     14.2
  SINCE JUL 1    112.5                      97.3   15.2     78.1
  SNOW DEPTH       0

DEGREE DAYS
 HEATING
  YESTERDAY       11                        21    -10       22
  MONTH TO DATE  237                       228      9      236
  SINCE MAR 1   1385                      1180    205     1207
  SINCE JUL 1   6470                      5966    504     5515

 COOLING
  YESTERDAY        0                         0      0        0
  MONTH TO DATE    0                         0      0        0
  SINCE MAR 1      0                         0      0        0
  SINCE JAN 1      0                         0      0        0
..................................................................


WIND (MPH)
  HIGHEST WIND SPEED    32   HIGHEST WIND DIRECTION     W (250)
  HIGHEST GUST SPEED    41   HIGHEST GUST DIRECTION    SW (230)
  AVERAGE WIND SPEED    15.7


SKY COVER
  AVERAGE SKY COVER 0.6


WEATHER CONDITIONS
 THE FOLLOWING WEATHER WAS RECORDED YESTERDAY.
  LIGHT RAIN
  FOG


RELATIVE HUMIDITY (PERCENT)
 HIGHEST    89          1100 PM
 LOWEST     20           400 PM
 AVERAGE    55

..........................................................


THE ROCHESTER NY CLIMATE NORMALS FOR TODAY
                         NORMAL    RECORD    YEAR
 MAXIMUM TEMPERATURE (F)   54        85      1945
 MINIMUM TEMPERATURE (F)   35        14      1970


SUNRISE AND SUNSET
APRIL 11 2014.........SUNRISE   635 AM EDT   SUNSET   749 PM EDT
APRIL 12 2014.........SUNRISE   634 AM EDT   SUNSET   750 PM EDT


-  INDICATES NEGATIVE NUMBERS.
R  INDICATES RECORD WAS SET OR TIED.
MM INDICATES DATA IS MISSING.
T  INDICATES TRACE AMOUNT.




$$
