000
CDUS41 KBUF 161012
CLIROC


CLIMATE REPORT
NATIONAL WEATHER SERVICE BUFFALO NY
611 AM EDT SAT AUG 16 2014


...................................

...THE ROCHESTER NY CLIMATE SUMMARY FOR AUGUST 15 2014...

CLIMATE NORMAL PERIOD 1981 TO 2010
CLIMATE RECORD PERIOD 1871 TO 2014


WEATHER ITEM   OBSERVED TIME   RECORD YEAR NORMAL DEPARTURE LAST
                VALUE   (LST)  VALUE       VALUE  FROM      YEAR
                                                  NORMAL
..................................................................
TEMPERATURE (F)
 YESTERDAY
  MAXIMUM         72    402 PM  96    1959  79     -7       76
  MINIMUM         54    422 AM  47    1964  60     -6       49
  AVERAGE         63                        70     -7       63

PRECIPITATION (IN)
  YESTERDAY        0.01          1.06 1905   0.12  -0.11     0.00
  MONTH TO DATE    2.01                      1.77   0.24     1.96
  SINCE JUN 1     11.77                      8.44   3.33    12.64
  SINCE JAN 1     24.77                     20.90   3.87    24.47

SNOWFALL (IN)
  YESTERDAY        0.0           0.0    MM   0.0    0.0      0.0
  MONTH TO DATE    0.0                       0.0    0.0      0.0
  SINCE JUN 1      0.0                       0.0    0.0      0.0
  SINCE JUL 1      0.0                       0.0    0.0      0.0
  SNOW DEPTH       0

DEGREE DAYS
 HEATING
  YESTERDAY        2                         1      1        2
  MONTH TO DATE    8                         5      3        9
  SINCE JUN 1     44                        85    -41       75
  SINCE JUL 1     15                        17     -2       17

 COOLING
  YESTERDAY        0                         5     -5        0
  MONTH TO DATE   57                        86    -29       48
  SINCE JUN 1    357                       385    -28      416
  SINCE JAN 1    396                       415    -19      487
..................................................................


WIND (MPH)
  HIGHEST WIND SPEED    21   HIGHEST WIND DIRECTION     W (270)
  HIGHEST GUST SPEED    26   HIGHEST GUST DIRECTION     W (290)
  AVERAGE WIND SPEED    11.0


SKY COVER
  AVERAGE SKY COVER 0.8


WEATHER CONDITIONS
 THE FOLLOWING WEATHER WAS RECORDED YESTERDAY.
  LIGHT RAIN


RELATIVE HUMIDITY (PERCENT)
 HIGHEST    86          1000 PM
 LOWEST     37           100 PM
 AVERAGE    62

..........................................................


THE ROCHESTER NY CLIMATE NORMALS FOR TODAY
                         NORMAL    RECORD    YEAR
 MAXIMUM TEMPERATURE (F)   79        94      1913
 MINIMUM TEMPERATURE (F)   60        47      1979
                                             1945
                                             1885


SUNRISE AND SUNSET
AUGUST 16 2014........SUNRISE   617 AM EDT   SUNSET   812 PM EDT
AUGUST 17 2014........SUNRISE   618 AM EDT   SUNSET   810 PM EDT


-  INDICATES NEGATIVE NUMBERS.
R  INDICATES RECORD WAS SET OR TIED.
MM INDICATES DATA IS MISSING.
T  INDICATES TRACE AMOUNT.




$$
