062
CDUS41 KBUF 142037
CLIROC


CLIMATE REPORT
NATIONAL WEATHER SERVICE BUFFALO NY
437 PM EDT FRI JUL 14 2017


...................................

...THE ROCHESTER NY CLIMATE SUMMARY FOR JULY 14 2017...
VALID TODAY AS OF 0400 PM LOCAL TIME.

CLIMATE NORMAL PERIOD 1981 TO 2010
CLIMATE RECORD PERIOD 1871 TO 2017


WEATHER ITEM   OBSERVED TIME   RECORD YEAR NORMAL DEPARTURE LAST
                VALUE   (LST)  VALUE       VALUE  FROM      YEAR
                                                  NORMAL
..................................................................
TEMPERATURE (F)
 TODAY
  MAXIMUM         84    139 PM  97    1952  81      3       88
  MINIMUM         65    521 AM  48    2009  61      4       73
                                      1926
                                      1888
  AVERAGE         75                        71      4       81

PRECIPITATION (IN)
  TODAY            0.01          2.03 1945   0.10  -0.09      T
  MONTH TO DATE    2.24                      1.47   0.77     0.82
  SINCE JUN 1      5.78                      4.81   0.97     1.73
  SINCE JAN 1     25.76                     17.27   8.49    13.34

SNOWFALL (IN)
  TODAY            0.0           0.0    MM   0.0    0.0      0.0
  MONTH TO DATE    0.0                       0.0    0.0      0.0
  SINCE JUN 1      0.0                       0.0    0.0      0.0
  SINCE JUL 1      0.0                       0.0    0.0      0.0
  SNOW DEPTH       0

DEGREE DAYS
 HEATING
  TODAY            0                         0      0        0
  MONTH TO DATE    0                         6     -6        0
  SINCE JUN 1     45                        74    -29       47
  SINCE JUL 1      0                         6     -6        0

 COOLING
  TODAY           10                         6      4       16
  MONTH TO DATE   90                        84      6      141
  SINCE JUN 1    223                       190     33      270
  SINCE JAN 1    265                       220     45      332
..................................................................


WIND (MPH)
  HIGHEST WIND SPEED    22   HIGHEST WIND DIRECTION     W (290)
  HIGHEST GUST SPEED    28   HIGHEST GUST DIRECTION    NW (300)
  AVERAGE WIND SPEED     7.8


SKY COVER
  AVERAGE SKY COVER 0.7


WEATHER CONDITIONS
 THE FOLLOWING WEATHER WAS RECORDED TODAY.
  THUNDERSTORM
  FOG


RELATIVE HUMIDITY (PERCENT)
 HIGHEST   100           300 AM
 LOWEST     58           100 PM
 AVERAGE    79

..........................................................


THE ROCHESTER NY CLIMATE NORMALS FOR TOMORROW
                         NORMAL    RECORD    YEAR
 MAXIMUM TEMPERATURE (F)   81        96      1983
 MINIMUM TEMPERATURE (F)   61        48      1884


SUNRISE AND SUNSET
JULY 14 2017..........SUNRISE   544 AM EDT   SUNSET   849 PM EDT
JULY 15 2017..........SUNRISE   545 AM EDT   SUNSET   848 PM EDT


-  INDICATES NEGATIVE NUMBERS.
R  INDICATES RECORD WAS SET OR TIED.
MM INDICATES DATA IS MISSING.
T  INDICATES TRACE AMOUNT.




$$
