471
CDUS41 KBUF 211027
CLIROC


CLIMATE REPORT
NATIONAL WEATHER SERVICE BUFFALO NY
626 AM EDT SAT MAY 21 2016


...................................

...THE ROCHESTER NY CLIMATE SUMMARY FOR MAY 20 2016...

CLIMATE NORMAL PERIOD 1981 TO 2010
CLIMATE RECORD PERIOD 1871 TO 2016


WEATHER ITEM   OBSERVED TIME   RECORD YEAR NORMAL DEPARTURE LAST
                VALUE   (LST)  VALUE       VALUE  FROM      YEAR
                                                  NORMAL
..................................................................
TEMPERATURE (F)
 YESTERDAY
  MAXIMUM         73    402 PM  92    1911  69      4       59
  MINIMUM         43    518 AM  34    1956  48     -5       42
                                      1907
  AVERAGE         58                        58      0       51

PRECIPITATION (IN)
  YESTERDAY        0.00          1.31 1890   0.10  -0.10     0.00
  MONTH TO DATE    1.34                      1.82  -0.48     0.98
  SINCE MAR 1      4.72                      7.05  -2.33     5.02
  SINCE JAN 1     10.02                     11.41  -1.39     9.27

SNOWFALL (IN)
  YESTERDAY        0.0           T    1907   0.0    0.0      0.0
  MONTH TO DATE    T                         0.4   -0.4      0.0
  SINCE MAR 1     12.0                      20.6   -8.6     13.3
  SINCE JUL 1     63.7                      99.5  -35.8    101.9
  SNOW DEPTH       0

DEGREE DAYS
 HEATING
  YESTERDAY        7                         8     -1       14
  MONTH TO DATE  247                       207     40       80
  SINCE MAR 1   1683                      1724    -41     1672
  SINCE JUL 1   5600                      6510   -910     6766

 COOLING
  YESTERDAY        0                         1     -1        0
  MONTH TO DATE    0                        11    -11       55
  SINCE MAR 1      0                        15    -15       55
  SINCE JAN 1      0                        15    -15       55
..................................................................


WIND (MPH)
  HIGHEST WIND SPEED    15   HIGHEST WIND DIRECTION     E (70)
  HIGHEST GUST SPEED    19   HIGHEST GUST DIRECTION    NE (30)
  AVERAGE WIND SPEED     6.0


SKY COVER
  AVERAGE SKY COVER 0.4


WEATHER CONDITIONS
 THE FOLLOWING WEATHER WAS RECORDED YESTERDAY.
  NO SIGNIFICANT WEATHER WAS OBSERVED.


RELATIVE HUMIDITY (PERCENT)
 HIGHEST    89           500 AM
 LOWEST     25           300 PM
 AVERAGE    57

..........................................................


THE ROCHESTER NY CLIMATE NORMALS FOR TODAY
                         NORMAL    RECORD    YEAR
 MAXIMUM TEMPERATURE (F)   69        92      1977
 MINIMUM TEMPERATURE (F)   48        31      1895


SUNRISE AND SUNSET
MAY 21 2016...........SUNRISE   541 AM EDT   SUNSET   834 PM EDT
MAY 22 2016...........SUNRISE   540 AM EDT   SUNSET   835 PM EDT


-  INDICATES NEGATIVE NUMBERS.
R  INDICATES RECORD WAS SET OR TIED.
MM INDICATES DATA IS MISSING.
T  INDICATES TRACE AMOUNT.

$$
