000
CDUS41 KBUF 122020
CLIROC


CLIMATE REPORT
NATIONAL WEATHER SERVICE BUFFALO NY
420 PM EDT MON SEP 12 2016


...................................

...THE ROCHESTER NY CLIMATE SUMMARY FOR SEPTEMBER 12 2016...
VALID TODAY AS OF 0400 PM LOCAL TIME.

CLIMATE NORMAL PERIOD 1981 TO 2010
CLIMATE RECORD PERIOD 1871 TO 2016


WEATHER ITEM   OBSERVED TIME   RECORD YEAR NORMAL DEPARTURE LAST
                VALUE   (LST)  VALUE       VALUE  FROM      YEAR
                                                  NORMAL
..................................................................
TEMPERATURE (F)
 TODAY
  MAXIMUM         78    249 PM  95    1931  73      5       65
  MINIMUM         52    625 AM  38    1943  53     -1       58
  AVERAGE         65                        63      2       62

PRECIPITATION (IN)
  TODAY            0.00          1.59 2015   0.11  -0.11     1.59
  MONTH TO DATE    0.15                      1.31  -1.16     2.14
  SINCE SEP 1      0.15                      1.31  -1.16     2.14
  SINCE JAN 1     17.80                     23.91  -6.11    28.27

SNOWFALL (IN)
  TODAY            0.0           0.0    MM   0.0    0.0      0.0
  MONTH TO DATE    0.0                       0.0    0.0      0.0
  SINCE SEP 1      0.0                       0.0    0.0      0.0
  SINCE JUL 1      0.0                       0.0    0.0      0.0
  SNOW DEPTH       0

DEGREE DAYS
 HEATING
  TODAY            0                         4     -4        3
  MONTH TO DATE    3                        31    -28        3
  SINCE SEP 1      3                        31    -28        3
  SINCE JUL 1      3                        65    -62       22

 COOLING
  TODAY            0                         2     -2        0
  MONTH TO DATE   71                        31     40      111
  SINCE SEP 1     71                        31     40      111
  SINCE JAN 1    922                       515    407      665
..................................................................


WIND (MPH)
  HIGHEST WIND SPEED    13   HIGHEST WIND DIRECTION    SW (230)
  HIGHEST GUST SPEED    16   HIGHEST GUST DIRECTION     S (200)
  AVERAGE WIND SPEED     5.5


SKY COVER
  AVERAGE SKY COVER 0.2


WEATHER CONDITIONS
 THE FOLLOWING WEATHER WAS RECORDED TODAY.
  NO SIGNIFICANT WEATHER WAS OBSERVED.


RELATIVE HUMIDITY (PERCENT)
 HIGHEST    96           600 AM
 LOWEST     33           300 PM
 AVERAGE    65

..........................................................


THE ROCHESTER NY CLIMATE NORMALS FOR TOMORROW
                         NORMAL    RECORD    YEAR
 MAXIMUM TEMPERATURE (F)   73        94      1952
                                             1951
 MINIMUM TEMPERATURE (F)   53        36      1943


SUNRISE AND SUNSET
SEPTEMBER 12 2016.....SUNRISE   647 AM EDT   SUNSET   725 PM EDT
SEPTEMBER 13 2016.....SUNRISE   649 AM EDT   SUNSET   723 PM EDT


-  INDICATES NEGATIVE NUMBERS.
R  INDICATES RECORD WAS SET OR TIED.
MM INDICATES DATA IS MISSING.
T  INDICATES TRACE AMOUNT.




$$
