000
CDUS41 KBUF 130705
CLIROC


CLIMATE REPORT
NATIONAL WEATHER SERVICE BUFFALO NY
305 AM EDT WED SEP 13 2017


...................................

...THE ROCHESTER NY CLIMATE SUMMARY FOR SEPTEMBER 12 2017...

CLIMATE NORMAL PERIOD 1981 TO 2010
CLIMATE RECORD PERIOD 1871 TO 2017


WEATHER ITEM   OBSERVED TIME   RECORD YEAR NORMAL DEPARTURE LAST
                VALUE   (LST)  VALUE       VALUE  FROM      YEAR
                                                  NORMAL
..................................................................
TEMPERATURE (F)
 YESTERDAY
  MAXIMUM         79    254 PM  95    1931  73      6       78
  MINIMUM         50    526 AM  38    1943  53     -3       52
  AVERAGE         65                        63      2       65

PRECIPITATION (IN)
  YESTERDAY        0.00          1.59 2015   0.11  -0.11     0.00
  MONTH TO DATE    0.96                      1.31  -0.35     0.15
  SINCE SEP 1      0.96                      1.31  -0.35     0.15
  SINCE JAN 1     31.97                     23.91   8.06    17.80

SNOWFALL (IN)
  YESTERDAY        0.0           0.0    MM   0.0    0.0      0.0
  MONTH TO DATE    0.0                       0.0    0.0      0.0
  SINCE SEP 1      0.0                       0.0    0.0      0.0
  SINCE JUL 1      0.0                       0.0    0.0      0.0
  SNOW DEPTH       0

DEGREE DAYS
 HEATING
  YESTERDAY        0                         4     -4        0
  MONTH TO DATE   59                        31     28        3
  SINCE SEP 1     59                        31     28        3
  SINCE JUL 1     86                        65     21        3

 COOLING
  YESTERDAY        0                         2     -2        0
  MONTH TO DATE    3                        31    -28       71
  SINCE SEP 1      3                        31    -28       71
  SINCE JAN 1    519                       515      4      922
..................................................................


WIND (MPH)
  HIGHEST WIND SPEED    10   HIGHEST WIND DIRECTION    NE (40)
  HIGHEST GUST SPEED    12   HIGHEST GUST DIRECTION    NE (30)
  AVERAGE WIND SPEED     4.0


SKY COVER
  AVERAGE SKY COVER 0.4


WEATHER CONDITIONS
 THE FOLLOWING WEATHER WAS RECORDED YESTERDAY.
  NO SIGNIFICANT WEATHER WAS OBSERVED.


RELATIVE HUMIDITY (PERCENT)
 HIGHEST   100          1200 AM
 LOWEST     42           200 PM
 AVERAGE    71

..........................................................


THE ROCHESTER NY CLIMATE NORMALS FOR TODAY
                         NORMAL    RECORD    YEAR
 MAXIMUM TEMPERATURE (F)   73        94      1952
                                             1951
 MINIMUM TEMPERATURE (F)   53        36      1943


SUNRISE AND SUNSET
SEPTEMBER 13 2017.....SUNRISE   648 AM EDT   SUNSET   724 PM EDT
SEPTEMBER 14 2017.....SUNRISE   649 AM EDT   SUNSET   722 PM EDT


-  INDICATES NEGATIVE NUMBERS.
R  INDICATES RECORD WAS SET OR TIED.
MM INDICATES DATA IS MISSING.
T  INDICATES TRACE AMOUNT.




$$
