000
CDUS41 KBUF 061029
CLIROC


CLIMATE REPORT
NATIONAL WEATHER SERVICE BUFFALO NY
527 AM EST MON NOV 6 2017


...................................

...THE ROCHESTER NY CLIMATE SUMMARY FOR NOVEMBER 5 2017...

CLIMATE NORMAL PERIOD 1981 TO 2010
CLIMATE RECORD PERIOD 1871 TO 2017


WEATHER ITEM   OBSERVED TIME   RECORD YEAR NORMAL DEPARTURE LAST
                VALUE   (LST)  VALUE       VALUE  FROM      YEAR
                                                  NORMAL
..................................................................
TEMPERATURE (F)
 YESTERDAY
  MAXIMUM         60   1159 PM  75    2015  52      8       59
  MINIMUM         48   1202 AM  15    1951  36     12       41
  AVERAGE         54                        44     10       50

PRECIPITATION (IN)
  YESTERDAY        1.65          1.77 1985   0.09   1.56     0.00
  MONTH TO DATE    2.65                      0.49   2.16     0.91
  SINCE SEP 1     10.64                      6.59   4.05     8.47
  SINCE JAN 1     41.65                     29.19  12.46    26.12

SNOWFALL (IN)
  YESTERDAY        0.0           1.2  1966   0.1   -0.1      0.0
  MONTH TO DATE    0.0                       0.5   -0.5      0.0
  SINCE SEP 1      0.0                       0.6   -0.6      0.9
  SINCE JUL 1      0.0                       0.6   -0.6      0.9
  SNOW DEPTH       0

DEGREE DAYS
 HEATING
  YESTERDAY       11                        21    -10       15
  MONTH TO DATE   82                       101    -19       62
  SINCE SEP 1    417                       700   -283      455
  SINCE JUL 1    444                       734   -290      455

 COOLING
  YESTERDAY        0                         0      0        0
  MONTH TO DATE    0                         0      0        0
  SINCE SEP 1    139                        55     84      127
  SINCE JAN 1    655                       539    116      978
..................................................................


WIND (MPH)
  HIGHEST WIND SPEED    32   HIGHEST WIND DIRECTION    SW (210)
  HIGHEST GUST SPEED    43   HIGHEST GUST DIRECTION    SW (210)
  AVERAGE WIND SPEED    14.4


SKY COVER
  AVERAGE SKY COVER 0.9


WEATHER CONDITIONS
 THE FOLLOWING WEATHER WAS RECORDED YESTERDAY.
  THUNDERSTORM
  HEAVY RAIN
  RAIN
  LIGHT RAIN
  FOG


RELATIVE HUMIDITY (PERCENT)
 HIGHEST    93           400 AM
 LOWEST     71           100 AM
 AVERAGE    82

..........................................................


THE ROCHESTER NY CLIMATE NORMALS FOR TODAY
                         NORMAL    RECORD    YEAR
 MAXIMUM TEMPERATURE (F)   52        72      2015
                                             2005
                                             1948
 MINIMUM TEMPERATURE (F)   36        13      1951


SUNRISE AND SUNSET
NOVEMBER  6 2017......SUNRISE   652 AM EST   SUNSET   456 PM EST
NOVEMBER  7 2017......SUNRISE   653 AM EST   SUNSET   455 PM EST


-  INDICATES NEGATIVE NUMBERS.
R  INDICATES RECORD WAS SET OR TIED.
MM INDICATES DATA IS MISSING.
T  INDICATES TRACE AMOUNT.




$$
