833
CDUS41 KBUF 140705
CLIROC


CLIMATE REPORT
NATIONAL WEATHER SERVICE BUFFALO NY
205 AM EST TUE FEB 14 2017


...................................

...THE ROCHESTER NY CLIMATE SUMMARY FOR FEBRUARY 13 2017...

CLIMATE NORMAL PERIOD 1981 TO 2010
CLIMATE RECORD PERIOD 1871 TO 2017


WEATHER ITEM   OBSERVED TIME   RECORD YEAR NORMAL DEPARTURE LAST
                VALUE   (LST)  VALUE       VALUE  FROM      YEAR
                                                  NORMAL
..................................................................
TEMPERATURE (F)
 YESTERDAY
  MAXIMUM         33   1206 AM  64    1984  34     -1       19
  MINIMUM         26   1150 PM -12    1979  18      8       -4
  AVERAGE         30                        26      4        8

PRECIPITATION (IN)
  YESTERDAY        0.12          1.73 1971   0.06   0.06     0.03
  MONTH TO DATE    1.41                      0.86   0.55     1.03
  SINCE DEC 1      7.07                      5.90   1.17     5.28
  SINCE JAN 1      4.16                      3.27   0.89     2.55

SNOWFALL (IN)
  YESTERDAY       MM             9.8  1971   0.8   MM        1.7
  MONTH TO DATE    8.3                      10.1   -1.8      6.9
  SINCE DEC 1     49.4                      60.1  -10.7     29.4
  SINCE JUL 1     65.3                      67.5   -2.2     30.6
  SNOW DEPTH       4

DEGREE DAYS
 HEATING
  YESTERDAY       35                        39     -4       57
  MONTH TO DATE  461                       518    -57      434
  SINCE DEC 1   2532                      2854   -322     2292
  SINCE JUL 1   3510                      4222   -712     3332

 COOLING
  YESTERDAY        0                         0      0        0
  MONTH TO DATE    0                         0      0        0
  SINCE DEC 1      0                         0      0        0
  SINCE JAN 1      0                         0      0        0
..................................................................


WIND (MPH)
  HIGHEST WIND SPEED    28   HIGHEST WIND DIRECTION    NW (320)
  HIGHEST GUST SPEED    38   HIGHEST GUST DIRECTION     W (280)
  AVERAGE WIND SPEED    13.6


SKY COVER
  AVERAGE SKY COVER 1.0


WEATHER CONDITIONS
 THE FOLLOWING WEATHER WAS RECORDED YESTERDAY.
  SNOW
  LIGHT SNOW
  FOG
  HAZE
  BLOWING SNOW


RELATIVE HUMIDITY (PERCENT)
 HIGHEST    92           200 AM
 LOWEST     63           400 PM
 AVERAGE    78

..........................................................


THE ROCHESTER NY CLIMATE NORMALS FOR TODAY
                         NORMAL    RECORD    YEAR
 MAXIMUM TEMPERATURE (F)   34        56      1984
 MINIMUM TEMPERATURE (F)   18       -14      1979


SUNRISE AND SUNSET
FEBRUARY 14 2017......SUNRISE   709 AM EST   SUNSET   541 PM EST
FEBRUARY 15 2017......SUNRISE   708 AM EST   SUNSET   542 PM EST


-  INDICATES NEGATIVE NUMBERS.
R  INDICATES RECORD WAS SET OR TIED.
MM INDICATES DATA IS MISSING.
T  INDICATES TRACE AMOUNT.




$$
