000
CDUS41 KBUF 142034
CLIROC


CLIMATE REPORT
NATIONAL WEATHER SERVICE BUFFALO NY
432 PM EDT THU JUL 14 2016


...................................

...THE ROCHESTER NY CLIMATE SUMMARY FOR JULY 14 2016...
VALID TODAY AS OF 0400 PM LOCAL TIME.

CLIMATE NORMAL PERIOD 1981 TO 2010
CLIMATE RECORD PERIOD 1871 TO 2016


WEATHER ITEM   OBSERVED TIME   RECORD YEAR NORMAL DEPARTURE LAST
                VALUE   (LST)  VALUE       VALUE  FROM      YEAR
                                                  NORMAL
..................................................................
TEMPERATURE (F)
 TODAY
  MAXIMUM         88    216 PM  97    1952  81      7       80
  MINIMUM         73    210 AM  48    2009  61     12       70
                                      1926
                                      1888
  AVERAGE         81                        71     10       75

PRECIPITATION (IN)
  TODAY            T             2.03 1945   0.10  -0.10     0.13
  MONTH TO DATE    0.82                      1.47  -0.65     0.81
  SINCE JUN 1      1.73                      4.81  -3.08     7.01
  SINCE JAN 1     13.34                     17.27  -3.93    18.71

SNOWFALL (IN)
  TODAY            0.0           0.0    MM   0.0    0.0      0.0
  MONTH TO DATE    0.0                       0.0    0.0      0.0
  SINCE JUN 1      0.0                       0.0    0.0      0.0
  SINCE JUL 1      0.0                       0.0    0.0      0.0
  SNOW DEPTH       0

DEGREE DAYS
 HEATING
  TODAY            0                         0      0        0
  MONTH TO DATE    0                         6     -6        6
  SINCE JUN 1     47                        74    -27       63
  SINCE JUL 1      0                         6     -6        6

 COOLING
  TODAY           16                         6     10       10
  MONTH TO DATE  141                        84     57       69
  SINCE JUN 1    270                       190     80      163
  SINCE JAN 1    332                       220    112      266
..................................................................


WIND (MPH)
  HIGHEST WIND SPEED    26   HIGHEST WIND DIRECTION     W (270)
  HIGHEST GUST SPEED    35   HIGHEST GUST DIRECTION     W (260)
  AVERAGE WIND SPEED    15.1


SKY COVER
  AVERAGE SKY COVER 0.7


WEATHER CONDITIONS
 THE FOLLOWING WEATHER WAS RECORDED TODAY.
  THUNDERSTORM
  HEAVY RAIN
  LIGHT RAIN


RELATIVE HUMIDITY (PERCENT)
 HIGHEST    79          1200 AM
 LOWEST     50           300 PM
 AVERAGE    65

..........................................................


THE ROCHESTER NY CLIMATE NORMALS FOR TOMORROW
                         NORMAL    RECORD    YEAR
 MAXIMUM TEMPERATURE (F)   81        96      1983
 MINIMUM TEMPERATURE (F)   61        48      1884


SUNRISE AND SUNSET
JULY 14 2016..........SUNRISE   544 AM EDT   SUNSET   848 PM EDT
JULY 15 2016..........SUNRISE   545 AM EDT   SUNSET   848 PM EDT


-  INDICATES NEGATIVE NUMBERS.
R  INDICATES RECORD WAS SET OR TIED.
MM INDICATES DATA IS MISSING.
T  INDICATES TRACE AMOUNT.




$$
