706
CDUS41 KBUF 190705
CLIROC


CLIMATE REPORT
NATIONAL WEATHER SERVICE BUFFALO NY
305 AM EDT THU OCT 19 2017


...................................

...THE ROCHESTER NY CLIMATE SUMMARY FOR OCTOBER 18 2017...

CLIMATE NORMAL PERIOD 1981 TO 2010
CLIMATE RECORD PERIOD 1871 TO 2017


WEATHER ITEM   OBSERVED TIME   RECORD YEAR NORMAL DEPARTURE LAST
                VALUE   (LST)  VALUE       VALUE  FROM      YEAR
                                                  NORMAL
..................................................................
TEMPERATURE (F)
 YESTERDAY
  MAXIMUM         72    408 PM  83    1947  59     13       80
  MINIMUM         46    607 AM  23    1972  41      5       64
  AVERAGE         59                        50      9       72

PRECIPITATION (IN)
  YESTERDAY        0.00          1.16 1937   0.08  -0.08     0.24
  MONTH TO DATE    3.74                      1.61   2.13     1.26
  SINCE SEP 1      5.02                      4.99   0.03     3.56
  SINCE JAN 1     36.03                     27.59   8.44    21.21

SNOWFALL (IN)
  YESTERDAY        0.0           0.1  1972   0.0    0.0      0.0
  MONTH TO DATE    0.0                       0.0    0.0      0.0
  SINCE SEP 1      0.0                       0.0    0.0      0.0
  SINCE JUL 1      0.0                       0.0    0.0      0.0
  SNOW DEPTH       0

DEGREE DAYS
 HEATING
  YESTERDAY        6                        15     -9        0
  MONTH TO DATE   92                       225   -133      113
  SINCE SEP 1    184                       372   -188      164
  SINCE JUL 1    211                       406   -195      164

 COOLING
  YESTERDAY        0                         0      0        7
  MONTH TO DATE   21                         0     21       15
  SINCE SEP 1    138                        50     88      127
  SINCE JAN 1    654                       534    120      978
..................................................................


WIND (MPH)
  HIGHEST WIND SPEED    16   HIGHEST WIND DIRECTION     W (250)
  HIGHEST GUST SPEED    21   HIGHEST GUST DIRECTION    SW (230)
  AVERAGE WIND SPEED     7.0


SKY COVER
  AVERAGE SKY COVER 0.1


WEATHER CONDITIONS
 THE FOLLOWING WEATHER WAS RECORDED YESTERDAY.
  NO SIGNIFICANT WEATHER WAS OBSERVED.


RELATIVE HUMIDITY (PERCENT)
 HIGHEST    93          1000 PM
 LOWEST     35           400 PM
 AVERAGE    64

..........................................................


THE ROCHESTER NY CLIMATE NORMALS FOR TODAY
                         NORMAL    RECORD    YEAR
 MAXIMUM TEMPERATURE (F)   58        81      1953
                                             1950
                                             1945
 MINIMUM TEMPERATURE (F)   41        22      1972


SUNRISE AND SUNSET
OCTOBER 19 2017.......SUNRISE   729 AM EDT   SUNSET   621 PM EDT
OCTOBER 20 2017.......SUNRISE   731 AM EDT   SUNSET   619 PM EDT


-  INDICATES NEGATIVE NUMBERS.
R  INDICATES RECORD WAS SET OR TIED.
MM INDICATES DATA IS MISSING.
T  INDICATES TRACE AMOUNT.




$$
