000
CDUS41 KBUF 220705
CLIROC


CLIMATE REPORT
NATIONAL WEATHER SERVICE BUFFALO NY
305 AM EDT MON SEP 22 2014


...................................

...THE ROCHESTER NY CLIMATE SUMMARY FOR SEPTEMBER 21 2014...

CLIMATE NORMAL PERIOD 1981 TO 2010
CLIMATE RECORD PERIOD 1871 TO 2014


WEATHER ITEM   OBSERVED TIME   RECORD YEAR NORMAL DEPARTURE LAST
                VALUE   (LST)  VALUE       VALUE  FROM      YEAR
                                                  NORMAL
..................................................................
TEMPERATURE (F)
 YESTERDAY
  MAXIMUM         79   1208 PM  91    1931  70      9       72
                                      1895
  MINIMUM         57   1159 PM  35    1973  50      7       54
  AVERAGE         68                        60      8       63

PRECIPITATION (IN)
  YESTERDAY        0.28          1.33 1966   0.12   0.16     1.04
  MONTH TO DATE    1.26                      2.37  -1.11     2.41
  SINCE SEP 1      1.26                      2.37  -1.11     2.41
  SINCE JAN 1     26.29                     24.97   1.32    27.62

SNOWFALL (IN)
  YESTERDAY        0.0           0.0    MM   0.0    0.0      0.0
  MONTH TO DATE    0.0                       0.0    0.0      0.0
  SINCE SEP 1      0.0                       0.0    0.0      0.0
  SINCE JUL 1      0.0                       0.0    0.0      0.0
  SNOW DEPTH       0

DEGREE DAYS
 HEATING
  YESTERDAY        0                         6     -6        2
  MONTH TO DATE   93                        76     17       98
  SINCE SEP 1     93                        76     17       98
  SINCE JUL 1    118                       110      8      116

 COOLING
  YESTERDAY        3                         1      2        0
  MONTH TO DATE   66                        43     23       58
  SINCE SEP 1     66                        43     23       58
  SINCE JAN 1    530                       527      3      649
..................................................................


WIND (MPH)
  HIGHEST WIND SPEED    26   HIGHEST WIND DIRECTION     W (260)
  HIGHEST GUST SPEED    34   HIGHEST GUST DIRECTION     W (250)
  AVERAGE WIND SPEED    13.3


SKY COVER
  AVERAGE SKY COVER 0.6


WEATHER CONDITIONS
 THE FOLLOWING WEATHER WAS RECORDED YESTERDAY.
  HEAVY RAIN
  RAIN
  LIGHT RAIN
  FOG


RELATIVE HUMIDITY (PERCENT)
 HIGHEST    78           900 PM
 LOWEST     46           400 PM
 AVERAGE    62

..........................................................


THE ROCHESTER NY CLIMATE NORMALS FOR TODAY
                         NORMAL    RECORD    YEAR
 MAXIMUM TEMPERATURE (F)   69        93      1895
 MINIMUM TEMPERATURE (F)   50        36      1991
                                             1963


SUNRISE AND SUNSET
SEPTEMBER 22 2014.....SUNRISE   658 AM EDT   SUNSET   708 PM EDT
SEPTEMBER 23 2014.....SUNRISE   659 AM EDT   SUNSET   706 PM EDT


-  INDICATES NEGATIVE NUMBERS.
R  INDICATES RECORD WAS SET OR TIED.
MM INDICATES DATA IS MISSING.
T  INDICATES TRACE AMOUNT.




$$
