872
CDUS41 KBUF 242146
CLIROC


CLIMATE REPORT
NATIONAL WEATHER SERVICE BUFFALO NY
446 PM EST FRI FEB 24 2017


...................................

...THE ROCHESTER NY CLIMATE SUMMARY FOR FEBRUARY 24 2017...
VALID TODAY AS OF 0400 PM LOCAL TIME.

CLIMATE NORMAL PERIOD 1981 TO 2010
CLIMATE RECORD PERIOD 1871 TO 2017


WEATHER ITEM   OBSERVED TIME   RECORD YEAR NORMAL DEPARTURE LAST
                VALUE   (LST)  VALUE       VALUE  FROM      YEAR
                                                  NORMAL
..................................................................
TEMPERATURE (F)
 TODAY
  MAXIMUM         64    115 PM  70    1906  36     28       37
  MINIMUM         42    823 AM  -9    2015  20     22       33
                                      1889
  AVERAGE         53                        28     25       35

PRECIPITATION (IN)
  TODAY            0.35          0.86 2016   0.07   0.28     0.86
  MONTH TO DATE    1.99                      1.64   0.35     3.59
  SINCE DEC 1      7.65                      6.68   0.97     7.84
  SINCE JAN 1      4.74                      4.05   0.69     5.11

SNOWFALL (IN)
  TODAY            0.0           8.1  1962   0.8   -0.8       T
  MONTH TO DATE   14.4                      18.5   -4.1     26.2
  SINCE DEC 1     55.5                      68.5  -13.0     48.7
  SINCE JUL 1     71.4                      75.9   -4.5     49.9
  SNOW DEPTH       0

DEGREE DAYS
 HEATING
  TODAY           12                        37    -25       30
  MONTH TO DATE  727                       936   -209      873
  SINCE DEC 1   2798                      3272   -474     2731
  SINCE JUL 1   3776                      4640   -864     3771

 COOLING
  TODAY            0                         0      0        0
  MONTH TO DATE    0                         0      0        0
  SINCE DEC 1      0                         0      0        0
  SINCE JAN 1      0                         0      0        0
..................................................................


WIND (MPH)
  HIGHEST WIND SPEED    13   HIGHEST WIND DIRECTION     N (10)
  HIGHEST GUST SPEED    15   HIGHEST GUST DIRECTION     N (360)
  AVERAGE WIND SPEED     7.1


SKY COVER
  AVERAGE SKY COVER 0.9


WEATHER CONDITIONS
 THE FOLLOWING WEATHER WAS RECORDED TODAY.
  HEAVY RAIN
  RAIN
  LIGHT RAIN
  FOG


RELATIVE HUMIDITY (PERCENT)
 HIGHEST    96           800 AM
 LOWEST     71          1200 AM
 AVERAGE    84

..........................................................


THE ROCHESTER NY CLIMATE NORMALS FOR TOMORROW
                         NORMAL    RECORD    YEAR
 MAXIMUM TEMPERATURE (F)   36        67      1957
 MINIMUM TEMPERATURE (F)   20        -8      1894


SUNRISE AND SUNSET
FEBRUARY 24 2017......SUNRISE   654 AM EST   SUNSET   554 PM EST
FEBRUARY 25 2017......SUNRISE   653 AM EST   SUNSET   555 PM EST


-  INDICATES NEGATIVE NUMBERS.
R  INDICATES RECORD WAS SET OR TIED.
MM INDICATES DATA IS MISSING.
T  INDICATES TRACE AMOUNT.

$$
