000
CDUS41 KBUF 161117
CLIROC


CLIMATE REPORT
NATIONAL WEATHER SERVICE BUFFALO NY
716 AM EDT WED APR 16 2014


...................................

...THE ROCHESTER NY CLIMATE SUMMARY FOR APRIL 15 2014...

CLIMATE NORMAL PERIOD 1981 TO 2010
CLIMATE RECORD PERIOD 1871 TO 2014


WEATHER ITEM   OBSERVED TIME   RECORD YEAR NORMAL DEPARTURE LAST
                VALUE   (LST)  VALUE       VALUE  FROM      YEAR
                                                  NORMAL
..................................................................
TEMPERATURE (F)
 YESTERDAY
  MAXIMUM         49   1209 AM  86    1994  56     -7       74
  MINIMUM         25   1159 PM  18    1904  37    -12       36
  AVERAGE         37                        46     -9       55

PRECIPITATION (IN)
  YESTERDAY        0.36          1.41 1887   0.09   0.27     0.00
  MONTH TO DATE    2.04                      1.43   0.61     2.37
  SINCE MAR 1      4.40                      3.93   0.47     3.22
  SINCE JAN 1      8.02                      8.29  -0.27     7.53

SNOWFALL (IN)
  YESTERDAY        0.2           1.3  1904   0.1    0.1      0.0
  MONTH TO DATE    0.3                       2.9   -2.6      2.3
  SINCE MAR 1     29.6                      19.2   10.4     14.2
  SINCE JUL 1    112.7                      98.1   14.6     78.1
  SNOW DEPTH       0

DEGREE DAYS
 HEATING
  YESTERDAY       28                        19      9       10
  MONTH TO DATE  295                       327    -32      340
  SINCE MAR 1   1443                      1279    164     1311
  SINCE JUL 1   6528                      6065    463     5619

 COOLING
  YESTERDAY        0                         0      0        0
  MONTH TO DATE    1                         0      1        0
  SINCE MAR 1      1                         0      1        0
  SINCE JAN 1      1                         0      1        0
..................................................................


WIND (MPH)
  HIGHEST WIND SPEED    26   HIGHEST WIND DIRECTION     W (290)
  HIGHEST GUST SPEED    32   HIGHEST GUST DIRECTION     W (290)
  AVERAGE WIND SPEED    13.6


SKY COVER
  AVERAGE SKY COVER 0.9


WEATHER CONDITIONS
 THE FOLLOWING WEATHER WAS RECORDED YESTERDAY.
  HEAVY RAIN
  RAIN
  LIGHT RAIN
  LIGHT SNOW
  SLEET
  FOG
  HAZE


RELATIVE HUMIDITY (PERCENT)
 HIGHEST    93           200 AM
 LOWEST     63           700 PM
 AVERAGE    78

..........................................................


THE ROCHESTER NY CLIMATE NORMALS FOR TODAY
                         NORMAL    RECORD    YEAR
 MAXIMUM TEMPERATURE (F)   56        87      2012
 MINIMUM TEMPERATURE (F)   37        22      1943
                                             1875


SUNRISE AND SUNSET
APRIL 16 2014.........SUNRISE   627 AM EDT   SUNSET   755 PM EDT
APRIL 17 2014.........SUNRISE   625 AM EDT   SUNSET   756 PM EDT


-  INDICATES NEGATIVE NUMBERS.
R  INDICATES RECORD WAS SET OR TIED.
MM INDICATES DATA IS MISSING.
T  INDICATES TRACE AMOUNT.




$$
