000
CDUS41 KBUF 240705
CLIROC


CLIMATE REPORT
NATIONAL WEATHER SERVICE BUFFALO NY
305 AM EDT MON APR 24 2017


...................................

...THE ROCHESTER NY CLIMATE SUMMARY FOR APRIL 23 2017...

CLIMATE NORMAL PERIOD 1981 TO 2010
CLIMATE RECORD PERIOD 1871 TO 2017


WEATHER ITEM   OBSERVED TIME   RECORD YEAR NORMAL DEPARTURE LAST
                VALUE   (LST)  VALUE       VALUE  FROM      YEAR
                                                  NORMAL
..................................................................
TEMPERATURE (F)
 YESTERDAY
  MAXIMUM         68    408 PM  90    1885  60      8       53
  MINIMUM         36    600 AM  24    1989  39     -3       40
                                      1930
  AVERAGE         52                        49      3       47

PRECIPITATION (IN)
  YESTERDAY        T             1.58 2012   0.08  -0.08      T
  MONTH TO DATE    4.12                      2.11   2.01     0.90
  SINCE MAR 1      8.78                      4.61   4.17     2.72
  SINCE JAN 1     13.86                      8.97   4.89     8.02

SNOWFALL (IN)
  YESTERDAY       MM             2.8  2012   0.1   MM        0.0
  MONTH TO DATE    2.5                       3.6   -1.1      8.8
  SINCE MAR 1     35.5                      19.9   15.6     12.0
  SINCE JUL 1    107.1                      98.8    8.3     63.7
  SNOW DEPTH       0

DEGREE DAYS
 HEATING
  YESTERDAY       13                        16     -3       18
  MONTH TO DATE  349                       464   -115      525
  SINCE MAR 1   1337                      1416    -79     1287
  SINCE JUL 1   5205                      6202   -997     5204

 COOLING
  YESTERDAY        0                         0      0        0
  MONTH TO DATE    7                         0      7        0
  SINCE MAR 1      7                         0      7        0
  SINCE JAN 1      7                         0      7        0
..................................................................


WIND (MPH)
  HIGHEST WIND SPEED    15   HIGHEST WIND DIRECTION     W (270)
  HIGHEST GUST SPEED    18   HIGHEST GUST DIRECTION     W (250)
  AVERAGE WIND SPEED     5.6


SKY COVER
  AVERAGE SKY COVER 0.1


WEATHER CONDITIONS
 THE FOLLOWING WEATHER WAS RECORDED YESTERDAY.
  LIGHT RAIN


RELATIVE HUMIDITY (PERCENT)
 HIGHEST    92           500 AM
 LOWEST     22           500 PM
 AVERAGE    57

..........................................................


THE ROCHESTER NY CLIMATE NORMALS FOR TODAY
                         NORMAL    RECORD    YEAR
 MAXIMUM TEMPERATURE (F)   60        83      1960
 MINIMUM TEMPERATURE (F)   40        23      1919


SUNRISE AND SUNSET
APRIL 24 2017.........SUNRISE   614 AM EDT   SUNSET   804 PM EDT
APRIL 25 2017.........SUNRISE   613 AM EDT   SUNSET   805 PM EDT


-  INDICATES NEGATIVE NUMBERS.
R  INDICATES RECORD WAS SET OR TIED.
MM INDICATES DATA IS MISSING.
T  INDICATES TRACE AMOUNT.




$$
