000
CDUS41 KBUF 301025
CLIROC


CLIMATE REPORT
NATIONAL WEATHER SERVICE BUFFALO NY
524 AM EST THU NOV 30 2017


...................................

...THE ROCHESTER NY CLIMATE SUMMARY FOR NOVEMBER 29 2017...

CLIMATE NORMAL PERIOD 1981 TO 2010
CLIMATE RECORD PERIOD 1871 TO 2017


WEATHER ITEM   OBSERVED TIME   RECORD YEAR NORMAL DEPARTURE LAST
                VALUE   (LST)  VALUE       VALUE  FROM      YEAR
                                                  NORMAL
..................................................................
TEMPERATURE (F)
 YESTERDAY
  MAXIMUM         61    125 AM  69    2006  42     19       60
  MINIMUM         26   1101 PM   4    1875  29     -3       42
  AVERAGE         44                        36      8       51

PRECIPITATION (IN)
  YESTERDAY        0.00          2.07 1945   0.10  -0.10     0.04
  MONTH TO DATE    4.07                      2.84   1.23     2.34
  SINCE SEP 1     12.06                      8.94   3.12     9.90
  SINCE JAN 1     43.07                     31.54  11.53    27.55

SNOWFALL (IN)
  YESTERDAY        0.0           9.8  1945   0.5   -0.5      0.0
  MONTH TO DATE    2.6                       6.9   -4.3     15.0
  SINCE SEP 1      2.6                       7.0   -4.4     15.9
  SINCE JUL 1      2.6                       7.0   -4.4     15.9
  SNOW DEPTH       0

DEGREE DAYS
 HEATING
  YESTERDAY       21                        29     -8       14
  MONTH TO DATE  703                       705     -2      571
  SINCE SEP 1   1038                      1304   -266      964
  SINCE JUL 1   1065                      1338   -273      964

 COOLING
  YESTERDAY        0                         0      0        0
  MONTH TO DATE    0                         0      0        0
  SINCE SEP 1    139                        55     84      127
  SINCE JAN 1    655                       539    116      978
..................................................................


WIND (MPH)
  HIGHEST WIND SPEED    29   HIGHEST WIND DIRECTION     W (280)
  HIGHEST GUST SPEED    39   HIGHEST GUST DIRECTION     W (290)
  AVERAGE WIND SPEED    10.4


SKY COVER
  AVERAGE SKY COVER 0.6


WEATHER CONDITIONS
 THE FOLLOWING WEATHER WAS RECORDED YESTERDAY.
  NO SIGNIFICANT WEATHER WAS OBSERVED.


RELATIVE HUMIDITY (PERCENT)
 HIGHEST    92          1000 PM
 LOWEST     29           100 AM
 AVERAGE    61

..........................................................


THE ROCHESTER NY CLIMATE NORMALS FOR TODAY
                         NORMAL    RECORD    YEAR
 MAXIMUM TEMPERATURE (F)   42        70      2006
 MINIMUM TEMPERATURE (F)   29         1      1875


SUNRISE AND SUNSET
NOVEMBER 30 2017......SUNRISE   722 AM EST   SUNSET   437 PM EST
DECEMBER  1 2017......SUNRISE   723 AM EST   SUNSET   437 PM EST


-  INDICATES NEGATIVE NUMBERS.
R  INDICATES RECORD WAS SET OR TIED.
MM INDICATES DATA IS MISSING.
T  INDICATES TRACE AMOUNT.




$$
