000
CDUS41 KBUF 072142
CLIROC


CLIMATE REPORT
NATIONAL WEATHER SERVICE BUFFALO NY
442 PM EST TUE FEB 7 2017


...................................

...THE ROCHESTER NY CLIMATE SUMMARY FOR FEBRUARY 7 2017...
VALID TODAY AS OF 0400 PM LOCAL TIME.

CLIMATE NORMAL PERIOD 1981 TO 2010
CLIMATE RECORD PERIOD 1871 TO 2017


WEATHER ITEM   OBSERVED TIME   RECORD YEAR NORMAL DEPARTURE LAST
                VALUE   (LST)  VALUE       VALUE  FROM      YEAR
                                                  NORMAL
..................................................................
TEMPERATURE (F)
 TODAY
  MAXIMUM         34    359 PM  53    1925  33      1       47
                                      1904
  MINIMUM         31   1252 AM  -9    1875  18     13       26
  AVERAGE         33                        25      8       37

PRECIPITATION (IN)
  TODAY            0.34          2.15 1942   0.07   0.27     0.00
  MONTH TO DATE    0.52                      0.47   0.05     0.80
  SINCE DEC 1      6.18                      5.51   0.67     5.05
  SINCE JAN 1      3.27                      2.88   0.39     2.32

SNOWFALL (IN)
  TODAY            0.0          13.0  1978   0.8   -0.8      0.0
  MONTH TO DATE    3.5                       5.6   -2.1      1.0
  SINCE DEC 1     44.6                      55.6  -11.0     23.5
  SINCE JUL 1     60.5                      63.0   -2.5     24.7
  SNOW DEPTH       T

DEGREE DAYS
 HEATING
  TODAY           32                        40     -8       28
  MONTH TO DATE  264                       281    -17      184
  SINCE DEC 1   2335                      2617   -282     2042
  SINCE JUL 1   3313                      3985   -672     3082

 COOLING
  TODAY            0                         0      0        0
  MONTH TO DATE    0                         0      0        0
  SINCE DEC 1      0                         0      0        0
  SINCE JAN 1      0                         0      0        0
..................................................................


WIND (MPH)
  HIGHEST WIND SPEED    14   HIGHEST WIND DIRECTION     E (80)
  HIGHEST GUST SPEED    17   HIGHEST GUST DIRECTION     E (70)
  AVERAGE WIND SPEED     8.7


SKY COVER
  AVERAGE SKY COVER 1.0


WEATHER CONDITIONS
 THE FOLLOWING WEATHER WAS RECORDED TODAY.
  RAIN
  LIGHT RAIN
  LT FREEZING RAIN
  FOG


RELATIVE HUMIDITY (PERCENT)
 HIGHEST   100           400 PM
 LOWEST     59           700 AM
 AVERAGE    80

..........................................................


THE ROCHESTER NY CLIMATE NORMALS FOR TOMORROW
                         NORMAL    RECORD    YEAR
 MAXIMUM TEMPERATURE (F)   33        63      1925
 MINIMUM TEMPERATURE (F)   18       -16      1934


SUNRISE AND SUNSET
FEBRUARY  7 2017......SUNRISE   719 AM EST   SUNSET   531 PM EST
FEBRUARY  8 2017......SUNRISE   717 AM EST   SUNSET   533 PM EST


-  INDICATES NEGATIVE NUMBERS.
R  INDICATES RECORD WAS SET OR TIED.
MM INDICATES DATA IS MISSING.
T  INDICATES TRACE AMOUNT.




$$
