000
CDUS41 KBUF 161046
CLIROC


CLIMATE REPORT
NATIONAL WEATHER SERVICE BUFFALO NY
643 AM EDT FRI SEP 16 2016


...................................

...THE ROCHESTER NY CLIMATE SUMMARY FOR SEPTEMBER 15 2016...

CLIMATE NORMAL PERIOD 1981 TO 2010
CLIMATE RECORD PERIOD 1871 TO 2016


WEATHER ITEM   OBSERVED TIME   RECORD YEAR NORMAL DEPARTURE LAST
                VALUE   (LST)  VALUE       VALUE  FROM      YEAR
                                                  NORMAL
..................................................................
TEMPERATURE (F)
 YESTERDAY
  MAXIMUM         70    206 PM  96    1939  72     -2       82
  MINIMUM         49    513 AM  37    1964  52     -3       51
                                      1895
  AVERAGE         60                        62     -2       67

PRECIPITATION (IN)
  YESTERDAY        0.00          1.22 1952   0.11  -0.11     0.00
  MONTH TO DATE    0.15                      1.66  -1.51     2.44
  SINCE SEP 1      0.15                      1.66  -1.51     2.44
  SINCE JAN 1     17.80                     24.26  -6.46    28.57

SNOWFALL (IN)
  YESTERDAY        0.0           0.0    MM   0.0    0.0      0.0
  MONTH TO DATE    0.0                       0.0    0.0      0.0
  SINCE SEP 1      0.0                       0.0    0.0      0.0
  SINCE JUL 1      0.0                       0.0    0.0      0.0
  SNOW DEPTH       0

DEGREE DAYS
 HEATING
  YESTERDAY        5                         4      1        0
  MONTH TO DATE    9                        43    -34       14
  SINCE SEP 1      9                        43    -34       14
  SINCE JUL 1      9                        77    -68       33

 COOLING
  YESTERDAY        0                         2     -2        2
  MONTH TO DATE   76                        37     39      113
  SINCE SEP 1     76                        37     39      113
  SINCE JAN 1    927                       521    406      667
..................................................................


WIND (MPH)
  HIGHEST WIND SPEED    14   HIGHEST WIND DIRECTION    NE (50)
  HIGHEST GUST SPEED    17   HIGHEST GUST DIRECTION    NE (40)
  AVERAGE WIND SPEED     4.7


SKY COVER
  AVERAGE SKY COVER 0.4


WEATHER CONDITIONS
 THE FOLLOWING WEATHER WAS RECORDED YESTERDAY.
  NO SIGNIFICANT WEATHER WAS OBSERVED.


RELATIVE HUMIDITY (PERCENT)
 HIGHEST    89           400 AM
 LOWEST     45          1200 PM
 AVERAGE    67

..........................................................


THE ROCHESTER NY CLIMATE NORMALS FOR TODAY
                         NORMAL    RECORD    YEAR
 MAXIMUM TEMPERATURE (F)   72        97      1939
 MINIMUM TEMPERATURE (F)   52        34      1964


SUNRISE AND SUNSET
SEPTEMBER 16 2016.....SUNRISE   652 AM EDT   SUNSET   718 PM EDT
SEPTEMBER 17 2016.....SUNRISE   653 AM EDT   SUNSET   716 PM EDT


-  INDICATES NEGATIVE NUMBERS.
R  INDICATES RECORD WAS SET OR TIED.
MM INDICATES DATA IS MISSING.
T  INDICATES TRACE AMOUNT.




$$
