000
CDUS41 KBUF 101025
CLIROC


CLIMATE REPORT
NATIONAL WEATHER SERVICE BUFFALO NY
624 AM EDT TUE OCT 10 2017


...................................

...THE ROCHESTER NY CLIMATE SUMMARY FOR OCTOBER 9 2017...

CLIMATE NORMAL PERIOD 1981 TO 2010
CLIMATE RECORD PERIOD 1871 TO 2017


WEATHER ITEM   OBSERVED TIME   RECORD YEAR NORMAL DEPARTURE LAST
                VALUE   (LST)  VALUE       VALUE  FROM      YEAR
                                                  NORMAL
..................................................................
TEMPERATURE (F)
 YESTERDAY
  MAXIMUM         67    113 PM  88    1949  62      5       58
  MINIMUM         62   1050 PM  30    1876  44     18       46
  AVERAGE         65                        53     12       52

PRECIPITATION (IN)
  YESTERDAY        2.39R         2.39 2017   0.10   2.29     0.00
  MONTH TO DATE    3.02                      0.84   2.18     0.57
  SINCE SEP 1      4.30                      4.22   0.08     2.87
  SINCE JAN 1     35.31                     26.82   8.49    20.52

SNOWFALL (IN)
  YESTERDAY        0.0           0.2  1925   0.0    0.0      0.0
  MONTH TO DATE    0.0                       0.0    0.0      0.0
  SINCE SEP 1      0.0                       0.0    0.0      0.0
  SINCE JUL 1      0.0                       0.0    0.0      0.0
  SNOW DEPTH       0

DEGREE DAYS
 HEATING
  YESTERDAY        0                        12    -12       13
  MONTH TO DATE   28                        99    -71       35
  SINCE SEP 1    120                       246   -126       86
  SINCE JUL 1    147                       280   -133       86

 COOLING
  YESTERDAY        0                         0      0        0
  MONTH TO DATE   18                         0     18        1
  SINCE SEP 1    135                        50     85      113
  SINCE JAN 1    651                       534    117      964
..................................................................


WIND (MPH)
  HIGHEST WIND SPEED    24   HIGHEST WIND DIRECTION    NE (50)
  HIGHEST GUST SPEED    32   HIGHEST GUST DIRECTION    NE (50)
  AVERAGE WIND SPEED     8.8


SKY COVER
  AVERAGE SKY COVER 1.0


WEATHER CONDITIONS
 THE FOLLOWING WEATHER WAS RECORDED YESTERDAY.
  HEAVY RAIN
  RAIN
  LIGHT RAIN
  FOG


RELATIVE HUMIDITY (PERCENT)
 HIGHEST   100           200 AM
 LOWEST     87          1200 AM
 AVERAGE    94

..........................................................


THE ROCHESTER NY CLIMATE NORMALS FOR TODAY
                         NORMAL    RECORD    YEAR
 MAXIMUM TEMPERATURE (F)   62        89      1949
 MINIMUM TEMPERATURE (F)   43        27      1972


SUNRISE AND SUNSET
OCTOBER 10 2017.......SUNRISE   719 AM EDT   SUNSET   636 PM EDT
OCTOBER 11 2017.......SUNRISE   720 AM EDT   SUNSET   634 PM EDT


-  INDICATES NEGATIVE NUMBERS.
R  INDICATES RECORD WAS SET OR TIED.
MM INDICATES DATA IS MISSING.
T  INDICATES TRACE AMOUNT.

$$
