000
CDUS41 KBUF 101016
CLIROC


CLIMATE REPORT
NATIONAL WEATHER SERVICE BUFFALO NY
614 AM EDT WED SEP 10 2014


...................................

...THE ROCHESTER NY CLIMATE SUMMARY FOR SEPTEMBER 9 2014...

CLIMATE NORMAL PERIOD 1981 TO 2010
CLIMATE RECORD PERIOD 1871 TO 2014


WEATHER ITEM   OBSERVED TIME   RECORD YEAR NORMAL DEPARTURE LAST
                VALUE   (LST)  VALUE       VALUE  FROM      YEAR
                                                  NORMAL
..................................................................
TEMPERATURE (F)
 YESTERDAY
  MAXIMUM         77    402 PM  98    1959  74      3       77
  MINIMUM         58    522 AM  41    1979  54      4       45
                                      1957
                                      1956
  AVERAGE         68                        64      4       61

PRECIPITATION (IN)
  YESTERDAY        0.00          2.08 2004   0.11  -0.11     0.00
  MONTH TO DATE    0.25                      0.98  -0.73     0.67
  SINCE SEP 1      0.25                      0.98  -0.73     0.67
  SINCE JAN 1     25.28                     23.58   1.70    25.88

SNOWFALL (IN)
  YESTERDAY        0.0           0.0    MM   0.0    0.0      0.0
  MONTH TO DATE    0.0                       0.0    0.0      0.0
  SINCE SEP 1      0.0                       0.0    0.0      0.0
  SINCE JUL 1      0.0                       0.0    0.0      0.0
  SNOW DEPTH       0

DEGREE DAYS
 HEATING
  YESTERDAY        0                         3     -3        4
  MONTH TO DATE    8                        21    -13       34
  SINCE SEP 1      8                        21    -13       34
  SINCE JUL 1     33                        55    -22       52

 COOLING
  YESTERDAY        3                         2      1        0
  MONTH TO DATE   54                        25     29       19
  SINCE SEP 1     54                        25     29       19
  SINCE JAN 1    518                       509      9      610
..................................................................


WIND (MPH)
  HIGHEST WIND SPEED    15   HIGHEST WIND DIRECTION     S (170)
  HIGHEST GUST SPEED    21   HIGHEST GUST DIRECTION    SE (140)
  AVERAGE WIND SPEED     6.4


SKY COVER
  AVERAGE SKY COVER 0.5


WEATHER CONDITIONS
 THE FOLLOWING WEATHER WAS RECORDED YESTERDAY.
  NO SIGNIFICANT WEATHER WAS OBSERVED.


RELATIVE HUMIDITY (PERCENT)
 HIGHEST    84           700 AM
 LOWEST     57          1200 PM
 AVERAGE    71

..........................................................


THE ROCHESTER NY CLIMATE NORMALS FOR TODAY
                         NORMAL    RECORD    YEAR
 MAXIMUM TEMPERATURE (F)   74        94      1897
 MINIMUM TEMPERATURE (F)   54        37      1975


SUNRISE AND SUNSET
SEPTEMBER 10 2014.....SUNRISE   645 AM EDT   SUNSET   730 PM EDT
SEPTEMBER 11 2014.....SUNRISE   646 AM EDT   SUNSET   728 PM EDT


-  INDICATES NEGATIVE NUMBERS.
R  INDICATES RECORD WAS SET OR TIED.
MM INDICATES DATA IS MISSING.
T  INDICATES TRACE AMOUNT.




$$
