000
CDUS41 KBUF 222021
CLIROC


CLIMATE REPORT
NATIONAL WEATHER SERVICE BUFFALO NY
421 PM EDT SAT APR 22 2017


...................................

...THE ROCHESTER NY CLIMATE SUMMARY FOR APRIL 22 2017...
VALID TODAY AS OF 0400 PM LOCAL TIME.

CLIMATE NORMAL PERIOD 1981 TO 2010
CLIMATE RECORD PERIOD 1871 TO 2017


WEATHER ITEM   OBSERVED TIME   RECORD YEAR NORMAL DEPARTURE LAST
                VALUE   (LST)  VALUE       VALUE  FROM      YEAR
                                                  NORMAL
..................................................................
TEMPERATURE (F)
 TODAY
  MAXIMUM         51    259 PM  84    1985  59     -8       72
                                      1902
  MINIMUM         41    406 AM  26    1975  39      2       46
                                      1875
  AVERAGE         46                        49     -3       59

PRECIPITATION (IN)
  TODAY            0.00          0.87 1977   0.08  -0.08      T
  MONTH TO DATE    4.12                      2.03   2.09     0.90
  SINCE MAR 1      8.78                      4.53   4.25     2.72
  SINCE JAN 1     13.86                      8.89   4.97     8.02

SNOWFALL (IN)
  TODAY            0.0           1.4  1993   0.0    0.0      0.0
  MONTH TO DATE    2.5                       3.5   -1.0      8.8
  SINCE MAR 1     35.5                      19.8   15.7     12.0
  SINCE JUL 1    107.1                      98.7    8.4     63.7
  SNOW DEPTH       0

DEGREE DAYS
 HEATING
  TODAY           19                        16      3        6
  MONTH TO DATE  337                       448   -111      507
  SINCE MAR 1   1325                      1400    -75     1269
  SINCE JUL 1   5193                      6186   -993     5186

 COOLING
  TODAY            0                         0      0        0
  MONTH TO DATE    7                         0      7        0
  SINCE MAR 1      7                         0      7        0
  SINCE JAN 1      7                         0      7        0
..................................................................


WIND (MPH)
  HIGHEST WIND SPEED    15   HIGHEST WIND DIRECTION    NW (330)
  HIGHEST GUST SPEED    21   HIGHEST GUST DIRECTION    NW (300)
  AVERAGE WIND SPEED     9.6


SKY COVER
  AVERAGE SKY COVER 0.9


WEATHER CONDITIONS
 THE FOLLOWING WEATHER WAS RECORDED TODAY.
  NO SIGNIFICANT WEATHER WAS OBSERVED.


RELATIVE HUMIDITY (PERCENT)
 HIGHEST    79           400 AM
 LOWEST     50           300 PM
 AVERAGE    65

..........................................................


THE ROCHESTER NY CLIMATE NORMALS FOR TOMORROW
                         NORMAL    RECORD    YEAR
 MAXIMUM TEMPERATURE (F)   60        90      1885
 MINIMUM TEMPERATURE (F)   39        24      1989
                                             1930


SUNRISE AND SUNSET
APRIL 22 2017.........SUNRISE   617 AM EDT   SUNSET   802 PM EDT
APRIL 23 2017.........SUNRISE   616 AM EDT   SUNSET   803 PM EDT


-  INDICATES NEGATIVE NUMBERS.
R  INDICATES RECORD WAS SET OR TIED.
MM INDICATES DATA IS MISSING.
T  INDICATES TRACE AMOUNT.




$$
