000
CDUS41 KBUF 091024
CLIROC


CLIMATE REPORT
NATIONAL WEATHER SERVICE BUFFALO NY
620 AM EDT WED AUG 9 2017


...................................

...THE ROCHESTER NY CLIMATE SUMMARY FOR AUGUST 8 2017...

CLIMATE NORMAL PERIOD 1981 TO 2010
CLIMATE RECORD PERIOD 1871 TO 2017


WEATHER ITEM   OBSERVED TIME   RECORD YEAR NORMAL DEPARTURE LAST
                VALUE   (LST)  VALUE       VALUE  FROM      YEAR
                                                  NORMAL
..................................................................
TEMPERATURE (F)
 YESTERDAY
  MAXIMUM         76    500 PM  96    2001  80     -4       84
                                      1930
  MINIMUM         57    437 AM  49    1903  61     -4       57
  AVERAGE         67                        70     -3       71

PRECIPITATION (IN)
  YESTERDAY        T             2.18 1996   0.12  -0.12     0.00
  MONTH TO DATE    1.36                      0.96   0.40     0.14
  SINCE JUN 1      9.19                      7.63   1.56     2.27
  SINCE JAN 1     29.17                     20.09   9.08    13.88

SNOWFALL (IN)
  YESTERDAY        0.0           0.0    MM   0.0    0.0      0.0
  MONTH TO DATE    0.0                       0.0    0.0      0.0
  SINCE JUN 1      0.0                       0.0    0.0      0.0
  SINCE JUL 1      0.0                       0.0    0.0      0.0
  SNOW DEPTH       0

DEGREE DAYS
 HEATING
  YESTERDAY        0                         0      0        0
  MONTH TO DATE    1                         0      1        0
  SINCE JUN 1     48                        80    -32       47
  SINCE JUL 1      3                        12     -9        0

 COOLING
  YESTERDAY        2                         6     -4        6
  MONTH TO DATE   47                        48     -1       87
  SINCE JUN 1    378                       347     31      529
  SINCE JAN 1    420                       377     43      591
..................................................................


WIND (MPH)
  HIGHEST WIND SPEED    16   HIGHEST WIND DIRECTION    NW (320)
  HIGHEST GUST SPEED    22   HIGHEST GUST DIRECTION    NW (310)
  AVERAGE WIND SPEED     8.1


SKY COVER
  AVERAGE SKY COVER 0.4


WEATHER CONDITIONS
 THE FOLLOWING WEATHER WAS RECORDED YESTERDAY.
  FOG


RELATIVE HUMIDITY (PERCENT)
 HIGHEST   100           100 AM
 LOWEST     36           400 PM
 AVERAGE    68

..........................................................


THE ROCHESTER NY CLIMATE NORMALS FOR TODAY
                         NORMAL    RECORD    YEAR
 MAXIMUM TEMPERATURE (F)   80        98      1949
 MINIMUM TEMPERATURE (F)   60        45      1964


SUNRISE AND SUNSET
AUGUST  9 2017........SUNRISE   610 AM EDT   SUNSET   821 PM EDT
AUGUST 10 2017........SUNRISE   611 AM EDT   SUNSET   820 PM EDT


-  INDICATES NEGATIVE NUMBERS.
R  INDICATES RECORD WAS SET OR TIED.
MM INDICATES DATA IS MISSING.
T  INDICATES TRACE AMOUNT.




$$
