000
CDUS41 KBUF 141016
CLIROC


CLIMATE REPORT
NATIONAL WEATHER SERVICE BUFFALO NY
515 AM EST SUN DEC 14 2014


...................................

...THE ROCHESTER NY CLIMATE SUMMARY FOR DECEMBER 13 2014...

CLIMATE NORMAL PERIOD 1981 TO 2010
CLIMATE RECORD PERIOD 1871 TO 2014


WEATHER ITEM   OBSERVED TIME   RECORD YEAR NORMAL DEPARTURE LAST
                VALUE   (LST)  VALUE       VALUE  FROM      YEAR
                                                  NORMAL
..................................................................
TEMPERATURE (F)
 YESTERDAY
  MAXIMUM         36    645 PM  62    1923  37     -1       24
  MINIMUM         31   1216 AM   1    1976  24      7       12
  AVERAGE         34                        31      3       18

PRECIPITATION (IN)
  YESTERDAY        0.03          1.03 1935   0.08  -0.05     0.03
  MONTH TO DATE    1.48                      1.18   0.30     0.55
  SINCE DEC 1      1.48                      1.18   0.30     0.55
  SINCE JAN 1     32.14                     32.82  -0.68    34.30

SNOWFALL (IN)
  YESTERDAY        0.2          10.1  1902   0.7   -0.5      2.3
  MONTH TO DATE   11.6                       7.9    3.7      8.1
  SINCE DEC 1     11.6                       7.9    3.7      8.1
  SINCE JUL 1     20.7                      15.3    5.4     21.6
  SNOW DEPTH       7

DEGREE DAYS
 HEATING
  YESTERDAY       31                        34     -3       47
  MONTH TO DATE  414                       420     -6      444
  SINCE DEC 1    414                       420     -6      444
  SINCE JUL 1   1694                      1788    -94     1816

 COOLING
  YESTERDAY        0                         0      0        0
  MONTH TO DATE    0                         0      0        0
  SINCE DEC 1      0                         0      0        0
  SINCE JAN 1    542                       539      3      660
..................................................................


WIND (MPH)
  HIGHEST WIND SPEED    21   HIGHEST WIND DIRECTION     W (260)
  HIGHEST GUST SPEED    25   HIGHEST GUST DIRECTION     W (270)
  AVERAGE WIND SPEED    10.1


SKY COVER
  AVERAGE SKY COVER 1.0


WEATHER CONDITIONS
 THE FOLLOWING WEATHER WAS RECORDED YESTERDAY.
  LIGHT RAIN
  LIGHT SNOW
  FOG


RELATIVE HUMIDITY (PERCENT)
 HIGHEST    96           200 PM
 LOWEST     78          1200 AM
 AVERAGE    87

..........................................................


THE ROCHESTER NY CLIMATE NORMALS FOR TODAY
                         NORMAL    RECORD    YEAR
 MAXIMUM TEMPERATURE (F)   37        62      1901
 MINIMUM TEMPERATURE (F)   24        -4      1989


SUNRISE AND SUNSET
DECEMBER 14 2014......SUNRISE   735 AM EST   SUNSET   436 PM EST
DECEMBER 15 2014......SUNRISE   735 AM EST   SUNSET   436 PM EST


-  INDICATES NEGATIVE NUMBERS.
R  INDICATES RECORD WAS SET OR TIED.
MM INDICATES DATA IS MISSING.
T  INDICATES TRACE AMOUNT.

$$
