000
CDUS41 KBUF 131024
CLIROC


CLIMATE REPORT
NATIONAL WEATHER SERVICE BUFFALO NY
622 AM EDT FRI MAY 13 2016


...................................

...THE ROCHESTER NY CLIMATE SUMMARY FOR MAY 12 2016...

CLIMATE NORMAL PERIOD 1981 TO 2010
CLIMATE RECORD PERIOD 1871 TO 2016


WEATHER ITEM   OBSERVED TIME   RECORD YEAR NORMAL DEPARTURE LAST
                VALUE   (LST)  VALUE       VALUE  FROM      YEAR
                                                  NORMAL
..................................................................
TEMPERATURE (F)
 YESTERDAY
  MAXIMUM         84    407 PM  87    1879  67     17       69
  MINIMUM         43    519 AM  30    1907  45     -2       52
  AVERAGE         64                        56      8       61

PRECIPITATION (IN)
  YESTERDAY        T             1.70 2000   0.09  -0.09     0.03
  MONTH TO DATE    0.90                      1.07  -0.17     0.85
  SINCE MAR 1      4.28                      6.30  -2.02     4.89
  SINCE JAN 1      9.58                     10.66  -1.08     9.14

SNOWFALL (IN)
  YESTERDAY        0.0           1.1  1996   0.0    0.0      0.0
  MONTH TO DATE    0.0                       0.3   -0.3      0.0
  SINCE MAR 1     12.0                      20.5   -8.5     13.3
  SINCE JUL 1     63.7                      99.4  -35.7    101.9
  SNOW DEPTH       0

DEGREE DAYS
 HEATING
  YESTERDAY        1                        10     -9        4
  MONTH TO DATE  151                       138     13       29
  SINCE MAR 1   1587                      1655    -68     1621
  SINCE JUL 1   5504                      6441   -937     6715

 COOLING
  YESTERDAY        0                         1     -1        0
  MONTH TO DATE    0                         3     -3       41
  SINCE MAR 1      0                         7     -7       41
  SINCE JAN 1      0                         7     -7       41
..................................................................


WIND (MPH)
  HIGHEST WIND SPEED    15   HIGHEST WIND DIRECTION    SW (220)
  HIGHEST GUST SPEED    22   HIGHEST GUST DIRECTION     W (280)
  AVERAGE WIND SPEED     5.1


SKY COVER
  AVERAGE SKY COVER 0.6


WEATHER CONDITIONS
 THE FOLLOWING WEATHER WAS RECORDED YESTERDAY.
  LIGHT RAIN


RELATIVE HUMIDITY (PERCENT)
 HIGHEST    83           200 AM
 LOWEST     31          1100 AM
 AVERAGE    57

..........................................................


THE ROCHESTER NY CLIMATE NORMALS FOR TODAY
                         NORMAL    RECORD    YEAR
 MAXIMUM TEMPERATURE (F)   67        89      1879
 MINIMUM TEMPERATURE (F)   45        31      2005


SUNRISE AND SUNSET
MAY 13 2016...........SUNRISE   549 AM EDT   SUNSET   826 PM EDT
MAY 14 2016...........SUNRISE   548 AM EDT   SUNSET   827 PM EDT


-  INDICATES NEGATIVE NUMBERS.
R  INDICATES RECORD WAS SET OR TIED.
MM INDICATES DATA IS MISSING.
T  INDICATES TRACE AMOUNT.




$$
