000
CDUS41 KBUF 141025
CLIROC


CLIMATE REPORT
NATIONAL WEATHER SERVICE BUFFALO NY
624 AM EDT FRI APR 14 2017


...................................

...THE ROCHESTER NY CLIMATE SUMMARY FOR APRIL 13 2017...

CLIMATE NORMAL PERIOD 1981 TO 2010
CLIMATE RECORD PERIOD 1871 TO 2017


WEATHER ITEM   OBSERVED TIME   RECORD YEAR NORMAL DEPARTURE LAST
                VALUE   (LST)  VALUE       VALUE  FROM      YEAR
                                                  NORMAL
..................................................................
TEMPERATURE (F)
 YESTERDAY
  MAXIMUM         55    600 PM  86    1945  55      0       44
  MINIMUM         34    552 AM  20    1874  36     -2       25
  AVERAGE         45                        45      0       35

PRECIPITATION (IN)
  YESTERDAY        0.00          0.94 1996   0.10  -0.10     0.00
  MONTH TO DATE    2.64                      1.24   1.40     0.87
  SINCE MAR 1      7.30                      3.74   3.56     2.69
  SINCE JAN 1     12.38                      8.10   4.28     7.99

SNOWFALL (IN)
  YESTERDAY        0.0           4.0  1932   0.2   -0.2      0.0
  MONTH TO DATE    2.5                       2.6   -0.1      8.8
  SINCE MAR 1     35.5                      18.9   16.6     12.0
  SINCE JUL 1    107.1                      97.8    9.3     63.7
  SNOW DEPTH       0

DEGREE DAYS
 HEATING
  YESTERDAY       20                        20      0       30
  MONTH TO DATE  215                       289    -74      386
  SINCE MAR 1   1203                      1241    -38     1148
  SINCE JUL 1   5071                      6027   -956     5065

 COOLING
  YESTERDAY        0                         0      0        0
  MONTH TO DATE    3                         0      3        0
  SINCE MAR 1      3                         0      3        0
  SINCE JAN 1      3                         0      3        0
..................................................................


WIND (MPH)
  HIGHEST WIND SPEED    14   HIGHEST WIND DIRECTION    NW (310)
  HIGHEST GUST SPEED    20   HIGHEST GUST DIRECTION    NW (310)
  AVERAGE WIND SPEED     5.4


SKY COVER
  AVERAGE SKY COVER 0.6


WEATHER CONDITIONS
 THE FOLLOWING WEATHER WAS RECORDED YESTERDAY.
  NO SIGNIFICANT WEATHER WAS OBSERVED.


RELATIVE HUMIDITY (PERCENT)
 HIGHEST    82           500 AM
 LOWEST     26           400 PM
 AVERAGE    54

..........................................................


THE ROCHESTER NY CLIMATE NORMALS FOR TODAY
                         NORMAL    RECORD    YEAR
 MAXIMUM TEMPERATURE (F)   55        85      1968
 MINIMUM TEMPERATURE (F)   36        19      1904


SUNRISE AND SUNSET
APRIL 14 2017.........SUNRISE   630 AM EDT   SUNSET   753 PM EDT
APRIL 15 2017.........SUNRISE   628 AM EDT   SUNSET   754 PM EDT


-  INDICATES NEGATIVE NUMBERS.
R  INDICATES RECORD WAS SET OR TIED.
MM INDICATES DATA IS MISSING.
T  INDICATES TRACE AMOUNT.




$$
