000
CDUS41 KBUF 302101
CLIROC


CLIMATE REPORT
NATIONAL WEATHER SERVICE BUFFALO NY
501 PM EDT TUE JUN 30 2015


...................................

...THE ROCHESTER NY CLIMATE SUMMARY FOR JUNE 30 2015...
VALID TODAY AS OF 0500 PM LOCAL TIME.

CLIMATE NORMAL PERIOD 1981 TO 2010
CLIMATE RECORD PERIOD 1871 TO 2015


WEATHER ITEM   OBSERVED TIME   RECORD YEAR NORMAL DEPARTURE LAST
                VALUE   (LST)  VALUE       VALUE  FROM      YEAR
                                                  NORMAL
..................................................................
TEMPERATURE (F)
 TODAY
  MAXIMUM         76    249 PM  96    1964  80     -4       90
  MINIMUM         60    213 AM  46    1900  60      0       72
                                      1896
  AVERAGE         68                        70     -2       81

PRECIPITATION (IN)
  TODAY            0.07          1.87 1998   0.12  -0.05     0.00
  MONTH TO DATE    5.93                      3.34   2.59     2.06
  SINCE JUN 1      5.93                      3.34   2.59     2.06
  SINCE JAN 1     17.63                     15.80   1.83    15.06

SNOWFALL (IN)
  TODAY            0.0           0.0    MM   0.0    0.0      0.0
  MONTH TO DATE    0.0                       0.0    0.0      0.0
  SINCE JUN 1      0.0                       0.0    0.0      0.0
  SINCE JUL 1    101.9                      99.5    2.4    112.7
  SNOW DEPTH       0

DEGREE DAYS
 HEATING
  TODAY            0                         1     -1        0
  MONTH TO DATE   57                        69    -12       29
  SINCE JUN 1     57                        68    -11       29
  SINCE JUL 1   6871                      6646    225     7015

 COOLING
  TODAY            3                         6     -3       16
  MONTH TO DATE   94                       106    -12      150
  SINCE JUN 1     94                       106    -12      150
  SINCE JAN 1    197                       136     61      189
..................................................................


WIND (MPH)
  HIGHEST WIND SPEED    14   HIGHEST WIND DIRECTION    SE (140)
  HIGHEST GUST SPEED    17   HIGHEST GUST DIRECTION    SE (140)
  AVERAGE WIND SPEED     4.8


SKY COVER
  AVERAGE SKY COVER 0.9


WEATHER CONDITIONS
 THE FOLLOWING WEATHER WAS RECORDED TODAY.
  LIGHT RAIN
  FOG


RELATIVE HUMIDITY (PERCENT)
 HIGHEST    90           100 AM
 LOWEST     69           300 PM
 AVERAGE    80

..........................................................


THE ROCHESTER NY CLIMATE NORMALS FOR TOMORROW
                         NORMAL    RECORD    YEAR
 MAXIMUM TEMPERATURE (F)   80        96      1901
 MINIMUM TEMPERATURE (F)   60        45      1943


SUNRISE AND SUNSET
JUNE 30 2015..........SUNRISE   534 AM EDT   SUNSET   854 PM EDT
JULY  1 2015..........SUNRISE   535 AM EDT   SUNSET   854 PM EDT


-  INDICATES NEGATIVE NUMBERS.
R  INDICATES RECORD WAS SET OR TIED.
MM INDICATES DATA IS MISSING.
T  INDICATES TRACE AMOUNT.




$$
