000
CDUS41 KBUF 261032
CLIROC


CLIMATE REPORT
NATIONAL WEATHER SERVICE BUFFALO NY
625 AM EDT TUE APR 26 2016


...................................

...THE ROCHESTER NY CLIMATE SUMMARY FOR APRIL 25 2016...

CLIMATE NORMAL PERIOD 1981 TO 2010
CLIMATE RECORD PERIOD 1871 TO 2016


WEATHER ITEM   OBSERVED TIME   RECORD YEAR NORMAL DEPARTURE LAST
                VALUE   (LST)  VALUE       VALUE  FROM      YEAR
                                                  NORMAL
..................................................................
TEMPERATURE (F)
 YESTERDAY
  MAXIMUM         51    333 PM  86    1915  60     -9       50
  MINIMUM         41   1134 PM  21    1919  40      1       27
  AVERAGE         46                        50     -4       39

PRECIPITATION (IN)
  YESTERDAY        0.15          0.94 1976   0.08   0.07     0.00
  MONTH TO DATE    1.05                      2.28  -1.23     2.70
  SINCE MAR 1      2.87                      4.78  -1.91     4.04
  SINCE JAN 1      8.17                      9.14  -0.97     8.29

SNOWFALL (IN)
  YESTERDAY        0.0           7.0  1874   0.0    0.0      0.0
  MONTH TO DATE    8.8                       3.7    5.1      0.5
  SINCE MAR 1     12.0                      20.0   -8.0     13.3
  SINCE JUL 1     63.7                      98.9  -35.2    101.9
  SNOW DEPTH       0

DEGREE DAYS
 HEATING
  YESTERDAY       19                        15      4       26
  MONTH TO DATE  565                       495     70      445
  SINCE MAR 1   1327                      1447   -120     1523
  SINCE JUL 1   5244                      6233   -989     6617

 COOLING
  YESTERDAY        0                         0      0        0
  MONTH TO DATE    0                         0      0        0
  SINCE MAR 1      0                         0      0        0
  SINCE JAN 1      0                         0      0        0
..................................................................


WIND (MPH)
  HIGHEST WIND SPEED    18   HIGHEST WIND DIRECTION     E (90)
  HIGHEST GUST SPEED    22   HIGHEST GUST DIRECTION     E (90)
  AVERAGE WIND SPEED     8.9


SKY COVER
  AVERAGE SKY COVER 0.9


WEATHER CONDITIONS
 THE FOLLOWING WEATHER WAS RECORDED YESTERDAY.
  RAIN
  LIGHT RAIN


RELATIVE HUMIDITY (PERCENT)
 HIGHEST    60           100 PM
 LOWEST     31          1200 AM
 AVERAGE    46

..........................................................


THE ROCHESTER NY CLIMATE NORMALS FOR TODAY
                         NORMAL    RECORD    YEAR
 MAXIMUM TEMPERATURE (F)   61        86      1990
                                             1915
 MINIMUM TEMPERATURE (F)   40        23      1919


SUNRISE AND SUNSET
APRIL 26 2016.........SUNRISE   611 AM EDT   SUNSET   807 PM EDT
APRIL 27 2016.........SUNRISE   609 AM EDT   SUNSET   808 PM EDT


-  INDICATES NEGATIVE NUMBERS.
R  INDICATES RECORD WAS SET OR TIED.
MM INDICATES DATA IS MISSING.
T  INDICATES TRACE AMOUNT.




$$
