000
CDUS41 KBUF 180705
CLIROC


CLIMATE REPORT
NATIONAL WEATHER SERVICE BUFFALO NY
205 AM EST THU DEC 18 2014


...................................

...THE ROCHESTER NY CLIMATE SUMMARY FOR DECEMBER 17 2014...

CLIMATE NORMAL PERIOD 1981 TO 2010
CLIMATE RECORD PERIOD 1871 TO 2014


WEATHER ITEM   OBSERVED TIME   RECORD YEAR NORMAL DEPARTURE LAST
                VALUE   (LST)  VALUE       VALUE  FROM      YEAR
                                                  NORMAL
..................................................................
TEMPERATURE (F)
 YESTERDAY
  MAXIMUM         44    548 AM  60    1984  36      8       28
  MINIMUM         32   1159 PM  -4    2013  23      9       -4
  AVERAGE         38                        29      9       12

PRECIPITATION (IN)
  YESTERDAY        0.04          0.82 1929   0.08  -0.04     0.18
  MONTH TO DATE    1.82                      1.51   0.31     1.22
  SINCE DEC 1      1.82                      1.51   0.31     1.22
  SINCE JAN 1     32.48                     33.15  -0.67    34.97

SNOWFALL (IN)
  YESTERDAY       MM             7.0  1973   0.7   MM        2.3
  MONTH TO DATE   11.6                      10.8    0.8     17.7
  SINCE DEC 1     11.6                      10.8    0.8     17.7
  SINCE JUL 1     20.7                      18.2    2.5     31.2
  SNOW DEPTH       0

DEGREE DAYS
 HEATING
  YESTERDAY       27                        36     -9       53
  MONTH TO DATE  523                       561    -38      640
  SINCE DEC 1    523                       561    -38      640
  SINCE JUL 1   1803                      1929   -126     2012

 COOLING
  YESTERDAY        0                         0      0        0
  MONTH TO DATE    0                         0      0        0
  SINCE DEC 1      0                         0      0        0
  SINCE JAN 1    542                       539      3      660
..................................................................


WIND (MPH)
  HIGHEST WIND SPEED    29   HIGHEST WIND DIRECTION     W (260)
  HIGHEST GUST SPEED    37   HIGHEST GUST DIRECTION     W (260)
  AVERAGE WIND SPEED    16.4


SKY COVER
  AVERAGE SKY COVER 1.0


WEATHER CONDITIONS
 THE FOLLOWING WEATHER WAS RECORDED YESTERDAY.
  LIGHT RAIN
  LIGHT SNOW
  FOG


RELATIVE HUMIDITY (PERCENT)
 HIGHEST    96           400 AM
 LOWEST     76           100 PM
 AVERAGE    86

..........................................................


THE ROCHESTER NY CLIMATE NORMALS FOR TODAY
                         NORMAL    RECORD    YEAR
 MAXIMUM TEMPERATURE (F)   36        57      1921
 MINIMUM TEMPERATURE (F)   23        -7      1919


SUNRISE AND SUNSET
DECEMBER 18 2014......SUNRISE   737 AM EST   SUNSET   437 PM EST
DECEMBER 19 2014......SUNRISE   738 AM EST   SUNSET   438 PM EST


-  INDICATES NEGATIVE NUMBERS.
R  INDICATES RECORD WAS SET OR TIED.
MM INDICATES DATA IS MISSING.
T  INDICATES TRACE AMOUNT.




$$
