000
CDUS41 KBUF 131004
CLIROC


CLIMATE REPORT
NATIONAL WEATHER SERVICE BUFFALO NY
603 AM EDT MON OCT 13 2014


...................................

...THE ROCHESTER NY CLIMATE SUMMARY FOR OCTOBER 12 2014...

CLIMATE NORMAL PERIOD 1981 TO 2010
CLIMATE RECORD PERIOD 1871 TO 2014


WEATHER ITEM   OBSERVED TIME   RECORD YEAR NORMAL DEPARTURE LAST
                VALUE   (LST)  VALUE       VALUE  FROM      YEAR
                                                  NORMAL
..................................................................
TEMPERATURE (F)
 YESTERDAY
  MAXIMUM         60    322 PM  84    1938  61     -1       74
                                      1928
                                      1893
  MINIMUM         33    610 AM  27    1876  43    -10       41
  AVERAGE         47                        52     -5       58

PRECIPITATION (IN)
  YESTERDAY        0.00          1.29 1946   0.09  -0.09     0.00
  MONTH TO DATE    0.57                      1.11  -0.54     1.44
  SINCE SEP 1      1.90                      4.49  -2.59     3.85
  SINCE JAN 1     26.93                     27.09  -0.16    29.06

SNOWFALL (IN)
  YESTERDAY        0.0           T    1988   0.0    0.0      0.0
  MONTH TO DATE    0.0                       0.0    0.0      0.0
  SINCE SEP 1      0.0                       0.0    0.0      0.0
  SINCE JUL 1      0.0                       0.0    0.0      0.0
  SNOW DEPTH       0

DEGREE DAYS
 HEATING
  YESTERDAY       18                        13      5        7
  MONTH TO DATE  122                       138    -16       63
  SINCE SEP 1    246                       285    -39      235
  SINCE JUL 1    271                       319    -48      253

 COOLING
  YESTERDAY        0                         0      0        0
  MONTH TO DATE    0                         0      0       10
  SINCE SEP 1     68                        50     18       69
  SINCE JAN 1    532                       534     -2      660
..................................................................


WIND (MPH)
  HIGHEST WIND SPEED    13   HIGHEST WIND DIRECTION    NE (50)
  HIGHEST GUST SPEED    16   HIGHEST GUST DIRECTION    SE (130)
  AVERAGE WIND SPEED     5.3


SKY COVER
  AVERAGE SKY COVER 0.1


WEATHER CONDITIONS
 THE FOLLOWING WEATHER WAS RECORDED YESTERDAY.
  NO SIGNIFICANT WEATHER WAS OBSERVED.


RELATIVE HUMIDITY (PERCENT)
 HIGHEST    96           300 AM
 LOWEST     37           200 PM
 AVERAGE    67

..........................................................


THE ROCHESTER NY CLIMATE NORMALS FOR TODAY
                         NORMAL    RECORD    YEAR
 MAXIMUM TEMPERATURE (F)   61        83      1995
                                             1969
 MINIMUM TEMPERATURE (F)   42        26      1993


SUNRISE AND SUNSET
OCTOBER 13 2014.......SUNRISE   722 AM EDT   SUNSET   631 PM EDT
OCTOBER 14 2014.......SUNRISE   723 AM EDT   SUNSET   630 PM EDT


-  INDICATES NEGATIVE NUMBERS.
R  INDICATES RECORD WAS SET OR TIED.
MM INDICATES DATA IS MISSING.
T  INDICATES TRACE AMOUNT.




$$
