000
CDUS41 KBUF 051018
CLIROC


CLIMATE REPORT
NATIONAL WEATHER SERVICE BUFFALO NY
618 AM EDT SAT AUG 5 2017


...................................

...THE ROCHESTER NY CLIMATE SUMMARY FOR AUGUST 4 2017...

CLIMATE NORMAL PERIOD 1981 TO 2010
CLIMATE RECORD PERIOD 1871 TO 2017


WEATHER ITEM   OBSERVED TIME   RECORD YEAR NORMAL DEPARTURE LAST
                VALUE   (LST)  VALUE       VALUE  FROM      YEAR
                                                  NORMAL
..................................................................
TEMPERATURE (F)
 YESTERDAY
  MAXIMUM         85    211 PM  98    1944  80      5       92
  MINIMUM         67   1159 PM  47    1886  61      6       67
  AVERAGE         76                        70      6       80

PRECIPITATION (IN)
  YESTERDAY        0.62          2.32 1981   0.12   0.50     0.00
  MONTH TO DATE    0.91                      0.49   0.42      T
  SINCE JUN 1      8.74                      7.16   1.58     2.13
  SINCE JAN 1     28.72                     19.62   9.10    13.74

SNOWFALL (IN)
  YESTERDAY        0.0           0.0    MM   0.0    0.0      0.0
  MONTH TO DATE    0.0                       0.0    0.0      0.0
  SINCE JUN 1      0.0                       0.0    0.0      0.0
  SINCE JUL 1      0.0                       0.0    0.0      0.0
  SNOW DEPTH       0

DEGREE DAYS
 HEATING
  YESTERDAY        0                         0      0        0
  MONTH TO DATE    0                         0      0        0
  SINCE JUN 1     47                        80    -33       47
  SINCE JUL 1      2                        12    -10        0

 COOLING
  YESTERDAY       11                         6      5       15
  MONTH TO DATE   42                        24     18       45
  SINCE JUN 1    373                       323     50      487
  SINCE JAN 1    415                       353     62      549
..................................................................


WIND (MPH)
  HIGHEST WIND SPEED    40   HIGHEST WIND DIRECTION     W (260)
  HIGHEST GUST SPEED    50   HIGHEST GUST DIRECTION     W (260)
  AVERAGE WIND SPEED     8.0


SKY COVER
  AVERAGE SKY COVER 0.7


WEATHER CONDITIONS
 THE FOLLOWING WEATHER WAS RECORDED YESTERDAY.
  THUNDERSTORM
  HEAVY RAIN
  RAIN
  LIGHT RAIN
  FOG


RELATIVE HUMIDITY (PERCENT)
 HIGHEST   100           600 PM
 LOWEST     58           100 PM
 AVERAGE    79

..........................................................


THE ROCHESTER NY CLIMATE NORMALS FOR TODAY
                         NORMAL    RECORD    YEAR
 MAXIMUM TEMPERATURE (F)   80        96      1955
 MINIMUM TEMPERATURE (F)   61        45      1972
                                             1951


SUNRISE AND SUNSET
AUGUST  5 2017........SUNRISE   606 AM EDT   SUNSET   827 PM EDT
AUGUST  6 2017........SUNRISE   607 AM EDT   SUNSET   825 PM EDT


-  INDICATES NEGATIVE NUMBERS.
R  INDICATES RECORD WAS SET OR TIED.
MM INDICATES DATA IS MISSING.
T  INDICATES TRACE AMOUNT.




$$
