000
CDUS41 KBUF 171023
CLIROC


CLIMATE REPORT
NATIONAL WEATHER SERVICE BUFFALO NY
520 AM EST SAT JAN 17 2015


...................................

...THE ROCHESTER NY CLIMATE SUMMARY FOR JANUARY 16 2015...

CLIMATE NORMAL PERIOD 1981 TO 2010
CLIMATE RECORD PERIOD 1871 TO 2015


WEATHER ITEM   OBSERVED TIME   RECORD YEAR NORMAL DEPARTURE LAST
                VALUE   (LST)  VALUE       VALUE  FROM      YEAR
                                                  NORMAL
..................................................................
TEMPERATURE (F)
 YESTERDAY
  MAXIMUM         30    705 AM  56    1953  31     -1       34
  MINIMUM          4   1159 PM -17    1994  17    -13       26
  AVERAGE         17                        24     -7       30

PRECIPITATION (IN)
  YESTERDAY        0.16          0.76 1890   0.08   0.08      T
  MONTH TO DATE    1.33                      1.29   0.04     0.88
  SINCE DEC 1      3.64                      3.92  -0.28     3.87
  SINCE JAN 1      1.33                      1.29   0.04     0.88

SNOWFALL (IN)
  YESTERDAY        2.2           9.0  1959   1.0    1.2      0.1
  MONTH TO DATE   12.1                      14.6   -2.5     12.8
  SINCE DEC 1     28.7                      36.4   -7.7     35.3
  SINCE JUL 1     37.8                      43.8   -6.0     48.8
  SNOW DEPTH       3

DEGREE DAYS
 HEATING
  YESTERDAY       48                        41      7       35
  MONTH TO DATE  727                       639     88      643
  SINCE DEC 1   1667                      1724    -57     1768
  SINCE JUL 1   2947                      3092   -145     3140

 COOLING
  YESTERDAY        0                         0      0        0
  MONTH TO DATE    0                         0      0        0
  SINCE DEC 1      0                         0      0        0
  SINCE JAN 1      0                         0      0        0
..................................................................


WIND (MPH)
  HIGHEST WIND SPEED    26   HIGHEST WIND DIRECTION     W (250)
  HIGHEST GUST SPEED    35   HIGHEST GUST DIRECTION    NW (310)
  AVERAGE WIND SPEED    14.5


SKY COVER
  AVERAGE SKY COVER 0.8


WEATHER CONDITIONS
 THE FOLLOWING WEATHER WAS RECORDED YESTERDAY.
  SNOW
  LIGHT SNOW
  FOG
  FOG W/VISIBILITY <= 1/4 MILE
  HAZE
  BLOWING SNOW


RELATIVE HUMIDITY (PERCENT)
 HIGHEST    85           300 AM
 LOWEST     49           200 PM
 AVERAGE    67

..........................................................


THE ROCHESTER NY CLIMATE NORMALS FOR TODAY
                         NORMAL    RECORD    YEAR
 MAXIMUM TEMPERATURE (F)   31        56      1990
                                             1913
 MINIMUM TEMPERATURE (F)   17       -10      1982


SUNRISE AND SUNSET
JANUARY 17 2015.......SUNRISE   739 AM EST   SUNSET   503 PM EST
JANUARY 18 2015.......SUNRISE   738 AM EST   SUNSET   505 PM EST


-  INDICATES NEGATIVE NUMBERS.
R  INDICATES RECORD WAS SET OR TIED.
MM INDICATES DATA IS MISSING.
T  INDICATES TRACE AMOUNT.




$$
