000
CDUS41 KBUF 201021
CLIROC


CLIMATE REPORT
NATIONAL WEATHER SERVICE BUFFALO NY
620 AM EDT MON JUL 20 2015


...................................

...THE ROCHESTER NY CLIMATE SUMMARY FOR JULY 19 2015...

CLIMATE NORMAL PERIOD 1981 TO 2010
CLIMATE RECORD PERIOD 1871 TO 2015


WEATHER ITEM   OBSERVED TIME   RECORD YEAR NORMAL DEPARTURE LAST
                VALUE   (LST)  VALUE       VALUE  FROM      YEAR
                                                  NORMAL
..................................................................
TEMPERATURE (F)
 YESTERDAY
  MAXIMUM         89    227 PM  95    1978  81      8       76
  MINIMUM         72    440 AM  50    1956  61     11       58
  AVERAGE         81                        71     10       67

PRECIPITATION (IN)
  YESTERDAY        T             1.30 1951   0.11  -0.11     0.15
  MONTH TO DATE    2.37                      1.99   0.38     3.39
  SINCE JUN 1      8.57                      5.33   3.24     5.45
  SINCE JAN 1     20.27                     17.79   2.48    18.45

SNOWFALL (IN)
  YESTERDAY        0.0           0.0    MM   0.0    0.0      0.0
  MONTH TO DATE    0.0                       0.0    0.0      0.0
  SINCE JUN 1      0.0                       0.0    0.0      0.0
  SINCE JUL 1      0.0                       0.0    0.0      0.0
  SNOW DEPTH       0

DEGREE DAYS
 HEATING
  YESTERDAY        0                         0      0        0
  MONTH TO DATE   11                         6      5        1
  SINCE JUN 1     68                        74     -6       30
  SINCE JUL 1     11                         6      5        1

 COOLING
  YESTERDAY       16                         6     10        2
  MONTH TO DATE  100                       114    -14       94
  SINCE JUN 1    194                       220    -26      244
  SINCE JAN 1    297                       250     47      283
..................................................................


WIND (MPH)
  HIGHEST WIND SPEED    24   HIGHEST WIND DIRECTION     W (250)
  HIGHEST GUST SPEED    33   HIGHEST GUST DIRECTION     W (250)
  AVERAGE WIND SPEED    11.2


SKY COVER
  AVERAGE SKY COVER 0.6


WEATHER CONDITIONS
 THE FOLLOWING WEATHER WAS RECORDED YESTERDAY.
  LIGHT RAIN


RELATIVE HUMIDITY (PERCENT)
 HIGHEST    90           200 AM
 LOWEST     55          1200 PM
 AVERAGE    73

..........................................................


THE ROCHESTER NY CLIMATE NORMALS FOR TODAY
                         NORMAL    RECORD    YEAR
 MAXIMUM TEMPERATURE (F)   81        99      1894
 MINIMUM TEMPERATURE (F)   61        46      1965


SUNRISE AND SUNSET
JULY 20 2015..........SUNRISE   549 AM EDT   SUNSET   845 PM EDT
JULY 21 2015..........SUNRISE   550 AM EDT   SUNSET   844 PM EDT


-  INDICATES NEGATIVE NUMBERS.
R  INDICATES RECORD WAS SET OR TIED.
MM INDICATES DATA IS MISSING.
T  INDICATES TRACE AMOUNT.




$$
