661
CDUS41 KBUF 160705
CLIROC


CLIMATE REPORT
NATIONAL WEATHER SERVICE BUFFALO NY
305 AM EDT TUE MAY 16 2017


...................................

...THE ROCHESTER NY CLIMATE SUMMARY FOR MAY 15 2017...

CLIMATE NORMAL PERIOD 1981 TO 2010
CLIMATE RECORD PERIOD 1871 TO 2017


WEATHER ITEM   OBSERVED TIME   RECORD YEAR NORMAL DEPARTURE LAST
                VALUE   (LST)  VALUE       VALUE  FROM      YEAR
                                                  NORMAL
..................................................................
TEMPERATURE (F)
 YESTERDAY
  MAXIMUM         66    535 PM  88    1962  67     -1       46
                                      1961
  MINIMUM         48   1159 PM  35    1977  46      2       37
                                      1971
                                      1920
  AVERAGE         57                        57      0       42

PRECIPITATION (IN)
  YESTERDAY        0.00          1.07 2011   0.09  -0.09     0.05
  MONTH TO DATE    3.32                      1.34   1.98     1.29
  SINCE MAR 1     12.93                      6.57   6.36     4.67
  SINCE JAN 1     18.01                     10.93   7.08     9.97

SNOWFALL (IN)
  YESTERDAY        0.0           T    2016   0.0    0.0       T
                                      1959
  MONTH TO DATE    0.0                       0.3   -0.3       T
  SINCE MAR 1     35.5                      20.5   15.0     12.0
  SINCE JUL 1    107.1                      99.4    7.7     63.7
  SNOW DEPTH       0

DEGREE DAYS
 HEATING
  YESTERDAY        8                         9     -1       23
  MONTH TO DATE  220                       166     54      187
  SINCE MAR 1   1619                      1683    -64     1623
  SINCE JUL 1   5487                      6469   -982     5540

 COOLING
  YESTERDAY        0                         1     -1        0
  MONTH TO DATE    0                         6     -6        0
  SINCE MAR 1     14                        10      4        0
  SINCE JAN 1     14                        10      4        0
..................................................................


WIND (MPH)
  HIGHEST WIND SPEED    20   HIGHEST WIND DIRECTION    NW (310)
  HIGHEST GUST SPEED    29   HIGHEST GUST DIRECTION     W (280)
  AVERAGE WIND SPEED    11.0


SKY COVER
  AVERAGE SKY COVER 0.5


WEATHER CONDITIONS
 THE FOLLOWING WEATHER WAS RECORDED YESTERDAY.
  NO SIGNIFICANT WEATHER WAS OBSERVED.


RELATIVE HUMIDITY (PERCENT)
 HIGHEST    74           200 AM
 LOWEST     44           500 PM
 AVERAGE    59

..........................................................


THE ROCHESTER NY CLIMATE NORMALS FOR TODAY
                         NORMAL    RECORD    YEAR
 MAXIMUM TEMPERATURE (F)   68        90      1962
 MINIMUM TEMPERATURE (F)   46        30      1959


SUNRISE AND SUNSET
MAY 16 2017...........SUNRISE   546 AM EDT   SUNSET   829 PM EDT
MAY 17 2017...........SUNRISE   545 AM EDT   SUNSET   830 PM EDT


-  INDICATES NEGATIVE NUMBERS.
R  INDICATES RECORD WAS SET OR TIED.
MM INDICATES DATA IS MISSING.
T  INDICATES TRACE AMOUNT.




$$
