000
CDUS41 KBUF 061010
CLIROC


CLIMATE REPORT
NATIONAL WEATHER SERVICE BUFFALO NY
609 AM EDT SUN APR 6 2014


...................................

...THE ROCHESTER NY CLIMATE SUMMARY FOR APRIL 5 2014...

CLIMATE NORMAL PERIOD 1981 TO 2010
CLIMATE RECORD PERIOD 1871 TO 2014


WEATHER ITEM   OBSERVED TIME   RECORD YEAR NORMAL DEPARTURE LAST
                VALUE   (LST)  VALUE       VALUE  FROM      YEAR
                                                  NORMAL
..................................................................
TEMPERATURE (F)
 YESTERDAY
  MAXIMUM         43   1221 AM  83    1910  51     -8       45
  MINIMUM         29   1158 PM  15    1879  33     -4       30
  AVERAGE         36                        42     -6       38

PRECIPITATION (IN)
  YESTERDAY        0.01          1.30 1952   0.09  -0.08     0.00
  MONTH TO DATE    0.52                      0.46   0.06     0.12
  SINCE MAR 1      2.88                      2.96  -0.08     0.97
  SINCE JAN 1      6.50                      7.32  -0.82     5.28

SNOWFALL (IN)
  YESTERDAY        0.1           3.0  1914   0.2   -0.1      0.0
  MONTH TO DATE    0.1                       1.2   -1.1      2.3
  SINCE MAR 1     29.4                      17.5   11.9     14.2
  SINCE JUL 1    112.5                      96.4   16.1     78.1
  SNOW DEPTH       0

DEGREE DAYS
 HEATING
  YESTERDAY       29                        23      6       27
  MONTH TO DATE  130                       119     11      151
  SINCE MAR 1   1278                      1071    207     1122
  SINCE JUL 1   6363                      5857    506     5430

 COOLING
  YESTERDAY        0                         0      0        0
  MONTH TO DATE    0                         0      0        0
  SINCE MAR 1      0                         0      0        0
  SINCE JAN 1      0                         0      0        0
..................................................................


WIND (MPH)
  HIGHEST WIND SPEED    30   HIGHEST WIND DIRECTION     W (280)
  HIGHEST GUST SPEED    40   HIGHEST GUST DIRECTION     W (280)
  AVERAGE WIND SPEED    17.0


SKY COVER
  AVERAGE SKY COVER 0.7


WEATHER CONDITIONS
 THE FOLLOWING WEATHER WAS RECORDED YESTERDAY.
  LIGHT SNOW
  FOG


RELATIVE HUMIDITY (PERCENT)
 HIGHEST    82           800 AM
 LOWEST     54           200 PM
 AVERAGE    68

..........................................................


THE ROCHESTER NY CLIMATE NORMALS FOR TODAY
                         NORMAL    RECORD    YEAR
 MAXIMUM TEMPERATURE (F)   52        83      1928
 MINIMUM TEMPERATURE (F)   33        17      1982
                                             1943
                                             1881


SUNRISE AND SUNSET
APRIL  6 2014.........SUNRISE   644 AM EDT   SUNSET   743 PM EDT
APRIL  7 2014.........SUNRISE   642 AM EDT   SUNSET   744 PM EDT


-  INDICATES NEGATIVE NUMBERS.
R  INDICATES RECORD WAS SET OR TIED.
MM INDICATES DATA IS MISSING.
T  INDICATES TRACE AMOUNT.




$$
