000
CDUS41 KBUF 301036
CLIROC


CLIMATE REPORT
NATIONAL WEATHER SERVICE BUFFALO NY
535 AM EST WED NOV 30 2016


...................................

...THE ROCHESTER NY CLIMATE SUMMARY FOR NOVEMBER 29 2016...

CLIMATE NORMAL PERIOD 1981 TO 2010
CLIMATE RECORD PERIOD 1871 TO 2016


WEATHER ITEM   OBSERVED TIME   RECORD YEAR NORMAL DEPARTURE LAST
                VALUE   (LST)  VALUE       VALUE  FROM      YEAR
                                                  NORMAL
..................................................................
TEMPERATURE (F)
 YESTERDAY
  MAXIMUM         60    254 PM  69    2006  42     18       39
  MINIMUM         42   1114 PM   4    1875  29     13       28
  AVERAGE         51                        36     15       34

PRECIPITATION (IN)
  YESTERDAY        0.04          2.07 1945   0.10  -0.06     0.00
  MONTH TO DATE    2.34                      2.84  -0.50     0.97
  SINCE SEP 1      9.90                      8.94   0.96     7.82
  SINCE JAN 1     27.55                     31.54  -3.99    33.95

SNOWFALL (IN)
  YESTERDAY        0.0           9.8  1945   0.5   -0.5      0.0
  MONTH TO DATE   15.0                       6.9    8.1      1.2
  SINCE SEP 1     15.9                       7.0    8.9      1.2
  SINCE JUL 1     15.9                       7.0    8.9      1.2
  SNOW DEPTH       0

DEGREE DAYS
 HEATING
  YESTERDAY       14                        29    -15       31
  MONTH TO DATE  571                       705   -134      517
  SINCE SEP 1    964                      1304   -340      993
  SINCE JUL 1    964                      1338   -374     1012

 COOLING
  YESTERDAY        0                         0      0        0
  MONTH TO DATE    0                         0      0        0
  SINCE SEP 1    127                        55     72      144
  SINCE JAN 1    978                       539    439      698
..................................................................


WIND (MPH)
  HIGHEST WIND SPEED    24   HIGHEST WIND DIRECTION     S (190)
  HIGHEST GUST SPEED    32   HIGHEST GUST DIRECTION     S (170)
  AVERAGE WIND SPEED    10.0


SKY COVER
  AVERAGE SKY COVER 0.8


WEATHER CONDITIONS
 THE FOLLOWING WEATHER WAS RECORDED YESTERDAY.
  LIGHT RAIN
  FOG


RELATIVE HUMIDITY (PERCENT)
 HIGHEST   100          1100 PM
 LOWEST     53          1200 AM
 AVERAGE    77

..........................................................


THE ROCHESTER NY CLIMATE NORMALS FOR TODAY
                         NORMAL    RECORD    YEAR
 MAXIMUM TEMPERATURE (F)   42        70      2006
 MINIMUM TEMPERATURE (F)   29         1      1875


SUNRISE AND SUNSET
NOVEMBER 30 2016......SUNRISE   722 AM EST   SUNSET   437 PM EST
DECEMBER  1 2016......SUNRISE   723 AM EST   SUNSET   437 PM EST


-  INDICATES NEGATIVE NUMBERS.
R  INDICATES RECORD WAS SET OR TIED.
MM INDICATES DATA IS MISSING.
T  INDICATES TRACE AMOUNT.




$$
