659
CDUS41 KBUF 160705
CLIROC


CLIMATE REPORT
NATIONAL WEATHER SERVICE BUFFALO NY
205 AM EST THU FEB 16 2017


...................................

...THE ROCHESTER NY CLIMATE SUMMARY FOR FEBRUARY 15 2017...

CLIMATE NORMAL PERIOD 1981 TO 2010
CLIMATE RECORD PERIOD 1871 TO 2017


WEATHER ITEM   OBSERVED TIME   RECORD YEAR NORMAL DEPARTURE LAST
                VALUE   (LST)  VALUE       VALUE  FROM      YEAR
                                                  NORMAL
..................................................................
TEMPERATURE (F)
 YESTERDAY
  MAXIMUM         39    136 PM  61    1949  34      5       28
  MINIMUM         26   1159 PM -14    1943  18      8        2
  AVERAGE         33                        26      7       15

PRECIPITATION (IN)
  YESTERDAY        0.02          1.35 1990   0.07  -0.05     0.01
  MONTH TO DATE    1.56                      1.00   0.56     1.04
  SINCE DEC 1      7.22                      6.04   1.18     5.29
  SINCE JAN 1      4.31                      3.41   0.90     2.56

SNOWFALL (IN)
  YESTERDAY       MM             8.6  1990   0.8   MM        0.1
  MONTH TO DATE   13.2                      11.6    1.6      7.0
  SINCE DEC 1     54.3                      61.6   -7.3     29.5
  SINCE JUL 1     70.2                      69.0    1.2     30.7
  SNOW DEPTH       0

DEGREE DAYS
 HEATING
  YESTERDAY       32                        39     -7       50
  MONTH TO DATE  528                       596    -68      551
  SINCE DEC 1   2599                      2932   -333     2409
  SINCE JUL 1   3577                      4300   -723     3449

 COOLING
  YESTERDAY        0                         0      0        0
  MONTH TO DATE    0                         0      0        0
  SINCE DEC 1      0                         0      0        0
  SINCE JAN 1      0                         0      0        0
..................................................................


WIND (MPH)
  HIGHEST WIND SPEED    22   HIGHEST WIND DIRECTION    NW (300)
  HIGHEST GUST SPEED    29   HIGHEST GUST DIRECTION    NW (310)
  AVERAGE WIND SPEED    12.0


SKY COVER
  AVERAGE SKY COVER 0.7


WEATHER CONDITIONS
 THE FOLLOWING WEATHER WAS RECORDED YESTERDAY.
  LIGHT RAIN
  SNOW
  LIGHT SNOW
  FOG


RELATIVE HUMIDITY (PERCENT)
 HIGHEST    92           600 AM
 LOWEST     59           100 PM
 AVERAGE    76

..........................................................


THE ROCHESTER NY CLIMATE NORMALS FOR TODAY
                         NORMAL    RECORD    YEAR
 MAXIMUM TEMPERATURE (F)   34        61      1921
 MINIMUM TEMPERATURE (F)   19        -7      2015
                                             2004


SUNRISE AND SUNSET
FEBRUARY 16 2017......SUNRISE   706 AM EST   SUNSET   543 PM EST
FEBRUARY 17 2017......SUNRISE   705 AM EST   SUNSET   545 PM EST


-  INDICATES NEGATIVE NUMBERS.
R  INDICATES RECORD WAS SET OR TIED.
MM INDICATES DATA IS MISSING.
T  INDICATES TRACE AMOUNT.




$$
