000
CDUS41 KBUF 040705
CLIROC


CLIMATE REPORT
NATIONAL WEATHER SERVICE BUFFALO NY
205 AM EST THU JAN 4 2018


...................................

...THE ROCHESTER NY CLIMATE SUMMARY FOR JANUARY 3 2018...

CLIMATE NORMAL PERIOD 1981 TO 2010
CLIMATE RECORD PERIOD 1871 TO 2018


WEATHER ITEM   OBSERVED TIME   RECORD YEAR NORMAL DEPARTURE LAST
                VALUE   (LST)  VALUE       VALUE  FROM      YEAR
                                                  NORMAL
..................................................................
TEMPERATURE (F)
 YESTERDAY
  MAXIMUM         25    428 PM  61    2004  32     -7       43
  MINIMUM         10    841 AM  -6    2014  19     -9       39
  AVERAGE         18                        26     -8       41

PRECIPITATION (IN)
  YESTERDAY        0.00          1.75 1913   0.09  -0.09     0.52
  MONTH TO DATE    0.05                      0.25  -0.20     0.52
  SINCE DEC 1      2.29                      2.88  -0.59     3.43
  SINCE JAN 1      0.05                      0.25  -0.20     0.52

SNOWFALL (IN)
  YESTERDAY        0.0          23.0  1996   0.9   -0.9      0.0
  MONTH TO DATE    1.5                       2.6   -1.1       T
  SINCE DEC 1     36.2                      24.4   11.8     29.3
  SINCE JUL 1     38.8                      31.8    7.0     45.2
  SNOW DEPTH       6

DEGREE DAYS
 HEATING
  YESTERDAY       47                        39      8       24
  MONTH TO DATE  156                       117     39       91
  SINCE DEC 1   1358                      1202    156     1126
  SINCE JUL 1   2449                      2570   -121     2104

 COOLING
  YESTERDAY        0                         0      0        0
  MONTH TO DATE    0                         0      0        0
  SINCE DEC 1      0                         0      0        0
  SINCE JAN 1      0                         0      0        0
..................................................................


WIND (MPH)
  HIGHEST WIND SPEED    21   HIGHEST WIND DIRECTION    SW (210)
  HIGHEST GUST SPEED    26   HIGHEST GUST DIRECTION    SW (210)
  AVERAGE WIND SPEED     8.7


SKY COVER
  AVERAGE SKY COVER 0.9


WEATHER CONDITIONS
 THE FOLLOWING WEATHER WAS RECORDED YESTERDAY.
  LIGHT SNOW


RELATIVE HUMIDITY (PERCENT)
 HIGHEST    67          1100 PM
 LOWEST     36           400 PM
 AVERAGE    52

..........................................................


THE ROCHESTER NY CLIMATE NORMALS FOR TODAY
                         NORMAL    RECORD    YEAR
 MAXIMUM TEMPERATURE (F)   32        69      1874
 MINIMUM TEMPERATURE (F)   19       -10      1981


SUNRISE AND SUNSET
JANUARY  4 2018.......SUNRISE   742 AM EST   SUNSET   449 PM EST
JANUARY  5 2018.......SUNRISE   742 AM EST   SUNSET   450 PM EST


-  INDICATES NEGATIVE NUMBERS.
R  INDICATES RECORD WAS SET OR TIED.
MM INDICATES DATA IS MISSING.
T  INDICATES TRACE AMOUNT.




$$
