000
CDUS41 KBUF 140705
CLIROC


CLIMATE REPORT
NATIONAL WEATHER SERVICE BUFFALO NY
305 AM EDT TUE OCT 14 2014


...................................

...THE ROCHESTER NY CLIMATE SUMMARY FOR OCTOBER 13 2014...

CLIMATE NORMAL PERIOD 1981 TO 2010
CLIMATE RECORD PERIOD 1871 TO 2014


WEATHER ITEM   OBSERVED TIME   RECORD YEAR NORMAL DEPARTURE LAST
                VALUE   (LST)  VALUE       VALUE  FROM      YEAR
                                                  NORMAL
..................................................................
TEMPERATURE (F)
 YESTERDAY
  MAXIMUM         73    409 PM  83    1995  61     12       71
                                      1969
  MINIMUM         41    221 AM  26    1993  42     -1       53
  AVERAGE         57                        51      6       62

PRECIPITATION (IN)
  YESTERDAY        0.05          1.03 1986   0.09  -0.04     0.17
  MONTH TO DATE    0.62                      1.20  -0.58     1.61
  SINCE SEP 1      1.95                      4.58  -2.63     4.02
  SINCE JAN 1     26.98                     27.18  -0.20    29.23

SNOWFALL (IN)
  YESTERDAY       MM             0.3  2006   0.0   MM        0.0
                                      1874
  MONTH TO DATE    0.0                       0.0    0.0      0.0
  SINCE SEP 1      0.0                       0.0    0.0      0.0
  SINCE JUL 1      0.0                       0.0    0.0      0.0
  SNOW DEPTH       0

DEGREE DAYS
 HEATING
  YESTERDAY        8                        14     -6        3
  MONTH TO DATE  130                       152    -22       66
  SINCE SEP 1    254                       299    -45      238
  SINCE JUL 1    279                       333    -54      256

 COOLING
  YESTERDAY        0                         0      0        0
  MONTH TO DATE    0                         0      0       10
  SINCE SEP 1     68                        50     18       69
  SINCE JAN 1    532                       534     -2      660
..................................................................


WIND (MPH)
  HIGHEST WIND SPEED    16   HIGHEST WIND DIRECTION     S (180)
  HIGHEST GUST SPEED    21   HIGHEST GUST DIRECTION     S (180)
  AVERAGE WIND SPEED     6.7


SKY COVER
  AVERAGE SKY COVER 0.8


WEATHER CONDITIONS
 THE FOLLOWING WEATHER WAS RECORDED YESTERDAY.
  LIGHT RAIN
  FOG


RELATIVE HUMIDITY (PERCENT)
 HIGHEST    84          1200 PM
 LOWEST     57           300 PM
 AVERAGE    71

..........................................................


THE ROCHESTER NY CLIMATE NORMALS FOR TODAY
                         NORMAL    RECORD    YEAR
 MAXIMUM TEMPERATURE (F)   60        86      1954
 MINIMUM TEMPERATURE (F)   42        24      1993


SUNRISE AND SUNSET
OCTOBER 14 2014.......SUNRISE   723 AM EDT   SUNSET   630 PM EDT
OCTOBER 15 2014.......SUNRISE   724 AM EDT   SUNSET   628 PM EDT


-  INDICATES NEGATIVE NUMBERS.
R  INDICATES RECORD WAS SET OR TIED.
MM INDICATES DATA IS MISSING.
T  INDICATES TRACE AMOUNT.




$$
