759
CDUS41 KBUF 120705
CLIROC


CLIMATE REPORT
NATIONAL WEATHER SERVICE BUFFALO NY
205 AM EST SUN NOV 12 2017


...................................

...THE ROCHESTER NY CLIMATE SUMMARY FOR NOVEMBER 11 2017...

CLIMATE NORMAL PERIOD 1981 TO 2010
CLIMATE RECORD PERIOD 1871 TO 2017


WEATHER ITEM   OBSERVED TIME   RECORD YEAR NORMAL DEPARTURE LAST
                VALUE   (LST)  VALUE       VALUE  FROM      YEAR
                                                  NORMAL
..................................................................
TEMPERATURE (F)
 YESTERDAY
  MAXIMUM         33    323 PM  73    2012  50    -17       56
                                      1909
  MINIMUM         22    743 AM  20    1957  34    -12       36
  AVERAGE         28                        42    -14       46

PRECIPITATION (IN)
  YESTERDAY        T             0.67 1991   0.09  -0.09     0.00
  MONTH TO DATE    2.95                      1.04   1.91     1.03
  SINCE SEP 1     10.94                      7.14   3.80     8.59
  SINCE JAN 1     41.95                     29.74  12.21    26.24

SNOWFALL (IN)
  YESTERDAY       MM             5.2  1991   0.2   MM        0.0
  MONTH TO DATE    1.5                       1.5    0.0      0.0
  SINCE SEP 1      1.5                       1.6   -0.1      0.9
  SINCE JUL 1      1.5                       1.6   -0.1      0.9
  SNOW DEPTH       0

DEGREE DAYS
 HEATING
  YESTERDAY       37                        23     14       19
  MONTH TO DATE  250                       232     18      167
  SINCE SEP 1    585                       831   -246      560
  SINCE JUL 1    612                       865   -253      560

 COOLING
  YESTERDAY        0                         0      0        0
  MONTH TO DATE    0                         0      0        0
  SINCE SEP 1    139                        55     84      127
  SINCE JAN 1    655                       539    116      978
..................................................................


WIND (MPH)
  HIGHEST WIND SPEED    14   HIGHEST WIND DIRECTION    SE (140)
  HIGHEST GUST SPEED    19   HIGHEST GUST DIRECTION    SE (130)
  AVERAGE WIND SPEED     6.7


SKY COVER
  AVERAGE SKY COVER 0.7


WEATHER CONDITIONS
 THE FOLLOWING WEATHER WAS RECORDED YESTERDAY.
  LIGHT SNOW


RELATIVE HUMIDITY (PERCENT)
 HIGHEST    88           800 AM
 LOWEST     32           300 PM
 AVERAGE    60

..........................................................


THE ROCHESTER NY CLIMATE NORMALS FOR TODAY
                         NORMAL    RECORD    YEAR
 MAXIMUM TEMPERATURE (F)   50        72      1982
 MINIMUM TEMPERATURE (F)   34        21      1983
                                             1894


SUNRISE AND SUNSET
NOVEMBER 12 2017......SUNRISE   700 AM EST   SUNSET   449 PM EST
NOVEMBER 13 2017......SUNRISE   701 AM EST   SUNSET   448 PM EST


-  INDICATES NEGATIVE NUMBERS.
R  INDICATES RECORD WAS SET OR TIED.
MM INDICATES DATA IS MISSING.
T  INDICATES TRACE AMOUNT.




$$
