000
CDUS41 KBUF 090705
CLIROC


CLIMATE REPORT
NATIONAL WEATHER SERVICE BUFFALO NY
305 AM EDT WED APR 9 2014


...................................

...THE ROCHESTER NY CLIMATE SUMMARY FOR APRIL 8 2014...

CLIMATE NORMAL PERIOD 1981 TO 2010
CLIMATE RECORD PERIOD 1871 TO 2014


WEATHER ITEM   OBSERVED TIME   RECORD YEAR NORMAL DEPARTURE LAST
                VALUE   (LST)  VALUE       VALUE  FROM      YEAR
                                                  NORMAL
..................................................................
TEMPERATURE (F)
 YESTERDAY
  MAXIMUM         51    752 AM  80    1991  53     -2       59
  MINIMUM         37   1159 PM  17    1972  34      3       41
  AVERAGE         44                        43      1       50

PRECIPITATION (IN)
  YESTERDAY        0.18          1.02 2000   0.10   0.08     0.02
  MONTH TO DATE    1.31                      0.75   0.56     0.14
  SINCE MAR 1      3.67                      3.25   0.42     0.99
  SINCE JAN 1      7.29                      7.61  -0.32     5.30

SNOWFALL (IN)
  YESTERDAY       MM             3.3  1979   0.1   MM        0.0
  MONTH TO DATE    0.1                       1.7   -1.6      2.3
  SINCE MAR 1     29.4                      18.0   11.4     14.2
  SINCE JUL 1    112.5                      96.9   15.6     78.1
  SNOW DEPTH       0

DEGREE DAYS
 HEATING
  YESTERDAY       21                        22     -1       15
  MONTH TO DATE  201                       186     15      202
  SINCE MAR 1   1349                      1138    211     1173
  SINCE JUL 1   6434                      5924    510     5481

 COOLING
  YESTERDAY        0                         0      0        0
  MONTH TO DATE    0                         0      0        0
  SINCE MAR 1      0                         0      0        0
  SINCE JAN 1      0                         0      0        0
..................................................................


WIND (MPH)
  HIGHEST WIND SPEED    28   HIGHEST WIND DIRECTION     W (280)
  HIGHEST GUST SPEED    36   HIGHEST GUST DIRECTION     W (280)
  AVERAGE WIND SPEED    10.4


SKY COVER
  AVERAGE SKY COVER 0.8


WEATHER CONDITIONS
 THE FOLLOWING WEATHER WAS RECORDED YESTERDAY.
  RAIN
  LIGHT RAIN
  FOG


RELATIVE HUMIDITY (PERCENT)
 HIGHEST    96           500 AM
 LOWEST     66           500 PM
 AVERAGE    81

..........................................................


THE ROCHESTER NY CLIMATE NORMALS FOR TODAY
                         NORMAL    RECORD    YEAR
 MAXIMUM TEMPERATURE (F)   53        79      1969
                                             1945
 MINIMUM TEMPERATURE (F)   34        16      1997


SUNRISE AND SUNSET
APRIL  9 2014.........SUNRISE   639 AM EDT   SUNSET   746 PM EDT
APRIL 10 2014.........SUNRISE   637 AM EDT   SUNSET   748 PM EDT


-  INDICATES NEGATIVE NUMBERS.
R  INDICATES RECORD WAS SET OR TIED.
MM INDICATES DATA IS MISSING.
T  INDICATES TRACE AMOUNT.




$$
