000
CDUS41 KBUF 241138
CLIROC


CLIMATE REPORT
NATIONAL WEATHER SERVICE BUFFALO NY
637 AM EST THU NOV 24 2016


...................................

...THE ROCHESTER NY CLIMATE SUMMARY FOR NOVEMBER 23 2016...

CLIMATE NORMAL PERIOD 1981 TO 2010
CLIMATE RECORD PERIOD 1871 TO 2016


WEATHER ITEM   OBSERVED TIME   RECORD YEAR NORMAL DEPARTURE LAST
                VALUE   (LST)  VALUE       VALUE  FROM      YEAR
                                                  NORMAL
..................................................................
TEMPERATURE (F)
 YESTERDAY
  MAXIMUM         36    417 PM  74    1931  45     -9       38
  MINIMUM         29    539 AM   5    1971  31     -2       24
  AVERAGE         33                        38     -5       31

PRECIPITATION (IN)
  YESTERDAY        0.02          1.15 1877   0.11  -0.09     0.01
  MONTH TO DATE    1.98                      2.25  -0.27     0.71
  SINCE SEP 1      9.54                      8.35   1.19     7.56
  SINCE JAN 1     27.19                     30.95  -3.76    33.69

SNOWFALL (IN)
  YESTERDAY        0.1           4.2  1917   0.3   -0.2      0.3
  MONTH TO DATE   15.0                       4.5   10.5      0.9
  SINCE SEP 1     15.9                       4.6   11.3      0.9
  SINCE JUL 1     15.9                       4.6   11.3      0.9
  SNOW DEPTH       3

DEGREE DAYS
 HEATING
  YESTERDAY       32                        27      5       34
  MONTH TO DATE  434                       534   -100      377
  SINCE SEP 1    827                      1133   -306      853
  SINCE JUL 1    827                      1167   -340      872

 COOLING
  YESTERDAY        0                         0      0        0
  MONTH TO DATE    0                         0      0        0
  SINCE SEP 1    127                        55     72      144
  SINCE JAN 1    978                       539    439      698
..................................................................


WIND (MPH)
  HIGHEST WIND SPEED    13   HIGHEST WIND DIRECTION     E (100)
  HIGHEST GUST SPEED    14   HIGHEST GUST DIRECTION     E (110)
  AVERAGE WIND SPEED     4.9


SKY COVER
  AVERAGE SKY COVER 1.0


WEATHER CONDITIONS
 THE FOLLOWING WEATHER WAS RECORDED YESTERDAY.
  LIGHT RAIN
  SNOW
  LIGHT SNOW
  SLEET


RELATIVE HUMIDITY (PERCENT)
 HIGHEST    72           200 AM
 LOWEST     56           200 PM
 AVERAGE    64

..........................................................


THE ROCHESTER NY CLIMATE NORMALS FOR TODAY
                         NORMAL    RECORD    YEAR
 MAXIMUM TEMPERATURE (F)   44        71      1931
 MINIMUM TEMPERATURE (F)   31         6      1880


SUNRISE AND SUNSET
NOVEMBER 24 2016......SUNRISE   715 AM EST   SUNSET   440 PM EST
NOVEMBER 25 2016......SUNRISE   716 AM EST   SUNSET   439 PM EST


-  INDICATES NEGATIVE NUMBERS.
R  INDICATES RECORD WAS SET OR TIED.
MM INDICATES DATA IS MISSING.
T  INDICATES TRACE AMOUNT.

$$
