933
CDUS41 KBUF 131154
CLIROC


CLIMATE REPORT
NATIONAL WEATHER SERVICE BUFFALO NY
654 AM EST SAT JAN 13 2018


...................................

...THE ROCHESTER NY CLIMATE SUMMARY FOR JANUARY 12 2018...

CLIMATE NORMAL PERIOD 1981 TO 2010
CLIMATE RECORD PERIOD 1871 TO 2018


WEATHER ITEM   OBSERVED TIME   RECORD YEAR NORMAL DEPARTURE LAST
                VALUE   (LST)  VALUE       VALUE  FROM      YEAR
                                                  NORMAL
..................................................................
TEMPERATURE (F)
 YESTERDAY
  MAXIMUM         60R  1119 AM  60    2018  32     28       56
  MINIMUM         20   1159 PM -15    1982  18      2       36
                                      1981
  AVERAGE         40                        25     15       46

PRECIPITATION (IN)
  YESTERDAY        0.98R         0.83 1909   0.08   0.90     0.18
  MONTH TO DATE    1.61                      0.98   0.63     1.05
  SINCE DEC 1      3.85                      3.61   0.24     3.96
  SINCE JAN 1      1.61                      0.98   0.63     1.05

SNOWFALL (IN)
  YESTERDAY        3.2          10.0  1922   0.9    2.3      0.0
  MONTH TO DATE   14.1                      10.7    3.4      4.4
  SINCE DEC 1     48.8                      32.5   16.3     33.7
  SINCE JUL 1     51.4                      39.9   11.5     49.6
  SNOW DEPTH       T

DEGREE DAYS
 HEATING
  YESTERDAY       25                        40    -15       19
  MONTH TO DATE  517                       476     41      444
  SINCE DEC 1   1719                      1561    158     1479
  SINCE JUL 1   2810                      2929   -119     2457

 COOLING
  YESTERDAY        0                         0      0        0
  MONTH TO DATE    0                         0      0        0
  SINCE DEC 1      0                         0      0        0
  SINCE JAN 1      0                         0      0        0
..................................................................


WIND (MPH)
  HIGHEST WIND SPEED    24   HIGHEST WIND DIRECTION    NW (330)
  HIGHEST GUST SPEED    33   HIGHEST GUST DIRECTION    NE (60)
  AVERAGE WIND SPEED    14.5


SKY COVER
  AVERAGE SKY COVER 1.0


WEATHER CONDITIONS
 THE FOLLOWING WEATHER WAS RECORDED YESTERDAY.
  RAIN
  LIGHT RAIN
  FREEZING RAIN
  LT FREEZING RAIN
  SNOW
  LIGHT SNOW
  SLEET
  FOG


RELATIVE HUMIDITY (PERCENT)
 HIGHEST   100           400 PM
 LOWEST     80           100 AM
 AVERAGE    90

..........................................................


THE ROCHESTER NY CLIMATE NORMALS FOR TODAY
                         NORMAL    RECORD    YEAR
 MAXIMUM TEMPERATURE (F)   32        69      2013
 MINIMUM TEMPERATURE (F)   18       -11      1914


SUNRISE AND SUNSET
JANUARY 13 2018.......SUNRISE   740 AM EST   SUNSET   459 PM EST
JANUARY 14 2018.......SUNRISE   740 AM EST   SUNSET   500 PM EST


-  INDICATES NEGATIVE NUMBERS.
R  INDICATES RECORD WAS SET OR TIED.
MM INDICATES DATA IS MISSING.
T  INDICATES TRACE AMOUNT.




$$
