000
CDUS41 KBUF 110705
CLIROC


CLIMATE REPORT
NATIONAL WEATHER SERVICE BUFFALO NY
305 AM EDT THU AUG 11 2016


...................................

...THE ROCHESTER NY CLIMATE SUMMARY FOR AUGUST 10 2016...

CLIMATE NORMAL PERIOD 1981 TO 2010
CLIMATE RECORD PERIOD 1871 TO 2016


WEATHER ITEM   OBSERVED TIME   RECORD YEAR NORMAL DEPARTURE LAST
                VALUE   (LST)  VALUE       VALUE  FROM      YEAR
                                                  NORMAL
..................................................................
TEMPERATURE (F)
 YESTERDAY
  MAXIMUM         94    315 PM  97    1949  80     14       84
  MINIMUM         71    310 AM  47    1972  60     11       59
  AVERAGE         83                        70     13       72

PRECIPITATION (IN)
  YESTERDAY        0.36          3.31 1938   0.12   0.24     2.38
  MONTH TO DATE    0.50                      1.19  -0.69     2.51
  SINCE JUN 1      2.63                      7.86  -5.23    12.27
  SINCE JAN 1     14.24                     20.32  -6.08    23.97

SNOWFALL (IN)
  YESTERDAY        0.0           0.0    MM   0.0    0.0      0.0
  MONTH TO DATE    0.0                       0.0    0.0      0.0
  SINCE JUN 1      0.0                       0.0    0.0      0.0
  SINCE JUL 1      0.0                       0.0    0.0      0.0
  SNOW DEPTH       0

DEGREE DAYS
 HEATING
  YESTERDAY        0                         0      0        0
  MONTH TO DATE    0                         0      0        1
  SINCE JUN 1     47                        80    -33       69
  SINCE JUL 1      0                        12    -12       12

 COOLING
  YESTERDAY       18                         6     12        7
  MONTH TO DATE  116                        60     56       38
  SINCE JUN 1    558                       359    199      332
  SINCE JAN 1    620                       389    231      435
..................................................................


WIND (MPH)
  HIGHEST WIND SPEED    24   HIGHEST WIND DIRECTION     W (260)
  HIGHEST GUST SPEED    29   HIGHEST GUST DIRECTION     W (260)
  AVERAGE WIND SPEED     7.0


SKY COVER
  AVERAGE SKY COVER 0.6


WEATHER CONDITIONS
 THE FOLLOWING WEATHER WAS RECORDED YESTERDAY.
  THUNDERSTORM
  HEAVY RAIN
  LIGHT RAIN
  FOG


RELATIVE HUMIDITY (PERCENT)
 HIGHEST    93           500 AM
 LOWEST     41           200 PM
 AVERAGE    67

..........................................................


THE ROCHESTER NY CLIMATE NORMALS FOR TODAY
                         NORMAL    RECORD    YEAR
 MAXIMUM TEMPERATURE (F)   80        97      1944
                                             1893
 MINIMUM TEMPERATURE (F)   60        49      1982
                                             1962
                                             1894


SUNRISE AND SUNSET
AUGUST 11 2016........SUNRISE   612 AM EDT   SUNSET   818 PM EDT
AUGUST 12 2016........SUNRISE   614 AM EDT   SUNSET   817 PM EDT


-  INDICATES NEGATIVE NUMBERS.
R  INDICATES RECORD WAS SET OR TIED.
MM INDICATES DATA IS MISSING.
T  INDICATES TRACE AMOUNT.




$$
