000
CDUS41 KBUF 010705
CLIROC


CLIMATE REPORT
NATIONAL WEATHER SERVICE BUFFALO NY
205 AM EST SUN JAN 1 2017


...................................

...THE ROCHESTER NY CLIMATE SUMMARY FOR DECEMBER 31 2016...

CLIMATE NORMAL PERIOD 1981 TO 2010
CLIMATE RECORD PERIOD 1871 TO 2016


WEATHER ITEM   OBSERVED TIME   RECORD YEAR NORMAL DEPARTURE LAST
                VALUE   (LST)  VALUE       VALUE  FROM      YEAR
                                                  NORMAL
..................................................................
TEMPERATURE (F)
 YESTERDAY
  MAXIMUM         42    436 PM  70    1875  33      9       37
  MINIMUM         27    143 AM  -5    1963  20      7       33
                                      1917
  AVERAGE         35                        26      9       35

PRECIPITATION (IN)
  YESTERDAY        0.03          0.58 1886   0.08  -0.05     0.02
  MONTH TO DATE    2.91                      2.63   0.28     2.73
  SINCE DEC 1      2.91                      2.63   0.28     2.73
  SINCE JAN 1     30.72                     34.27  -3.55    36.68

SNOWFALL (IN)
  YESTERDAY       MM            11.7  2008   0.8   MM        0.1
  MONTH TO DATE   29.3                      21.8    7.5      2.3
  SINCE DEC 1     29.3                      21.8    7.5      2.3
  SINCE JUL 1     45.2                      29.2   16.0      3.5
  SNOW DEPTH       1

DEGREE DAYS
 HEATING
  YESTERDAY       30                        39     -9       30
  MONTH TO DATE 1035                      1085    -50      699
  SINCE DEC 1   1035                      1085    -50      699
  SINCE JUL 1   2013                      2453   -440     1739

 COOLING
  YESTERDAY        0                         0      0        0
  MONTH TO DATE    0                         0      0        0
  SINCE DEC 1      0                         0      0        0
  SINCE JAN 1    978                       539    439      698
..................................................................


WIND (MPH)
  HIGHEST WIND SPEED    28   HIGHEST WIND DIRECTION    NW (300)
  HIGHEST GUST SPEED    37   HIGHEST GUST DIRECTION    SW (210)
  AVERAGE WIND SPEED    13.7


SKY COVER
  AVERAGE SKY COVER 0.9


WEATHER CONDITIONS
 THE FOLLOWING WEATHER WAS RECORDED YESTERDAY.
  RAIN
  LIGHT RAIN
  LIGHT SNOW
  FOG


RELATIVE HUMIDITY (PERCENT)
 HIGHEST    76           600 PM
 LOWEST     43           400 PM
 AVERAGE    60

..........................................................


THE ROCHESTER NY CLIMATE NORMALS FOR TODAY
                         NORMAL    RECORD    YEAR
 MAXIMUM TEMPERATURE (F)   33        68      1876
 MINIMUM TEMPERATURE (F)   19        -8      1970


SUNRISE AND SUNSET
JANUARY  1 2017.......SUNRISE   742 AM EST   SUNSET   447 PM EST
JANUARY  2 2017.......SUNRISE   742 AM EST   SUNSET   448 PM EST


-  INDICATES NEGATIVE NUMBERS.
R  INDICATES RECORD WAS SET OR TIED.
MM INDICATES DATA IS MISSING.
T  INDICATES TRACE AMOUNT.




$$
