000
CDUS41 KBUF 082039
CLIROC


CLIMATE REPORT
NATIONAL WEATHER SERVICE BUFFALO NY
439 PM EDT FRI JUL 8 2016


...................................

...THE ROCHESTER NY CLIMATE SUMMARY FOR JULY 8 2016...
VALID TODAY AS OF 0400 PM LOCAL TIME.

CLIMATE NORMAL PERIOD 1981 TO 2010
CLIMATE RECORD PERIOD 1871 TO 2016


WEATHER ITEM   OBSERVED TIME   RECORD YEAR NORMAL DEPARTURE LAST
                VALUE   (LST)  VALUE       VALUE  FROM      YEAR
                                                  NORMAL
..................................................................
TEMPERATURE (F)
 TODAY
  MAXIMUM         83    253 PM 100    1936  81      2       70
  MINIMUM         70    422 AM  45    1963  61      9       61
  AVERAGE         77                        71      6       66

PRECIPITATION (IN)
  TODAY            0.18          1.35 1998   0.10   0.08     0.04
  MONTH TO DATE    0.70                      0.84  -0.14     0.37
  SINCE JUN 1      1.61                      4.18  -2.57     6.57
  SINCE JAN 1     13.22                     16.64  -3.42    18.27

SNOWFALL (IN)
  TODAY            0.0           0.0    MM   0.0    0.0      0.0
  MONTH TO DATE    0.0                       0.0    0.0      0.0
  SINCE JUN 1      0.0                       0.0    0.0      0.0
  SINCE JUL 1      0.0                       0.0    0.0      0.0
  SNOW DEPTH       0

DEGREE DAYS
 HEATING
  TODAY            0                         0      0        0
  MONTH TO DATE    0                         6     -6        4
  SINCE JUN 1     47                        74    -27       61
  SINCE JUL 1      0                         6     -6        4

 COOLING
  TODAY           12                         6      6        1
  MONTH TO DATE   72                        48     24       32
  SINCE JUN 1    201                       154     47      126
  SINCE JAN 1    263                       184     79      229
..................................................................


WIND (MPH)
  HIGHEST WIND SPEED    10   HIGHEST WIND DIRECTION     N (20)
  HIGHEST GUST SPEED    13   HIGHEST GUST DIRECTION    NE (30)
  AVERAGE WIND SPEED     3.8


SKY COVER
  AVERAGE SKY COVER 0.7


WEATHER CONDITIONS
 THE FOLLOWING WEATHER WAS RECORDED TODAY.
  THUNDERSTORM
  HEAVY RAIN
  RAIN
  LIGHT RAIN
  FOG


RELATIVE HUMIDITY (PERCENT)
 HIGHEST    90           400 AM
 LOWEST     65           300 PM
 AVERAGE    78

..........................................................


THE ROCHESTER NY CLIMATE NORMALS FOR TOMORROW
                         NORMAL    RECORD    YEAR
 MAXIMUM TEMPERATURE (F)   81       102      1936
 MINIMUM TEMPERATURE (F)   61        42      1963


SUNRISE AND SUNSET
JULY  8 2016..........SUNRISE   540 AM EDT   SUNSET   852 PM EDT
JULY  9 2016..........SUNRISE   540 AM EDT   SUNSET   851 PM EDT


-  INDICATES NEGATIVE NUMBERS.
R  INDICATES RECORD WAS SET OR TIED.
MM INDICATES DATA IS MISSING.
T  INDICATES TRACE AMOUNT.




$$
