000
CDUS41 KBUF 030705
CLIROC


CLIMATE REPORT
NATIONAL WEATHER SERVICE BUFFALO NY
305 AM EDT THU JUL 3 2014


...................................

...THE ROCHESTER NY CLIMATE SUMMARY FOR JULY 2 2014...

CLIMATE NORMAL PERIOD 1981 TO 2010
CLIMATE RECORD PERIOD 1871 TO 2014


WEATHER ITEM   OBSERVED TIME   RECORD YEAR NORMAL DEPARTURE LAST
                VALUE   (LST)  VALUE       VALUE  FROM      YEAR
                                                  NORMAL
..................................................................
TEMPERATURE (F)
 YESTERDAY
  MAXIMUM         88    228 PM  99    1931  80      8       78
  MINIMUM         69   1159 PM  45    2001  60      9       62
  AVERAGE         79                        70      9       70

PRECIPITATION (IN)
  YESTERDAY        0.02          1.12 1904   0.10  -0.08      T
  MONTH TO DATE    0.03                      0.21  -0.18     0.38
  SINCE JUN 1      2.09                      3.55  -1.46     6.65
  SINCE JAN 1     15.09                     16.01  -0.92    18.48

SNOWFALL (IN)
  YESTERDAY        0.0           0.0    MM   0.0    0.0      0.0
  MONTH TO DATE    0.0                       0.0    0.0      0.0
  SINCE JUN 1      0.0                       0.0    0.0      0.0
  SINCE JUL 1      0.0                       0.0    0.0      0.0
  SNOW DEPTH       0

DEGREE DAYS
 HEATING
  YESTERDAY        0                         1     -1        0
  MONTH TO DATE    0                         2     -2        0
  SINCE JUN 1     29                        70    -41       58
  SINCE JUL 1      0                         2     -2        0

 COOLING
  YESTERDAY       14                         6      8        5
  MONTH TO DATE   31                        12     19        5
  SINCE JUN 1    181                       118     63      112
  SINCE JAN 1    220                       148     72      183
..................................................................


WIND (MPH)
  HIGHEST WIND SPEED    21   HIGHEST WIND DIRECTION     W (280)
  HIGHEST GUST SPEED    28   HIGHEST GUST DIRECTION     W (280)
  AVERAGE WIND SPEED     7.6


SKY COVER
  AVERAGE SKY COVER 0.7


WEATHER CONDITIONS
 THE FOLLOWING WEATHER WAS RECORDED YESTERDAY.
  THUNDERSTORM
  LIGHT RAIN


RELATIVE HUMIDITY (PERCENT)
 HIGHEST    90           300 AM
 LOWEST     44           500 PM
 AVERAGE    67

..........................................................


THE ROCHESTER NY CLIMATE NORMALS FOR TODAY
                         NORMAL    RECORD    YEAR
 MAXIMUM TEMPERATURE (F)   81       100      1911
 MINIMUM TEMPERATURE (F)   60        48      1995
                                             1977
                                             1971


SUNRISE AND SUNSET
JULY  3 2014..........SUNRISE   536 AM EDT   SUNSET   854 PM EDT
JULY  4 2014..........SUNRISE   537 AM EDT   SUNSET   853 PM EDT


-  INDICATES NEGATIVE NUMBERS.
R  INDICATES RECORD WAS SET OR TIED.
MM INDICATES DATA IS MISSING.
T  INDICATES TRACE AMOUNT.




$$
