000
CDUS41 KBUF 130705
CLIROC


CLIMATE REPORT
NATIONAL WEATHER SERVICE BUFFALO NY
305 AM EDT WED APR 13 2016


...................................

...THE ROCHESTER NY CLIMATE SUMMARY FOR APRIL 12 2016...

CLIMATE NORMAL PERIOD 1981 TO 2010
CLIMATE RECORD PERIOD 1871 TO 2016


WEATHER ITEM   OBSERVED TIME   RECORD YEAR NORMAL DEPARTURE LAST
                VALUE   (LST)  VALUE       VALUE  FROM      YEAR
                                                  NORMAL
..................................................................
TEMPERATURE (F)
 YESTERDAY
  MAXIMUM         46   1206 PM  85    1945  55     -9       68
  MINIMUM         30   1147 PM  20    1882  36     -6       34
                                      1880
                                      1874
  AVERAGE         38                        45     -7       51

PRECIPITATION (IN)
  YESTERDAY        0.01          1.33 1944   0.09  -0.08     0.00
  MONTH TO DATE    0.87                      1.14  -0.27     1.26
  SINCE MAR 1      2.69                      3.64  -0.95     2.60
  SINCE JAN 1      7.99                      8.00  -0.01     6.85

SNOWFALL (IN)
  YESTERDAY       MM             2.9  1990   0.1   MM        0.0
  MONTH TO DATE    8.8                       2.4    6.4       T
  SINCE MAR 1     12.0                      18.7   -6.7     12.8
  SINCE JUL 1     63.7                      97.6  -33.9    101.4
  SNOW DEPTH       0

DEGREE DAYS
 HEATING
  YESTERDAY       27                        20      7       14
  MONTH TO DATE  356                       269     87      245
  SINCE MAR 1   1118                      1221   -103     1323
  SINCE JUL 1   5035                      6007   -972     6417

 COOLING
  YESTERDAY        0                         0      0        0
  MONTH TO DATE    0                         0      0        0
  SINCE MAR 1      0                         0      0        0
  SINCE JAN 1      0                         0      0        0
..................................................................


WIND (MPH)
  HIGHEST WIND SPEED    21   HIGHEST WIND DIRECTION     W (290)
  HIGHEST GUST SPEED    26   HIGHEST GUST DIRECTION     W (280)
  AVERAGE WIND SPEED    10.3


SKY COVER
  AVERAGE SKY COVER 0.4


WEATHER CONDITIONS
 THE FOLLOWING WEATHER WAS RECORDED YESTERDAY.
  LIGHT RAIN


RELATIVE HUMIDITY (PERCENT)
 HIGHEST    78          1100 PM
 LOWEST     45           200 PM
 AVERAGE    62

..........................................................


THE ROCHESTER NY CLIMATE NORMALS FOR TODAY
                         NORMAL    RECORD    YEAR
 MAXIMUM TEMPERATURE (F)   55        86      1945
 MINIMUM TEMPERATURE (F)   36        20      1874


SUNRISE AND SUNSET
APRIL 13 2016.........SUNRISE   631 AM EDT   SUNSET   752 PM EDT
APRIL 14 2016.........SUNRISE   630 AM EDT   SUNSET   753 PM EDT


-  INDICATES NEGATIVE NUMBERS.
R  INDICATES RECORD WAS SET OR TIED.
MM INDICATES DATA IS MISSING.
T  INDICATES TRACE AMOUNT.




$$
