000
CDUS41 KBUF 062129
CLIROC


CLIMATE REPORT
NATIONAL WEATHER SERVICE BUFFALO NY
429 PM EST MON FEB 6 2017


...................................

...THE ROCHESTER NY CLIMATE SUMMARY FOR FEBRUARY 6 2017...
VALID TODAY AS OF 0400 PM LOCAL TIME.

CLIMATE NORMAL PERIOD 1981 TO 2010
CLIMATE RECORD PERIOD 1871 TO 2017


WEATHER ITEM   OBSERVED TIME   RECORD YEAR NORMAL DEPARTURE LAST
                VALUE   (LST)  VALUE       VALUE  FROM      YEAR
                                                  NORMAL
..................................................................
TEMPERATURE (F)
 TODAY
  MAXIMUM         35    359 PM  55    1938  32      3       38
  MINIMUM         25    939 AM  -9    1948  17      8       27
  AVERAGE         30                        25      5       33

PRECIPITATION (IN)
  TODAY            T             1.17 2008   0.06  -0.06      T
  MONTH TO DATE    0.18                      0.40  -0.22     0.80
  SINCE DEC 1      5.84                      5.44   0.40     5.05
  SINCE JAN 1      2.93                      2.81   0.12     2.32

SNOWFALL (IN)
  TODAY            T            12.0  1978   0.7   -0.7       T
  MONTH TO DATE    3.5                       4.8   -1.3      1.0
  SINCE DEC 1     44.6                      54.8  -10.2     23.5
  SINCE JUL 1     60.5                      62.2   -1.7     24.7
  SNOW DEPTH       1

DEGREE DAYS
 HEATING
  TODAY           35                        40     -5       32
  MONTH TO DATE  232                       241     -9      156
  SINCE DEC 1   2303                      2577   -274     2014
  SINCE JUL 1   3281                      3945   -664     3054

 COOLING
  TODAY            0                         0      0        0
  MONTH TO DATE    0                         0      0        0
  SINCE DEC 1      0                         0      0        0
  SINCE JAN 1      0                         0      0        0
..................................................................


WIND (MPH)
  HIGHEST WIND SPEED    16   HIGHEST WIND DIRECTION    NW (310)
  HIGHEST GUST SPEED    20   HIGHEST GUST DIRECTION    NW (310)
  AVERAGE WIND SPEED     6.9


SKY COVER
  AVERAGE SKY COVER 0.9


WEATHER CONDITIONS
 THE FOLLOWING WEATHER WAS RECORDED TODAY.
  LIGHT SNOW


RELATIVE HUMIDITY (PERCENT)
 HIGHEST    81           800 AM
 LOWEST     52           400 PM
 AVERAGE    67

..........................................................


THE ROCHESTER NY CLIMATE NORMALS FOR TOMORROW
                         NORMAL    RECORD    YEAR
 MAXIMUM TEMPERATURE (F)   33        53      1925
                                             1904
 MINIMUM TEMPERATURE (F)   18        -9      1875


SUNRISE AND SUNSET
FEBRUARY  6 2017......SUNRISE   720 AM EST   SUNSET   530 PM EST
FEBRUARY  7 2017......SUNRISE   719 AM EST   SUNSET   531 PM EST


-  INDICATES NEGATIVE NUMBERS.
R  INDICATES RECORD WAS SET OR TIED.
MM INDICATES DATA IS MISSING.
T  INDICATES TRACE AMOUNT.




$$
