000
CDUS41 KBUF 210705
CLIROC


CLIMATE REPORT
NATIONAL WEATHER SERVICE BUFFALO NY
305 AM EDT WED SEP 21 2016


...................................

...THE ROCHESTER NY CLIMATE SUMMARY FOR SEPTEMBER 20 2016...

CLIMATE NORMAL PERIOD 1981 TO 2010
CLIMATE RECORD PERIOD 1871 TO 2016


WEATHER ITEM   OBSERVED TIME   RECORD YEAR NORMAL DEPARTURE LAST
                VALUE   (LST)  VALUE       VALUE  FROM      YEAR
                                                  NORMAL
..................................................................
TEMPERATURE (F)
 YESTERDAY
  MAXIMUM         84    258 PM  91    1895  70     14       65
  MINIMUM         59   1134 PM  34    1993  51      8       50
  AVERAGE         72                        60     12       58

PRECIPITATION (IN)
  YESTERDAY        0.00          0.80 1953   0.12  -0.12     0.00
  MONTH TO DATE    1.91                      2.25  -0.34     2.66
  SINCE SEP 1      1.91                      2.25  -0.34     2.66
  SINCE JAN 1     19.56                     24.85  -5.29    28.79

SNOWFALL (IN)
  YESTERDAY        0.0           0.0    MM   0.0    0.0      0.0
  MONTH TO DATE    0.0                       0.0    0.0      0.0
  SINCE SEP 1      0.0                       0.0    0.0      0.0
  SINCE JUL 1      0.0                       0.0    0.0      0.0
  SNOW DEPTH       0

DEGREE DAYS
 HEATING
  YESTERDAY        0                         6     -6        7
  MONTH TO DATE   10                        70    -60       21
  SINCE SEP 1     10                        70    -60       21
  SINCE JUL 1     10                       104    -94       40

 COOLING
  YESTERDAY        7                         1      6        0
  MONTH TO DATE  103                        42     61      137
  SINCE SEP 1    103                        42     61      137
  SINCE JAN 1    954                       526    428      691
..................................................................


WIND (MPH)
  HIGHEST WIND SPEED    16   HIGHEST WIND DIRECTION     W (270)
  HIGHEST GUST SPEED    20   HIGHEST GUST DIRECTION     W (250)
  AVERAGE WIND SPEED     7.6


SKY COVER
  AVERAGE SKY COVER 0.2


WEATHER CONDITIONS
 THE FOLLOWING WEATHER WAS RECORDED YESTERDAY.
  FOG


RELATIVE HUMIDITY (PERCENT)
 HIGHEST    97           100 AM
 LOWEST     44           300 PM
 AVERAGE    71

..........................................................


THE ROCHESTER NY CLIMATE NORMALS FOR TODAY
                         NORMAL    RECORD    YEAR
 MAXIMUM TEMPERATURE (F)   70        91      1931
                                             1895
 MINIMUM TEMPERATURE (F)   50        35      1973


SUNRISE AND SUNSET
SEPTEMBER 21 2016.....SUNRISE   657 AM EDT   SUNSET   709 PM EDT
SEPTEMBER 22 2016.....SUNRISE   658 AM EDT   SUNSET   707 PM EDT


-  INDICATES NEGATIVE NUMBERS.
R  INDICATES RECORD WAS SET OR TIED.
MM INDICATES DATA IS MISSING.
T  INDICATES TRACE AMOUNT.




$$
