000
CDUS41 KBUF 021024
CLIROC


CLIMATE REPORT
NATIONAL WEATHER SERVICE BUFFALO NY
622 AM EDT MON OCT 2 2017


...................................

...THE ROCHESTER NY CLIMATE SUMMARY FOR OCTOBER 1 2017...

CLIMATE NORMAL PERIOD 1981 TO 2010
CLIMATE RECORD PERIOD 1871 TO 2017


WEATHER ITEM   OBSERVED TIME   RECORD YEAR NORMAL DEPARTURE LAST
                VALUE   (LST)  VALUE       VALUE  FROM      YEAR
                                                  NORMAL
..................................................................
TEMPERATURE (F)
 YESTERDAY
  MAXIMUM         65    404 PM  86    1877  65      0       65
  MINIMUM         37    606 AM  31    1993  46     -9       54
  AVERAGE         51                        56     -5       60

PRECIPITATION (IN)
  YESTERDAY        0.00          1.99 1945   0.09  -0.09     0.31
  MONTH TO DATE    0.00                      0.09  -0.09     0.31
  SINCE SEP 1      1.28                      3.47  -2.19     2.61
  SINCE JAN 1     32.29                     26.07   6.22    20.26

SNOWFALL (IN)
  YESTERDAY        0.0           T    1940   0.0    0.0      0.0
  MONTH TO DATE    0.0                       0.0    0.0      0.0
  SINCE SEP 1      0.0                       0.0    0.0      0.0
  SINCE JUL 1      0.0                       0.0    0.0      0.0
  SNOW DEPTH       0

DEGREE DAYS
 HEATING
  YESTERDAY       14                        10      4        5
  MONTH TO DATE   14                        10      4        5
  SINCE SEP 1    106                       157    -51       56
  SINCE JUL 1    133                       191    -58       56

 COOLING
  YESTERDAY        0                         0      0        0
  MONTH TO DATE    0                         0      0        0
  SINCE SEP 1    117                        50     67      112
  SINCE JAN 1    633                       534     99      963
..................................................................


WIND (MPH)
  HIGHEST WIND SPEED    10   HIGHEST WIND DIRECTION    NE (50)
  HIGHEST GUST SPEED    14   HIGHEST GUST DIRECTION     S (180)
  AVERAGE WIND SPEED     3.4


SKY COVER
  AVERAGE SKY COVER 0.3


WEATHER CONDITIONS
 THE FOLLOWING WEATHER WAS RECORDED YESTERDAY.
  NO SIGNIFICANT WEATHER WAS OBSERVED.


RELATIVE HUMIDITY (PERCENT)
 HIGHEST   100           200 AM
 LOWEST     40           400 PM
 AVERAGE    70

..........................................................


THE ROCHESTER NY CLIMATE NORMALS FOR TODAY
                         NORMAL    RECORD    YEAR
 MAXIMUM TEMPERATURE (F)   65        87      1927
 MINIMUM TEMPERATURE (F)   46        32      1997
                                             1975


SUNRISE AND SUNSET
OCTOBER  2 2017.......SUNRISE   709 AM EDT   SUNSET   650 PM EDT
OCTOBER  3 2017.......SUNRISE   711 AM EDT   SUNSET   648 PM EDT


-  INDICATES NEGATIVE NUMBERS.
R  INDICATES RECORD WAS SET OR TIED.
MM INDICATES DATA IS MISSING.
T  INDICATES TRACE AMOUNT.




$$
