000
CDUS41 KBUF 151031
CLIROC


CLIMATE REPORT
NATIONAL WEATHER SERVICE BUFFALO NY
630 AM EDT SAT APR 15 2017


...................................

...THE ROCHESTER NY CLIMATE SUMMARY FOR APRIL 14 2017...

CLIMATE NORMAL PERIOD 1981 TO 2010
CLIMATE RECORD PERIOD 1871 TO 2017


WEATHER ITEM   OBSERVED TIME   RECORD YEAR NORMAL DEPARTURE LAST
                VALUE   (LST)  VALUE       VALUE  FROM      YEAR
                                                  NORMAL
..................................................................
TEMPERATURE (F)
 YESTERDAY
  MAXIMUM         61    200 PM  85    1968  55      6       50
  MINIMUM         37    353 AM  19    1904  36      1       25
  AVERAGE         49                        46      3       38

PRECIPITATION (IN)
  YESTERDAY        0.00          0.58 1948   0.10  -0.10     0.00
  MONTH TO DATE    2.64                      1.34   1.30     0.87
  SINCE MAR 1      7.30                      3.84   3.46     2.69
  SINCE JAN 1     12.38                      8.20   4.18     7.99

SNOWFALL (IN)
  YESTERDAY        0.0           2.0  1893   0.2   -0.2      0.0
  MONTH TO DATE    2.5                       2.8   -0.3      8.8
  SINCE MAR 1     35.5                      19.1   16.4     12.0
  SINCE JUL 1    107.1                      98.0    9.1     63.7
  SNOW DEPTH       0

DEGREE DAYS
 HEATING
  YESTERDAY       16                        19     -3       27
  MONTH TO DATE  231                       308    -77      413
  SINCE MAR 1   1219                      1260    -41     1175
  SINCE JUL 1   5087                      6046   -959     5092

 COOLING
  YESTERDAY        0                         0      0        0
  MONTH TO DATE    3                         0      3        0
  SINCE MAR 1      3                         0      3        0
  SINCE JAN 1      3                         0      3        0
..................................................................


WIND (MPH)
  HIGHEST WIND SPEED    16   HIGHEST WIND DIRECTION    NE (40)
  HIGHEST GUST SPEED    21   HIGHEST GUST DIRECTION    NE (60)
  AVERAGE WIND SPEED     5.9


SKY COVER
  AVERAGE SKY COVER 0.4


WEATHER CONDITIONS
 THE FOLLOWING WEATHER WAS RECORDED YESTERDAY.
  NO SIGNIFICANT WEATHER WAS OBSERVED.


RELATIVE HUMIDITY (PERCENT)
 HIGHEST    85           400 AM
 LOWEST     23           100 PM
 AVERAGE    54

..........................................................


THE ROCHESTER NY CLIMATE NORMALS FOR TODAY
                         NORMAL    RECORD    YEAR
 MAXIMUM TEMPERATURE (F)   56        86      1994
 MINIMUM TEMPERATURE (F)   37        18      1904


SUNRISE AND SUNSET
APRIL 15 2017.........SUNRISE   628 AM EDT   SUNSET   754 PM EDT
APRIL 16 2017.........SUNRISE   627 AM EDT   SUNSET   755 PM EDT


-  INDICATES NEGATIVE NUMBERS.
R  INDICATES RECORD WAS SET OR TIED.
MM INDICATES DATA IS MISSING.
T  INDICATES TRACE AMOUNT.




$$
