000
CDUS41 KBUF 291141
CLIROC


CLIMATE REPORT
NATIONAL WEATHER SERVICE BUFFALO NY
640 AM EST FRI JAN 29 2016


...................................

...THE ROCHESTER NY CLIMATE SUMMARY FOR JANUARY 28 2016...

CLIMATE NORMAL PERIOD 1981 TO 2010
CLIMATE RECORD PERIOD 1871 TO 2016


WEATHER ITEM   OBSERVED TIME   RECORD YEAR NORMAL DEPARTURE LAST
                VALUE   (LST)  VALUE       VALUE  FROM      YEAR
                                                  NORMAL
..................................................................
TEMPERATURE (F)
 YESTERDAY
  MAXIMUM         42    410 PM  58    1916  32     10       27
  MINIMUM         29    743 AM  -8    2005  17     12        1
  AVERAGE         36                        24     12       14

PRECIPITATION (IN)
  YESTERDAY        T             0.84 1876   0.07  -0.07     0.00
  MONTH TO DATE    1.40                      2.20  -0.80     1.54
  SINCE DEC 1      4.13                      4.83  -0.70     3.85
  SINCE JAN 1      1.40                      2.20  -0.80     1.54

SNOWFALL (IN)
  YESTERDAY        T             7.5  2009   0.9   -0.9      0.0
  MONTH TO DATE   19.0                      25.6   -6.6     15.0
  SINCE DEC 1     21.3                      47.4  -26.1     31.6
  SINCE JUL 1     22.5                      54.8  -32.3     40.7
  SNOW DEPTH       1

DEGREE DAYS
 HEATING
  YESTERDAY       29                        41    -12       51
  MONTH TO DATE 1074                      1131    -57     1261
  SINCE DEC 1   1773                      2216   -443     2201
  SINCE JUL 1   2813                      3584   -771     3481

 COOLING
  YESTERDAY        0                         0      0        0
  MONTH TO DATE    0                         0      0        0
  SINCE DEC 1      0                         0      0        0
  SINCE JAN 1      0                         0      0        0
..................................................................


WIND (MPH)
  HIGHEST WIND SPEED    21   HIGHEST WIND DIRECTION    SW (230)
  HIGHEST GUST SPEED    27   HIGHEST GUST DIRECTION    SW (220)
  AVERAGE WIND SPEED    11.6


SKY COVER
  AVERAGE SKY COVER 0.9


WEATHER CONDITIONS
 THE FOLLOWING WEATHER WAS RECORDED YESTERDAY.
  LIGHT SNOW


RELATIVE HUMIDITY (PERCENT)
 HIGHEST    63           300 AM
 LOWEST     49           400 PM
 AVERAGE    56

..........................................................


THE ROCHESTER NY CLIMATE NORMALS FOR TODAY
                         NORMAL    RECORD    YEAR
 MAXIMUM TEMPERATURE (F)   32        59      1914
 MINIMUM TEMPERATURE (F)   17        -9      1873


SUNRISE AND SUNSET
JANUARY 29 2016.......SUNRISE   729 AM EST   SUNSET   518 PM EST
JANUARY 30 2016.......SUNRISE   728 AM EST   SUNSET   520 PM EST


-  INDICATES NEGATIVE NUMBERS.
R  INDICATES RECORD WAS SET OR TIED.
MM INDICATES DATA IS MISSING.
T  INDICATES TRACE AMOUNT.

$$
