000
CDUS41 KBUF 252127
CLIROC


CLIMATE REPORT
NATIONAL WEATHER SERVICE BUFFALO NY
426 PM EST FRI NOV 25 2016


...................................

...THE ROCHESTER NY CLIMATE SUMMARY FOR NOVEMBER 25 2016...
VALID TODAY AS OF 0400 PM LOCAL TIME.

CLIMATE NORMAL PERIOD 1981 TO 2010
CLIMATE RECORD PERIOD 1871 TO 2016


WEATHER ITEM   OBSERVED TIME   RECORD YEAR NORMAL DEPARTURE LAST
                VALUE   (LST)  VALUE       VALUE  FROM      YEAR
                                                  NORMAL
..................................................................
TEMPERATURE (F)
 TODAY
  MAXIMUM         46    359 PM  67    1908  44      2       51
  MINIMUM         40    516 AM  11    1938  30     10       25
                                      1917
  AVERAGE         43                        37      6       38

PRECIPITATION (IN)
  TODAY            0.02          1.15 1950   0.09  -0.07     0.00
  MONTH TO DATE    2.16                      2.44  -0.28     0.74
  SINCE SEP 1      9.72                      8.54   1.18     7.59
  SINCE JAN 1     27.37                     31.14  -3.77    33.72

SNOWFALL (IN)
  TODAY            0.0           6.4  1900   0.4   -0.4      0.0
  MONTH TO DATE   15.0                       5.2    9.8      1.2
  SINCE SEP 1     15.9                       5.3   10.6      1.2
  SINCE JUL 1     15.9                       5.3   10.6      1.2
  SNOW DEPTH       0

DEGREE DAYS
 HEATING
  TODAY           22                        28     -6       27
  MONTH TO DATE  484                       590   -106      433
  SINCE SEP 1    877                      1189   -312      909
  SINCE JUL 1    877                      1223   -346      928

 COOLING
  TODAY            0                         0      0        0
  MONTH TO DATE    0                         0      0        0
  SINCE SEP 1    127                        55     72      144
  SINCE JAN 1    978                       539    439      698
..................................................................


WIND (MPH)
  HIGHEST WIND SPEED    15   HIGHEST WIND DIRECTION     W (280)
  HIGHEST GUST SPEED    19   HIGHEST GUST DIRECTION     W (260)
  AVERAGE WIND SPEED     4.3


SKY COVER
  AVERAGE SKY COVER 0.9


WEATHER CONDITIONS
 THE FOLLOWING WEATHER WAS RECORDED TODAY.
  LIGHT RAIN
  FOG


RELATIVE HUMIDITY (PERCENT)
 HIGHEST   100           200 AM
 LOWEST     71           400 PM
 AVERAGE    86

..........................................................


THE ROCHESTER NY CLIMATE NORMALS FOR TOMORROW
                         NORMAL    RECORD    YEAR
 MAXIMUM TEMPERATURE (F)   44        69      1896
 MINIMUM TEMPERATURE (F)   30        10      1974


SUNRISE AND SUNSET
NOVEMBER 25 2016......SUNRISE   716 AM EST   SUNSET   439 PM EST
NOVEMBER 26 2016......SUNRISE   717 AM EST   SUNSET   439 PM EST


-  INDICATES NEGATIVE NUMBERS.
R  INDICATES RECORD WAS SET OR TIED.
MM INDICATES DATA IS MISSING.
T  INDICATES TRACE AMOUNT.

$$
