000
CDUS41 KBUF 011007
CLIROC


CLIMATE REPORT
NATIONAL WEATHER SERVICE BUFFALO NY
604 AM EDT TUE APR 1 2014


...................................

...THE ROCHESTER NY CLIMATE SUMMARY FOR MARCH 31 2014...

CLIMATE NORMAL PERIOD 1981 TO 2010
CLIMATE RECORD PERIOD 1871 TO 2014


WEATHER ITEM   OBSERVED TIME   RECORD YEAR NORMAL DEPARTURE LAST
                VALUE   (LST)  VALUE       VALUE  FROM      YEAR
                                                  NORMAL
..................................................................
TEMPERATURE (F)
 YESTERDAY
  MAXIMUM         48    543 PM  83    1998  49     -1       58
  MINIMUM         22    530 AM   8    1923  31     -9       32
  AVERAGE         35                        40     -5       45

PRECIPITATION (IN)
  YESTERDAY        0.00          1.09 1932   0.09  -0.09     0.02
  MONTH TO DATE    2.36                      2.50  -0.14     0.85
  SINCE MAR 1      2.36                      2.50  -0.14     0.85
  SINCE JAN 1      5.98                      6.86  -0.88     5.16

SNOWFALL (IN)
  YESTERDAY        0.0           5.2  1989   0.3   -0.3      0.0
  MONTH TO DATE   29.2                      16.3   12.9     11.9
  SINCE MAR 1     29.2                      16.3   12.9     11.9
  SINCE JUL 1    112.3                      95.2   17.1     75.8
  SNOW DEPTH       6

DEGREE DAYS
 HEATING
  YESTERDAY       30                        25      5       20
  MONTH TO DATE 1148                       952    196      971
  SINCE MAR 1   1148                       952    196      971
  SINCE JUL 1   6233                      5738    495     5279

 COOLING
  YESTERDAY        0                         0      0        0
  MONTH TO DATE    0                         0      0        0
  SINCE MAR 1      0                         0      0        0
  SINCE JAN 1      0                         0      0        0
..................................................................


WIND (MPH)
  HIGHEST WIND SPEED    12   HIGHEST WIND DIRECTION     N (360)
  HIGHEST GUST SPEED    15   HIGHEST GUST DIRECTION     N (340)
  AVERAGE WIND SPEED     3.2


SKY COVER
  AVERAGE SKY COVER 0.1


WEATHER CONDITIONS
 THE FOLLOWING WEATHER WAS RECORDED YESTERDAY.
  FOG


RELATIVE HUMIDITY (PERCENT)
 HIGHEST   100           700 AM
 LOWEST     42           600 PM
 AVERAGE    71

..........................................................


THE ROCHESTER NY CLIMATE NORMALS FOR TODAY
                         NORMAL    RECORD    YEAR
 MAXIMUM TEMPERATURE (F)   49        85      1986
 MINIMUM TEMPERATURE (F)   31         7      1923


SUNRISE AND SUNSET
APRIL  1 2014.........SUNRISE   653 AM EDT   SUNSET   737 PM EDT
APRIL  2 2014.........SUNRISE   651 AM EDT   SUNSET   738 PM EDT


-  INDICATES NEGATIVE NUMBERS.
R  INDICATES RECORD WAS SET OR TIED.
MM INDICATES DATA IS MISSING.
T  INDICATES TRACE AMOUNT.




$$
