000
CDUS41 KBUF 130705
CLIROC


CLIMATE REPORT
NATIONAL WEATHER SERVICE BUFFALO NY
305 AM EDT WED AUG 13 2014


...................................

...THE ROCHESTER NY CLIMATE SUMMARY FOR AUGUST 12 2014...

CLIMATE NORMAL PERIOD 1981 TO 2010
CLIMATE RECORD PERIOD 1871 TO 2014


WEATHER ITEM   OBSERVED TIME   RECORD YEAR NORMAL DEPARTURE LAST
                VALUE   (LST)  VALUE       VALUE  FROM      YEAR
                                                  NORMAL
..................................................................
TEMPERATURE (F)
 YESTERDAY
  MAXIMUM         77    311 PM  96    1874  80     -3       77
  MINIMUM         66   1019 PM  46    1987  60      6       61
  AVERAGE         72                        70      2       69

PRECIPITATION (IN)
  YESTERDAY        0.99          1.90 1875   0.11   0.88      T
  MONTH TO DATE    1.85                      1.42   0.43     1.66
  SINCE JUN 1     11.61                      8.09   3.52    12.34
  SINCE JAN 1     24.61                     20.55   4.06    24.17

SNOWFALL (IN)
  YESTERDAY        0.0           0.0    MM   0.0    0.0      0.0
  MONTH TO DATE    0.0                       0.0    0.0      0.0
  SINCE JUN 1      0.0                       0.0    0.0      0.0
  SINCE JUL 1      0.0                       0.0    0.0      0.0
  SNOW DEPTH       0

DEGREE DAYS
 HEATING
  YESTERDAY        0                         1     -1        0
  MONTH TO DATE    0                         2     -2        3
  SINCE JUN 1     36                        82    -46       69
  SINCE JUL 1      7                        14     -7       11

 COOLING
  YESTERDAY        7                         5      2        4
  MONTH TO DATE   57                        71    -14       46
  SINCE JUN 1    357                       370    -13      414
  SINCE JAN 1    396                       400     -4      485
..................................................................


WIND (MPH)
  HIGHEST WIND SPEED    21   HIGHEST WIND DIRECTION     S (170)
  HIGHEST GUST SPEED    26   HIGHEST GUST DIRECTION     S (180)
  AVERAGE WIND SPEED    10.6


SKY COVER
  AVERAGE SKY COVER 1.0


WEATHER CONDITIONS
 THE FOLLOWING WEATHER WAS RECORDED YESTERDAY.
  THUNDERSTORM
  HEAVY RAIN
  RAIN
  LIGHT RAIN
  FOG


RELATIVE HUMIDITY (PERCENT)
 HIGHEST    87           400 AM
 LOWEST     53          1200 AM
 AVERAGE    70

..........................................................


THE ROCHESTER NY CLIMATE NORMALS FOR TODAY
                         NORMAL    RECORD    YEAR
 MAXIMUM TEMPERATURE (F)   80        97      1918
 MINIMUM TEMPERATURE (F)   60        46      1979


SUNRISE AND SUNSET
AUGUST 13 2014........SUNRISE   614 AM EDT   SUNSET   816 PM EDT
AUGUST 14 2014........SUNRISE   615 AM EDT   SUNSET   815 PM EDT


-  INDICATES NEGATIVE NUMBERS.
R  INDICATES RECORD WAS SET OR TIED.
MM INDICATES DATA IS MISSING.
T  INDICATES TRACE AMOUNT.




$$
