000
CDUS41 KBUF 140706
CLIROC


CLIMATE REPORT
NATIONAL WEATHER SERVICE BUFFALO NY
305 AM EDT SUN AUG 14 2016


...................................

...THE ROCHESTER NY CLIMATE SUMMARY FOR AUGUST 13 2016...

CLIMATE NORMAL PERIOD 1981 TO 2010
CLIMATE RECORD PERIOD 1871 TO 2016


WEATHER ITEM   OBSERVED TIME   RECORD YEAR NORMAL DEPARTURE LAST
                VALUE   (LST)  VALUE       VALUE  FROM      YEAR
                                                  NORMAL
..................................................................
TEMPERATURE (F)
 YESTERDAY
  MAXIMUM         95   1211 PM  97    1918  80     15       79
  MINIMUM         75   1159 PM  46    1979  60     15       52
  AVERAGE         85                        70     15       66

PRECIPITATION (IN)
  YESTERDAY        0.18          1.85 1955   0.11   0.07     0.00
  MONTH TO DATE    0.68                      1.53  -0.85     2.51
  SINCE JUN 1      2.81                      8.20  -5.39    12.27
  SINCE JAN 1     14.42                     20.66  -6.24    23.97

SNOWFALL (IN)
  YESTERDAY        0.0           0.0    MM   0.0    0.0      0.0
  MONTH TO DATE    0.0                       0.0    0.0      0.0
  SINCE JUN 1      0.0                       0.0    0.0      0.0
  SINCE JUL 1      0.0                       0.0    0.0      0.0
  SNOW DEPTH       0

DEGREE DAYS
 HEATING
  YESTERDAY        0                         1     -1        0
  MONTH TO DATE    0                         3     -3        1
  SINCE JUN 1     47                        83    -36       69
  SINCE JUL 1      0                        15    -15       12

 COOLING
  YESTERDAY       20                         5     15        1
  MONTH TO DATE  175                        76     99       47
  SINCE JUN 1    617                       375    242      341
  SINCE JAN 1    679                       405    274      444
..................................................................


WIND (MPH)
  HIGHEST WIND SPEED    32   HIGHEST WIND DIRECTION     W (250)
  HIGHEST GUST SPEED    40   HIGHEST GUST DIRECTION     W (250)
  AVERAGE WIND SPEED     9.2


SKY COVER
  AVERAGE SKY COVER 0.7


WEATHER CONDITIONS
 THE FOLLOWING WEATHER WAS RECORDED YESTERDAY.
  THUNDERSTORM
  LIGHT RAIN
  FOG


RELATIVE HUMIDITY (PERCENT)
 HIGHEST    94          1000 PM
 LOWEST     46          1200 PM
 AVERAGE    70

..........................................................


THE ROCHESTER NY CLIMATE NORMALS FOR TODAY
                         NORMAL    RECORD    YEAR
 MAXIMUM TEMPERATURE (F)   80        97      2002
 MINIMUM TEMPERATURE (F)   60        46      1964


SUNRISE AND SUNSET
AUGUST 14 2016........SUNRISE   616 AM EDT   SUNSET   814 PM EDT
AUGUST 15 2016........SUNRISE   617 AM EDT   SUNSET   812 PM EDT


-  INDICATES NEGATIVE NUMBERS.
R  INDICATES RECORD WAS SET OR TIED.
MM INDICATES DATA IS MISSING.
T  INDICATES TRACE AMOUNT.




$$
