000
CDUS41 KBUF 211006
CLIROC


CLIMATE REPORT
NATIONAL WEATHER SERVICE BUFFALO NY
504 AM EST WED JAN 21 2015


...................................

...THE ROCHESTER NY CLIMATE SUMMARY FOR JANUARY 20 2015...

CLIMATE NORMAL PERIOD 1981 TO 2010
CLIMATE RECORD PERIOD 1871 TO 2015


WEATHER ITEM   OBSERVED TIME   RECORD YEAR NORMAL DEPARTURE LAST
                VALUE   (LST)  VALUE       VALUE  FROM      YEAR
                                                  NORMAL
..................................................................
TEMPERATURE (F)
 YESTERDAY
  MAXIMUM         23    129 AM  58    1951  31     -8       31
  MINIMUM          6   1048 PM  -9    1994  17    -11       11
  AVERAGE         15                        24     -9       21

PRECIPITATION (IN)
  YESTERDAY        0.01          1.26 1978   0.08  -0.07     0.10
  MONTH TO DATE    1.37                      1.61  -0.24     1.04
  SINCE DEC 1      3.68                      4.24  -0.56     4.03
  SINCE JAN 1      1.37                      1.61  -0.24     1.04

SNOWFALL (IN)
  YESTERDAY        0.0          13.1  1978   0.9   -0.9      1.5
  MONTH TO DATE   12.3                      18.3   -6.0     15.4
  SINCE DEC 1     28.9                      40.1  -11.2     37.9
  SINCE JUL 1     38.0                      47.5   -9.5     51.4
  SNOW DEPTH       1

DEGREE DAYS
 HEATING
  YESTERDAY       50                        41      9       44
  MONTH TO DATE  891                       803     88      801
  SINCE DEC 1   1831                      1888    -57     1926
  SINCE JUL 1   3111                      3256   -145     3298

 COOLING
  YESTERDAY        0                         0      0        0
  MONTH TO DATE    0                         0      0        0
  SINCE DEC 1      0                         0      0        0
  SINCE JAN 1      0                         0      0        0
..................................................................


WIND (MPH)
  HIGHEST WIND SPEED    12   HIGHEST WIND DIRECTION     W (290)
  HIGHEST GUST SPEED    14   HIGHEST GUST DIRECTION    NW (300)
  AVERAGE WIND SPEED     5.8


SKY COVER
  AVERAGE SKY COVER 0.7


WEATHER CONDITIONS
 THE FOLLOWING WEATHER WAS RECORDED YESTERDAY.
  LIGHT SNOW
  FOG


RELATIVE HUMIDITY (PERCENT)
 HIGHEST    88          1100 PM
 LOWEST     57           300 PM
 AVERAGE    73

..........................................................


THE ROCHESTER NY CLIMATE NORMALS FOR TODAY
                         NORMAL    RECORD    YEAR
 MAXIMUM TEMPERATURE (F)   31        71      1906
 MINIMUM TEMPERATURE (F)   17       -10      2005


SUNRISE AND SUNSET
JANUARY 21 2015.......SUNRISE   736 AM EST   SUNSET   508 PM EST
JANUARY 22 2015.......SUNRISE   735 AM EST   SUNSET   510 PM EST


-  INDICATES NEGATIVE NUMBERS.
R  INDICATES RECORD WAS SET OR TIED.
MM INDICATES DATA IS MISSING.
T  INDICATES TRACE AMOUNT.




$$
