000
CDUS41 KBUF 032130
CLIROC


CLIMATE REPORT
NATIONAL WEATHER SERVICE BUFFALO NY
429 PM EST SAT FEB 3 2018


...................................

...THE ROCHESTER NY CLIMATE SUMMARY FOR FEBRUARY 3 2018...
VALID TODAY AS OF 0400 PM LOCAL TIME.

CLIMATE NORMAL PERIOD 1981 TO 2010
CLIMATE RECORD PERIOD 1871 TO 2018


WEATHER ITEM   OBSERVED TIME   RECORD YEAR NORMAL DEPARTURE LAST
                VALUE   (LST)  VALUE       VALUE  FROM      YEAR
                                                  NORMAL
..................................................................
TEMPERATURE (F)
 TODAY
  MAXIMUM         26    359 PM  59    2016  32     -6       23
  MINIMUM         11   1200 AM  -5    1951  17     -6       14
  AVERAGE         19                        25     -6       19

PRECIPITATION (IN)
  TODAY            T             1.37 1880   0.07  -0.07      T
  MONTH TO DATE    0.06                      0.21  -0.15     0.17
  SINCE DEC 1      5.41                      5.25   0.16     5.83
  SINCE JAN 1      3.17                      2.62   0.55     2.92

SNOWFALL (IN)
  TODAY            T            13.7  1880   0.8   -0.8       T
  MONTH TO DATE    1.9                       2.5   -0.6      3.4
  SINCE DEC 1     69.5                      52.5   17.0     44.5
  SINCE JUL 1     72.1                      59.9   12.2     60.4
  SNOW DEPTH       1
SNOWFALL THROUGH 0100 PM

DEGREE DAYS
 HEATING
  TODAY           46                        40      6       46
  MONTH TO DATE  127                       121      6      121
  SINCE DEC 1   2562                      2457    105     2192
  SINCE JUL 1   3653                      3825   -172     3170

 COOLING
  TODAY            0                         0      0        0
  MONTH TO DATE    0                         0      0        0
  SINCE DEC 1      0                         0      0        0
  SINCE JAN 1      0                         0      0        0
..................................................................


WIND (MPH)
  HIGHEST WIND SPEED    23   HIGHEST WIND DIRECTION     W (250)
  HIGHEST GUST SPEED    29   HIGHEST GUST DIRECTION     W (270)
  AVERAGE WIND SPEED    13.0


SKY COVER
  AVERAGE SKY COVER 0.9


WEATHER CONDITIONS
 THE FOLLOWING WEATHER WAS RECORDED TODAY.
  LIGHT SNOW
  FOG


RELATIVE HUMIDITY (PERCENT)
 HIGHEST    88           200 AM
 LOWEST     50           100 PM
 AVERAGE    69

..........................................................


THE ROCHESTER NY CLIMATE NORMALS FOR TOMORROW
                         NORMAL    RECORD    YEAR
 MAXIMUM TEMPERATURE (F)   32        58      1991
                                             1890
 MINIMUM TEMPERATURE (F)   17        -8      1970
                                             1918


SUNRISE AND SUNSET
FEBRUARY  3 2018......SUNRISE   724 AM EST   SUNSET   526 PM EST
FEBRUARY  4 2018......SUNRISE   723 AM EST   SUNSET   527 PM EST


-  INDICATES NEGATIVE NUMBERS.
R  INDICATES RECORD WAS SET OR TIED.
MM INDICATES DATA IS MISSING.
T  INDICATES TRACE AMOUNT.

$$
