000
CDUS41 KBUF 031026
CLIROC


CLIMATE REPORT
NATIONAL WEATHER SERVICE BUFFALO NY
626 AM EDT WED MAY 3 2017


...................................

...THE ROCHESTER NY CLIMATE SUMMARY FOR MAY 2 2017...

CLIMATE NORMAL PERIOD 1981 TO 2010
CLIMATE RECORD PERIOD 1871 TO 2017


WEATHER ITEM   OBSERVED TIME   RECORD YEAR NORMAL DEPARTURE LAST
                VALUE   (LST)  VALUE       VALUE  FROM      YEAR
                                                  NORMAL
..................................................................
TEMPERATURE (F)
 YESTERDAY
  MAXIMUM         58   1114 AM  85    2001  63     -5       50
                                      1942
                                      1887
  MINIMUM         47   1038 PM  26    1979  42      5       40
  AVERAGE         53                        52      1       45

PRECIPITATION (IN)
  YESTERDAY        0.01          1.07 1992   0.09  -0.08     0.49
  MONTH TO DATE    1.25                      0.18   1.07     0.76
  SINCE MAR 1     10.86                      5.41   5.45     4.14
  SINCE JAN 1     15.94                      9.77   6.17     9.44

SNOWFALL (IN)
  YESTERDAY        0.0           3.0  1909   0.1   -0.1      0.0
  MONTH TO DATE    0.0                       0.1   -0.1      0.0
  SINCE MAR 1     35.5                      20.3   15.2     12.0
  SINCE JUL 1    107.1                      99.2    7.9     63.7
  SNOW DEPTH       0

DEGREE DAYS
 HEATING
  YESTERDAY       12                        13     -1       20
  MONTH TO DATE   20                        26     -6       36
  SINCE MAR 1   1419                      1543   -124     1472
  SINCE JUL 1   5287                      6329  -1042     5389

 COOLING
  YESTERDAY        0                         0      0        0
  MONTH TO DATE    0                         0      0        0
  SINCE MAR 1     14                         4     10        0
  SINCE JAN 1     14                         4     10        0
..................................................................


WIND (MPH)
  HIGHEST WIND SPEED    36   HIGHEST WIND DIRECTION     W (260)
  HIGHEST GUST SPEED    46   HIGHEST GUST DIRECTION     W (270)
  AVERAGE WIND SPEED    17.9


SKY COVER
  AVERAGE SKY COVER 0.8


WEATHER CONDITIONS
 THE FOLLOWING WEATHER WAS RECORDED YESTERDAY.
  LIGHT RAIN


RELATIVE HUMIDITY (PERCENT)
 HIGHEST    82          1000 PM
 LOWEST     59           300 PM
 AVERAGE    71

..........................................................


THE ROCHESTER NY CLIMATE NORMALS FOR TODAY
                         NORMAL    RECORD    YEAR
 MAXIMUM TEMPERATURE (F)   63        91      1944
 MINIMUM TEMPERATURE (F)   42        27      1911


SUNRISE AND SUNSET
MAY  3 2017...........SUNRISE   601 AM EDT   SUNSET   815 PM EDT
MAY  4 2017...........SUNRISE   600 AM EDT   SUNSET   816 PM EDT


-  INDICATES NEGATIVE NUMBERS.
R  INDICATES RECORD WAS SET OR TIED.
MM INDICATES DATA IS MISSING.
T  INDICATES TRACE AMOUNT.

$$
