000
CDUS41 KBUF 171022
CLIROC


CLIMATE REPORT
NATIONAL WEATHER SERVICE BUFFALO NY
619 AM EDT THU AUG 17 2017


...................................

...THE ROCHESTER NY CLIMATE SUMMARY FOR AUGUST 16 2017...

CLIMATE NORMAL PERIOD 1981 TO 2010
CLIMATE RECORD PERIOD 1871 TO 2017


WEATHER ITEM   OBSERVED TIME   RECORD YEAR NORMAL DEPARTURE LAST
                VALUE   (LST)  VALUE       VALUE  FROM      YEAR
                                                  NORMAL
..................................................................
TEMPERATURE (F)
 YESTERDAY
  MAXIMUM         75    327 PM  94    1913  79     -4       89
  MINIMUM         59   1159 PM  47    1979  60     -1       69
                                      1945
                                      1885
  AVERAGE         67                        70     -3       79

PRECIPITATION (IN)
  YESTERDAY        0.00          2.65 1879   0.12  -0.12     1.12
  MONTH TO DATE    1.88                      1.89  -0.01     1.81
  SINCE JUN 1      9.71                      8.56   1.15     3.94
  SINCE JAN 1     29.69                     21.02   8.67    15.55

SNOWFALL (IN)
  YESTERDAY        0.0           0.0    MM   0.0    0.0      0.0
  MONTH TO DATE    0.0                       0.0    0.0      0.0
  SINCE JUN 1      0.0                       0.0    0.0      0.0
  SINCE JUL 1      0.0                       0.0    0.0      0.0
  SNOW DEPTH       0

DEGREE DAYS
 HEATING
  YESTERDAY        0                         1     -1        0
  MONTH TO DATE    1                         6     -5        0
  SINCE JUN 1     48                        86    -38       47
  SINCE JUL 1      3                        18    -15        0

 COOLING
  YESTERDAY        2                         5     -3       14
  MONTH TO DATE   93                        91      2      211
  SINCE JUN 1    424                       390     34      653
  SINCE JAN 1    466                       420     46      715
..................................................................


WIND (MPH)
  HIGHEST WIND SPEED    13   HIGHEST WIND DIRECTION    NE (40)
  HIGHEST GUST SPEED    16   HIGHEST GUST DIRECTION    NE (40)
  AVERAGE WIND SPEED     4.7


SKY COVER
  AVERAGE SKY COVER 0.4


WEATHER CONDITIONS
 THE FOLLOWING WEATHER WAS RECORDED YESTERDAY.
  FOG


RELATIVE HUMIDITY (PERCENT)
 HIGHEST   100           400 AM
 LOWEST     53           500 PM
 AVERAGE    77

..........................................................


THE ROCHESTER NY CLIMATE NORMALS FOR TODAY
                         NORMAL    RECORD    YEAR
 MAXIMUM TEMPERATURE (F)   79        94      1913
 MINIMUM TEMPERATURE (F)   60        46      1979


SUNRISE AND SUNSET
AUGUST 17 2017........SUNRISE   619 AM EDT   SUNSET   810 PM EDT
AUGUST 18 2017........SUNRISE   620 AM EDT   SUNSET   808 PM EDT


-  INDICATES NEGATIVE NUMBERS.
R  INDICATES RECORD WAS SET OR TIED.
MM INDICATES DATA IS MISSING.
T  INDICATES TRACE AMOUNT.




$$
