000
CDUS41 KBUF 090705
CLIROC


CLIMATE REPORT
NATIONAL WEATHER SERVICE BUFFALO NY
205 AM EST FRI DEC 9 2016


...................................

...THE ROCHESTER NY CLIMATE SUMMARY FOR DECEMBER 8 2016...

CLIMATE NORMAL PERIOD 1981 TO 2010
CLIMATE RECORD PERIOD 1871 TO 2016


WEATHER ITEM   OBSERVED TIME   RECORD YEAR NORMAL DEPARTURE LAST
                VALUE   (LST)  VALUE       VALUE  FROM      YEAR
                                                  NORMAL
..................................................................
TEMPERATURE (F)
 YESTERDAY
  MAXIMUM         37   1015 AM  68    1966  39     -2       44
  MINIMUM         29   1055 PM   2    1906  26      3       33
  AVERAGE         33                        32      1       39

PRECIPITATION (IN)
  YESTERDAY        T             1.31 1944   0.09  -0.09     0.00
  MONTH TO DATE    0.73                      0.73   0.00     0.58
  SINCE DEC 1      0.73                      0.73   0.00     0.58
  SINCE JAN 1     28.54                     32.37  -3.83    34.53

SNOWFALL (IN)
  YESTERDAY       MM             8.0  1917   0.6   MM        0.0
  MONTH TO DATE    1.7                       4.6   -2.9       T
  SINCE DEC 1      1.7                       4.6   -2.9       T
  SINCE JUL 1     17.6                      12.0    5.6      1.2
  SNOW DEPTH       0

DEGREE DAYS
 HEATING
  YESTERDAY       32                        33     -1       26
  MONTH TO DATE  222                       252    -30      199
  SINCE DEC 1    222                       252    -30      199
  SINCE JUL 1   1200                      1620   -420     1239

 COOLING
  YESTERDAY        0                         0      0        0
  MONTH TO DATE    0                         0      0        0
  SINCE DEC 1      0                         0      0        0
  SINCE JAN 1    978                       539    439      698
..................................................................


WIND (MPH)
  HIGHEST WIND SPEED    26   HIGHEST WIND DIRECTION     W (270)
  HIGHEST GUST SPEED    35   HIGHEST GUST DIRECTION     W (270)
  AVERAGE WIND SPEED    13.7


SKY COVER
  AVERAGE SKY COVER 0.9


WEATHER CONDITIONS
 THE FOLLOWING WEATHER WAS RECORDED YESTERDAY.
  LIGHT SNOW
  BLOWING SNOW


RELATIVE HUMIDITY (PERCENT)
 HIGHEST    78          1200 AM
 LOWEST     47          1200 PM
 AVERAGE    63

..........................................................


THE ROCHESTER NY CLIMATE NORMALS FOR TODAY
                         NORMAL    RECORD    YEAR
 MAXIMUM TEMPERATURE (F)   38        63      1966
 MINIMUM TEMPERATURE (F)   26         2      2002


SUNRISE AND SUNSET
DECEMBER  9 2016......SUNRISE   731 AM EST   SUNSET   435 PM EST
DECEMBER 10 2016......SUNRISE   732 AM EST   SUNSET   436 PM EST


-  INDICATES NEGATIVE NUMBERS.
R  INDICATES RECORD WAS SET OR TIED.
MM INDICATES DATA IS MISSING.
T  INDICATES TRACE AMOUNT.




$$
