397
CDUS41 KBUF 280705
CLIROC


CLIMATE REPORT
NATIONAL WEATHER SERVICE BUFFALO NY
205 AM EST MON NOV 28 2016


...................................

...THE ROCHESTER NY CLIMATE SUMMARY FOR NOVEMBER 27 2016...

CLIMATE NORMAL PERIOD 1981 TO 2010
CLIMATE RECORD PERIOD 1871 TO 2016


WEATHER ITEM   OBSERVED TIME   RECORD YEAR NORMAL DEPARTURE LAST
                VALUE   (LST)  VALUE       VALUE  FROM      YEAR
                                                  NORMAL
..................................................................
TEMPERATURE (F)
 YESTERDAY
  MAXIMUM         45    240 PM  71    1887  43      2       65
  MINIMUM         36   1127 PM   9    1936  30      6       40
  AVERAGE         41                        36      5       53

PRECIPITATION (IN)
  YESTERDAY        0.05          1.02 1993   0.10  -0.05     0.19
  MONTH TO DATE    2.30                      2.64  -0.34     0.93
  SINCE SEP 1      9.86                      8.74   1.12     7.78
  SINCE JAN 1     27.51                     31.34  -3.83    33.91

SNOWFALL (IN)
  YESTERDAY       MM             4.2  1940   0.4   MM        0.0
  MONTH TO DATE   15.0                       6.0    9.0      1.2
  SINCE SEP 1     15.9                       6.1    9.8      1.2
  SINCE JUL 1     15.9                       6.1    9.8      1.2
  SNOW DEPTH       0

DEGREE DAYS
 HEATING
  YESTERDAY       24                        29     -5       12
  MONTH TO DATE  534                       647   -113      457
  SINCE SEP 1    927                      1246   -319      933
  SINCE JUL 1    927                      1280   -353      952

 COOLING
  YESTERDAY        0                         0      0        0
  MONTH TO DATE    0                         0      0        0
  SINCE SEP 1    127                        55     72      144
  SINCE JAN 1    978                       539    439      698
..................................................................


WIND (MPH)
  HIGHEST WIND SPEED    15   HIGHEST WIND DIRECTION    NW (300)
  HIGHEST GUST SPEED    21   HIGHEST GUST DIRECTION     W (270)
  AVERAGE WIND SPEED     5.8


SKY COVER
  AVERAGE SKY COVER 0.9


WEATHER CONDITIONS
 THE FOLLOWING WEATHER WAS RECORDED YESTERDAY.
  HEAVY RAIN
  RAIN
  LIGHT RAIN
  FOG


RELATIVE HUMIDITY (PERCENT)
 HIGHEST   100           300 AM
 LOWEST     58           200 PM
 AVERAGE    79

..........................................................


THE ROCHESTER NY CLIMATE NORMALS FOR TODAY
                         NORMAL    RECORD    YEAR
 MAXIMUM TEMPERATURE (F)   43        74      1990
 MINIMUM TEMPERATURE (F)   29        11      1996
                                             1930


SUNRISE AND SUNSET
NOVEMBER 28 2016......SUNRISE   720 AM EST   SUNSET   438 PM EST
NOVEMBER 29 2016......SUNRISE   721 AM EST   SUNSET   437 PM EST


-  INDICATES NEGATIVE NUMBERS.
R  INDICATES RECORD WAS SET OR TIED.
MM INDICATES DATA IS MISSING.
T  INDICATES TRACE AMOUNT.




$$
