000
CDUS41 KBUF 100705
CLIROC


CLIMATE REPORT
NATIONAL WEATHER SERVICE BUFFALO NY
305 AM EDT SUN JUL 10 2016


...................................

...THE ROCHESTER NY CLIMATE SUMMARY FOR JULY 9 2016...

CLIMATE NORMAL PERIOD 1981 TO 2010
CLIMATE RECORD PERIOD 1871 TO 2016


WEATHER ITEM   OBSERVED TIME   RECORD YEAR NORMAL DEPARTURE LAST
                VALUE   (LST)  VALUE       VALUE  FROM      YEAR
                                                  NORMAL
..................................................................
TEMPERATURE (F)
 YESTERDAY
  MAXIMUM         85    103 PM 102    1936  81      4       67
  MINIMUM         68   1044 PM  42    1963  61      7       59
  AVERAGE         77                        71      6       63

PRECIPITATION (IN)
  YESTERDAY        T             1.26 2010   0.11  -0.11     0.31
  MONTH TO DATE    0.70                      0.95  -0.25     0.68
  SINCE JUN 1      1.61                      4.29  -2.68     6.88
  SINCE JAN 1     13.22                     16.75  -3.53    18.58

SNOWFALL (IN)
  YESTERDAY        0.0           0.0    MM   0.0    0.0      0.0
  MONTH TO DATE    0.0                       0.0    0.0      0.0
  SINCE JUN 1      0.0                       0.0    0.0      0.0
  SINCE JUL 1      0.0                       0.0    0.0      0.0
  SNOW DEPTH       0

DEGREE DAYS
 HEATING
  YESTERDAY        0                         0      0        2
  MONTH TO DATE    0                         6     -6        6
  SINCE JUN 1     47                        74    -27       63
  SINCE JUL 1      0                         6     -6        6

 COOLING
  YESTERDAY       12                         6      6        0
  MONTH TO DATE   84                        54     30       32
  SINCE JUN 1    213                       160     53      126
  SINCE JAN 1    275                       190     85      229
..................................................................


WIND (MPH)
  HIGHEST WIND SPEED    31   HIGHEST WIND DIRECTION     W (290)
  HIGHEST GUST SPEED    42   HIGHEST GUST DIRECTION    NW (300)
  AVERAGE WIND SPEED    11.7


SKY COVER
  AVERAGE SKY COVER 0.6


WEATHER CONDITIONS
 THE FOLLOWING WEATHER WAS RECORDED YESTERDAY.
  LIGHT RAIN


RELATIVE HUMIDITY (PERCENT)
 HIGHEST    90           400 AM
 LOWEST     43           100 PM
 AVERAGE    67

..........................................................


THE ROCHESTER NY CLIMATE NORMALS FOR TODAY
                         NORMAL    RECORD    YEAR
 MAXIMUM TEMPERATURE (F)   81       102      1936
 MINIMUM TEMPERATURE (F)   61        48      1997


SUNRISE AND SUNSET
JULY 10 2016..........SUNRISE   541 AM EDT   SUNSET   851 PM EDT
JULY 11 2016..........SUNRISE   542 AM EDT   SUNSET   850 PM EDT


-  INDICATES NEGATIVE NUMBERS.
R  INDICATES RECORD WAS SET OR TIED.
MM INDICATES DATA IS MISSING.
T  INDICATES TRACE AMOUNT.




$$
