000
CDUS41 KBUF 050705
CLIROC


CLIMATE REPORT
NATIONAL WEATHER SERVICE BUFFALO NY
205 AM EST THU JAN 5 2017


...................................

...THE ROCHESTER NY CLIMATE SUMMARY FOR JANUARY 4 2017...

CLIMATE NORMAL PERIOD 1981 TO 2010
CLIMATE RECORD PERIOD 1871 TO 2017


WEATHER ITEM   OBSERVED TIME   RECORD YEAR NORMAL DEPARTURE LAST
                VALUE   (LST)  VALUE       VALUE  FROM      YEAR
                                                  NORMAL
..................................................................
TEMPERATURE (F)
 YESTERDAY
  MAXIMUM         42        MM  69    1874  32     10       19
  MINIMUM         20        MM -10    1981  19      1       10
  AVERAGE         31                        26      5       15

PRECIPITATION (IN)
  YESTERDAY        0.03          1.71 1879   0.08  -0.05     0.03
  MONTH TO DATE    0.55                      0.33   0.22     0.08
  SINCE DEC 1      3.46                      2.96   0.50     2.81
  SINCE JAN 1      0.55                      0.33   0.22     0.08

SNOWFALL (IN)
  YESTERDAY       MM            17.1  1879   0.9   MM        1.1
  MONTH TO DATE    0.0                       3.5   -3.5      2.1
  SINCE DEC 1     29.3                      25.3    4.0      4.4
  SINCE JUL 1     45.2                      32.7   12.5      5.6
  SNOW DEPTH       0

DEGREE DAYS
 HEATING
  YESTERDAY       34                        39     -5       50
  MONTH TO DATE  125                       156    -31      160
  SINCE DEC 1   1160                      1241    -81      859
  SINCE JUL 1   2138                      2609   -471     1899

 COOLING
  YESTERDAY        0                         0      0        0
  MONTH TO DATE    0                         0      0        0
  SINCE DEC 1      0                         0      0        0
  SINCE JAN 1      0                         0      0        0
..................................................................


WIND (MPH)
  HIGHEST WIND SPEED    35   HIGHEST WIND DIRECTION     W (270)
  HIGHEST GUST SPEED    50   HIGHEST GUST DIRECTION     W (270)
  AVERAGE WIND SPEED    20.7


SKY COVER
  AVERAGE SKY COVER 0.9


WEATHER CONDITIONS
 THE FOLLOWING WEATHER WAS RECORDED YESTERDAY.
  MIXED PRECIP
  RAIN
  LIGHT RAIN
  LIGHT SNOW
  FOG


RELATIVE HUMIDITY (PERCENT)
 HIGHEST    93           200 AM
 LOWEST     56           100 PM
 AVERAGE    75

..........................................................


THE ROCHESTER NY CLIMATE NORMALS FOR TODAY
                         NORMAL    RECORD    YEAR
 MAXIMUM TEMPERATURE (F)   32        65      1998
 MINIMUM TEMPERATURE (F)   19       -14      1904


SUNRISE AND SUNSET
JANUARY  5 2017.......SUNRISE   742 AM EST   SUNSET   450 PM EST
JANUARY  6 2017.......SUNRISE   742 AM EST   SUNSET   451 PM EST


-  INDICATES NEGATIVE NUMBERS.
R  INDICATES RECORD WAS SET OR TIED.
MM INDICATES DATA IS MISSING.
T  INDICATES TRACE AMOUNT.




$$
