000
CDUS41 KBUF 051019
CLIROC


CLIMATE REPORT
NATIONAL WEATHER SERVICE BUFFALO NY
518 AM EST SUN NOV 5 2017


...................................

...THE ROCHESTER NY CLIMATE SUMMARY FOR NOVEMBER 4 2017...

CLIMATE NORMAL PERIOD 1981 TO 2010
CLIMATE RECORD PERIOD 1871 TO 2017


WEATHER ITEM   OBSERVED TIME   RECORD YEAR NORMAL DEPARTURE LAST
                VALUE   (LST)  VALUE       VALUE  FROM      YEAR
                                                  NORMAL
..................................................................
TEMPERATURE (F)
 YESTERDAY
  MAXIMUM         48   1159 PM  78    2015  53     -5       51
  MINIMUM         34    437 AM  20    1879  36     -2       40
  AVERAGE         41                        44     -3       46

PRECIPITATION (IN)
  YESTERDAY        0.01          2.02 1950   0.10  -0.09     0.00
  MONTH TO DATE    1.00                      0.40   0.60     0.91
  SINCE SEP 1      8.99                      6.50   2.49     8.47
  SINCE JAN 1     40.00                     29.10  10.90    26.12

SNOWFALL (IN)
  YESTERDAY        0.0           4.4  1983   0.1   -0.1      0.0
  MONTH TO DATE    0.0                       0.4   -0.4      0.0
  SINCE SEP 1      0.0                       0.5   -0.5      0.9
  SINCE JUL 1      0.0                       0.5   -0.5      0.9
  SNOW DEPTH       0

DEGREE DAYS
 HEATING
  YESTERDAY       24                        20      4       19
  MONTH TO DATE   71                        80     -9       47
  SINCE SEP 1    406                       679   -273      440
  SINCE JUL 1    433                       713   -280      440

 COOLING
  YESTERDAY        0                         0      0        0
  MONTH TO DATE    0                         0      0        0
  SINCE SEP 1    139                        55     84      127
  SINCE JAN 1    655                       539    116      978
..................................................................


WIND (MPH)
  HIGHEST WIND SPEED    16   HIGHEST WIND DIRECTION     E (90)
  HIGHEST GUST SPEED    20   HIGHEST GUST DIRECTION     E (90)
  AVERAGE WIND SPEED     7.3


SKY COVER
  AVERAGE SKY COVER 0.7


WEATHER CONDITIONS
 THE FOLLOWING WEATHER WAS RECORDED YESTERDAY.
  NO SIGNIFICANT WEATHER WAS OBSERVED.


RELATIVE HUMIDITY (PERCENT)
 HIGHEST   100           100 AM
 LOWEST     60           200 PM
 AVERAGE    80

..........................................................


THE ROCHESTER NY CLIMATE NORMALS FOR TODAY
                         NORMAL    RECORD    YEAR
 MAXIMUM TEMPERATURE (F)   52        75      2015
 MINIMUM TEMPERATURE (F)   36        15      1951


SUNRISE AND SUNSET
NOVEMBER  5 2017......SUNRISE   651 AM EST   SUNSET   457 PM EST
NOVEMBER  6 2017......SUNRISE   652 AM EST   SUNSET   456 PM EST


-  INDICATES NEGATIVE NUMBERS.
R  INDICATES RECORD WAS SET OR TIED.
MM INDICATES DATA IS MISSING.
T  INDICATES TRACE AMOUNT.




$$
