000
CDUS41 KBUF 020705
CLIROC


CLIMATE REPORT
NATIONAL WEATHER SERVICE BUFFALO NY
305 AM EDT WED JUL 2 2014


...................................

...THE ROCHESTER NY CLIMATE SUMMARY FOR JULY 1 2014...

CLIMATE NORMAL PERIOD 1981 TO 2010
CLIMATE RECORD PERIOD 1871 TO 2014


WEATHER ITEM   OBSERVED TIME   RECORD YEAR NORMAL DEPARTURE LAST
                VALUE   (LST)  VALUE       VALUE  FROM      YEAR
                                                  NORMAL
..................................................................
TEMPERATURE (F)
 YESTERDAY
  MAXIMUM         89    159 PM  96    1901  80      9       68
  MINIMUM         74    434 AM  45    1943  60     14       62
  AVERAGE         82                        70     12       65

PRECIPITATION (IN)
  YESTERDAY        0.01          1.61 1946   0.11  -0.10     0.38
  MONTH TO DATE    0.01                      0.11  -0.10     0.38
  SINCE JUN 1      2.07                      3.45  -1.38     6.65
  SINCE JAN 1     15.07                     15.91  -0.84    18.48

SNOWFALL (IN)
  YESTERDAY        0.0           0.0    MM   0.0    0.0      0.0
  MONTH TO DATE    0.0                       0.0    0.0      0.0
  SINCE JUN 1      0.0                       0.0    0.0      0.0
  SINCE JUL 1      0.0                       0.0    0.0      0.0
  SNOW DEPTH       0

DEGREE DAYS
 HEATING
  YESTERDAY        0                         1     -1        0
  MONTH TO DATE    0                         1     -1        0
  SINCE JUN 1     29                        69    -40       58
  SINCE JUL 1      0                         1     -1        0

 COOLING
  YESTERDAY       17                         6     11        0
  MONTH TO DATE   17                         6     11        0
  SINCE JUN 1    167                       112     55      107
  SINCE JAN 1    206                       142     64      178
..................................................................


WIND (MPH)
  HIGHEST WIND SPEED    30   HIGHEST WIND DIRECTION     W (250)
  HIGHEST GUST SPEED    38   HIGHEST GUST DIRECTION    SW (240)
  AVERAGE WIND SPEED    12.4


SKY COVER
  AVERAGE SKY COVER 0.6


WEATHER CONDITIONS
 THE FOLLOWING WEATHER WAS RECORDED YESTERDAY.
  NO SIGNIFICANT WEATHER WAS OBSERVED.


RELATIVE HUMIDITY (PERCENT)
 HIGHEST    84           300 AM
 LOWEST     41           200 PM
 AVERAGE    63

..........................................................


THE ROCHESTER NY CLIMATE NORMALS FOR TODAY
                         NORMAL    RECORD    YEAR
 MAXIMUM TEMPERATURE (F)   80        99      1931
 MINIMUM TEMPERATURE (F)   60        45      2001


SUNRISE AND SUNSET
JULY  2 2014..........SUNRISE   535 AM EDT   SUNSET   854 PM EDT
JULY  3 2014..........SUNRISE   536 AM EDT   SUNSET   854 PM EDT


-  INDICATES NEGATIVE NUMBERS.
R  INDICATES RECORD WAS SET OR TIED.
MM INDICATES DATA IS MISSING.
T  INDICATES TRACE AMOUNT.




$$
