000
CDUS41 KBUF 022031
CLIROC


CLIMATE REPORT
NATIONAL WEATHER SERVICE BUFFALO NY
431 PM EDT SAT SEP 2 2017


...................................

...THE ROCHESTER NY CLIMATE SUMMARY FOR SEPTEMBER 2 2017...
VALID TODAY AS OF 0400 PM LOCAL TIME.

CLIMATE NORMAL PERIOD 1981 TO 2010
CLIMATE RECORD PERIOD 1871 TO 2017


WEATHER ITEM   OBSERVED TIME   RECORD YEAR NORMAL DEPARTURE LAST
                VALUE   (LST)  VALUE       VALUE  FROM      YEAR
                                                  NORMAL
..................................................................
TEMPERATURE (F)
 TODAY
  MAXIMUM         71    256 PM  97    1953  76     -5       73
  MINIMUM         43    537 AM  40    1885  57    -14       55
  AVERAGE         57                        66     -9       64

PRECIPITATION (IN)
  TODAY            0.00          1.45 2006   0.11  -0.11      T
  MONTH TO DATE    0.00                      0.22  -0.22      T
  SINCE SEP 1      0.00                      0.22  -0.22      T
  SINCE JAN 1     31.01                     22.82   8.19    17.65

SNOWFALL (IN)
  TODAY            0.0           0.0    MM   0.0    0.0      0.0
  MONTH TO DATE    0.0                       0.0    0.0      0.0
  SINCE SEP 1      0.0                       0.0    0.0      0.0
  SINCE JUL 1      0.0                       0.0    0.0      0.0
  SNOW DEPTH       0

DEGREE DAYS
 HEATING
  TODAY            8                         2      6        1
  MONTH TO DATE   19                         4     15        1
  SINCE SEP 1     19                         4     15        1
  SINCE JUL 1     46                        38      8        1

 COOLING
  TODAY            0                         3     -3        0
  MONTH TO DATE    0                         6     -6        3
  SINCE SEP 1      0                         6     -6        3
  SINCE JAN 1    516                       490     26      854
..................................................................


WIND (MPH)
  HIGHEST WIND SPEED    18   HIGHEST WIND DIRECTION    SE (140)
  HIGHEST GUST SPEED    23   HIGHEST GUST DIRECTION    SE (140)
  AVERAGE WIND SPEED     5.8


SKY COVER
  AVERAGE SKY COVER 0.3


WEATHER CONDITIONS
 THE FOLLOWING WEATHER WAS RECORDED TODAY.
  NO SIGNIFICANT WEATHER WAS OBSERVED.


RELATIVE HUMIDITY (PERCENT)
 HIGHEST    93          1200 AM
 LOWEST     37           100 PM
 AVERAGE    65

..........................................................


THE ROCHESTER NY CLIMATE NORMALS FOR TOMORROW
                         NORMAL    RECORD    YEAR
 MAXIMUM TEMPERATURE (F)   76        99      1953
 MINIMUM TEMPERATURE (F)   56        41      1946


SUNRISE AND SUNSET
SEPTEMBER  2 2017.....SUNRISE   636 AM EDT   SUNSET   743 PM EDT
SEPTEMBER  3 2017.....SUNRISE   637 AM EDT   SUNSET   742 PM EDT


-  INDICATES NEGATIVE NUMBERS.
R  INDICATES RECORD WAS SET OR TIED.
MM INDICATES DATA IS MISSING.
T  INDICATES TRACE AMOUNT.




$$
