000
CDUS41 KBUF 221001
CLIROC


CLIMATE REPORT
NATIONAL WEATHER SERVICE BUFFALO NY
600 AM EDT TUE APR 22 2014


...................................

...THE ROCHESTER NY CLIMATE SUMMARY FOR APRIL 21 2014...

CLIMATE NORMAL PERIOD 1981 TO 2010
CLIMATE RECORD PERIOD 1871 TO 2014


WEATHER ITEM   OBSERVED TIME   RECORD YEAR NORMAL DEPARTURE LAST
                VALUE   (LST)  VALUE       VALUE  FROM      YEAR
                                                  NORMAL
..................................................................
TEMPERATURE (F)
 YESTERDAY
  MAXIMUM         77    303 PM  87    1973  59     18       43
  MINIMUM         43    105 AM  20    1875  39      4       26
  AVERAGE         60                        49     11       35

PRECIPITATION (IN)
  YESTERDAY        0.00          1.79 1991   0.08  -0.08     0.00
  MONTH TO DATE    2.04                      1.95   0.09     2.49
  SINCE MAR 1      4.40                      4.45  -0.05     3.34
  SINCE JAN 1      8.02                      8.81  -0.79     7.65

SNOWFALL (IN)
  YESTERDAY        0.0           1.5  1978   0.1   -0.1      0.0
  MONTH TO DATE    0.3                       3.5   -3.2      2.3
  SINCE MAR 1     29.6                      19.8    9.8     14.2
  SINCE JUL 1    112.7                      98.7   14.0     78.1
  SNOW DEPTH       0

DEGREE DAYS
 HEATING
  YESTERDAY        5                        17    -12       30
  MONTH TO DATE  406                       432    -26      438
  SINCE MAR 1   1554                      1384    170     1409
  SINCE JUL 1   6639                      6170    469     5717

 COOLING
  YESTERDAY        0                         0      0        0
  MONTH TO DATE    1                         0      1        0
  SINCE MAR 1      1                         0      1        0
  SINCE JAN 1      1                         0      1        0
..................................................................


WIND (MPH)
  HIGHEST WIND SPEED    14   HIGHEST WIND DIRECTION    SW (210)
  HIGHEST GUST SPEED    18   HIGHEST GUST DIRECTION     S (200)
  AVERAGE WIND SPEED     5.9


SKY COVER
  AVERAGE SKY COVER 0.8


WEATHER CONDITIONS
 THE FOLLOWING WEATHER WAS RECORDED YESTERDAY.
  NO SIGNIFICANT WEATHER WAS OBSERVED.


RELATIVE HUMIDITY (PERCENT)
 HIGHEST    76           100 AM
 LOWEST     23          1200 PM
 AVERAGE    50

..........................................................


THE ROCHESTER NY CLIMATE NORMALS FOR TODAY
                         NORMAL    RECORD    YEAR
 MAXIMUM TEMPERATURE (F)   59        84      1985
                                             1902
 MINIMUM TEMPERATURE (F)   39        26      1975
                                             1875


SUNRISE AND SUNSET
APRIL 22 2014.........SUNRISE   618 AM EDT   SUNSET   802 PM EDT
APRIL 23 2014.........SUNRISE   616 AM EDT   SUNSET   803 PM EDT


-  INDICATES NEGATIVE NUMBERS.
R  INDICATES RECORD WAS SET OR TIED.
MM INDICATES DATA IS MISSING.
T  INDICATES TRACE AMOUNT.




$$
