000
CDUS41 KBUF 021020
CLIROC


CLIMATE REPORT
NATIONAL WEATHER SERVICE BUFFALO NY
620 AM EDT SUN AUG 2 2015


...................................

...THE ROCHESTER NY CLIMATE SUMMARY FOR AUGUST 1 2015...

CLIMATE NORMAL PERIOD 1981 TO 2010
CLIMATE RECORD PERIOD 1871 TO 2015


WEATHER ITEM   OBSERVED TIME   RECORD YEAR NORMAL DEPARTURE LAST
                VALUE   (LST)  VALUE       VALUE  FROM      YEAR
                                                  NORMAL
..................................................................
TEMPERATURE (F)
 YESTERDAY
  MAXIMUM         79    313 PM  96    1955  81     -2       83
                                      1933
  MINIMUM         62    448 AM  48    1964  61      1       60
                                      1947
  AVERAGE         71                        71      0       72

PRECIPITATION (IN)
  YESTERDAY        0.02          0.91 1938   0.12  -0.10     0.26
  MONTH TO DATE    0.02                      0.12  -0.10     0.26
  SINCE JUN 1      9.78                      6.79   2.99    10.02
  SINCE JAN 1     21.48                     19.25   2.23    23.02

SNOWFALL (IN)
  YESTERDAY        0.0           0.0    MM   0.0    0.0      0.0
  MONTH TO DATE    0.0                       0.0    0.0      0.0
  SINCE JUN 1      0.0                       0.0    0.0      0.0
  SINCE JUL 1      0.0                       0.0    0.0      0.0
  SNOW DEPTH       0

DEGREE DAYS
 HEATING
  YESTERDAY        0                         0      0        0
  MONTH TO DATE    0                         0      0        0
  SINCE JUN 1     68                        80    -12       36
  SINCE JUL 1     11                        12     -1        7

 COOLING
  YESTERDAY        6                         6      0        7
  MONTH TO DATE    6                         6      0        7
  SINCE JUN 1    300                       305     -5      307
  SINCE JAN 1    403                       335     68      346
..................................................................


WIND (MPH)
  HIGHEST WIND SPEED    18   HIGHEST WIND DIRECTION     W (260)
  HIGHEST GUST SPEED    25   HIGHEST GUST DIRECTION     W (290)
  AVERAGE WIND SPEED    10.0


SKY COVER
  AVERAGE SKY COVER 0.4


WEATHER CONDITIONS
 THE FOLLOWING WEATHER WAS RECORDED YESTERDAY.
  FOG


RELATIVE HUMIDITY (PERCENT)
 HIGHEST    93           300 AM
 LOWEST     39           200 PM
 AVERAGE    66

..........................................................


THE ROCHESTER NY CLIMATE NORMALS FOR TODAY
                         NORMAL    RECORD    YEAR
 MAXIMUM TEMPERATURE (F)   81        96      1944
 MINIMUM TEMPERATURE (F)   61        47      1947


SUNRISE AND SUNSET
AUGUST  2 2015........SUNRISE   602 AM EDT   SUNSET   831 PM EDT
AUGUST  3 2015........SUNRISE   603 AM EDT   SUNSET   830 PM EDT


-  INDICATES NEGATIVE NUMBERS.
R  INDICATES RECORD WAS SET OR TIED.
MM INDICATES DATA IS MISSING.
T  INDICATES TRACE AMOUNT.




$$
