000
CDUS41 KBUF 161013
CLIROC


CLIMATE REPORT
NATIONAL WEATHER SERVICE BUFFALO NY
613 AM EDT WED AUG 16 2017


...................................

...THE ROCHESTER NY CLIMATE SUMMARY FOR AUGUST 15 2017...

CLIMATE NORMAL PERIOD 1981 TO 2010
CLIMATE RECORD PERIOD 1871 TO 2017


WEATHER ITEM   OBSERVED TIME   RECORD YEAR NORMAL DEPARTURE LAST
                VALUE   (LST)  VALUE       VALUE  FROM      YEAR
                                                  NORMAL
..................................................................
TEMPERATURE (F)
 YESTERDAY
  MAXIMUM         81   1125 AM  96    1959  79      2       82
  MINIMUM         65   1159 PM  47    1964  60      5       66
  AVERAGE         73                        70      3       74

PRECIPITATION (IN)
  YESTERDAY        0.52          1.06 1905   0.12   0.40     0.00
  MONTH TO DATE    1.88                      1.77   0.11     0.69
  SINCE JUN 1      9.71                      8.44   1.27     2.82
  SINCE JAN 1     29.69                     20.90   8.79    14.43

SNOWFALL (IN)
  YESTERDAY        0.0           0.0    MM   0.0    0.0      0.0
  MONTH TO DATE    0.0                       0.0    0.0      0.0
  SINCE JUN 1      0.0                       0.0    0.0      0.0
  SINCE JUL 1      0.0                       0.0    0.0      0.0
  SNOW DEPTH       0

DEGREE DAYS
 HEATING
  YESTERDAY        0                         1     -1        0
  MONTH TO DATE    1                         5     -4        0
  SINCE JUN 1     48                        85    -37       47
  SINCE JUL 1      3                        17    -14        0

 COOLING
  YESTERDAY        8                         5      3        9
  MONTH TO DATE   91                        86      5      197
  SINCE JUN 1    422                       385     37      639
  SINCE JAN 1    464                       415     49      701
..................................................................


WIND (MPH)
  HIGHEST WIND SPEED    20   HIGHEST WIND DIRECTION     N (360)
  HIGHEST GUST SPEED    24   HIGHEST GUST DIRECTION     N (360)
  AVERAGE WIND SPEED     6.7


SKY COVER
  AVERAGE SKY COVER 0.6


WEATHER CONDITIONS
 THE FOLLOWING WEATHER WAS RECORDED YESTERDAY.
  THUNDERSTORM
  HEAVY RAIN
  RAIN
  LIGHT RAIN
  FOG


RELATIVE HUMIDITY (PERCENT)
 HIGHEST    93           400 AM
 LOWEST     62          1100 AM
 AVERAGE    78

..........................................................


THE ROCHESTER NY CLIMATE NORMALS FOR TODAY
                         NORMAL    RECORD    YEAR
 MAXIMUM TEMPERATURE (F)   79        94      1913
 MINIMUM TEMPERATURE (F)   60        47      1979
                                             1945
                                             1885


SUNRISE AND SUNSET
AUGUST 16 2017........SUNRISE   618 AM EDT   SUNSET   811 PM EDT
AUGUST 17 2017........SUNRISE   619 AM EDT   SUNSET   810 PM EDT


-  INDICATES NEGATIVE NUMBERS.
R  INDICATES RECORD WAS SET OR TIED.
MM INDICATES DATA IS MISSING.
T  INDICATES TRACE AMOUNT.




$$
