173
CDUS41 KBUF 231023
CLIROC


CLIMATE REPORT
NATIONAL WEATHER SERVICE BUFFALO NY
621 AM EDT MON MAY 23 2016


...................................

...THE ROCHESTER NY CLIMATE SUMMARY FOR MAY 22 2016...

CLIMATE NORMAL PERIOD 1981 TO 2010
CLIMATE RECORD PERIOD 1871 TO 2016


WEATHER ITEM   OBSERVED TIME   RECORD YEAR NORMAL DEPARTURE LAST
                VALUE   (LST)  VALUE       VALUE  FROM      YEAR
                                                  NORMAL
..................................................................
TEMPERATURE (F)
 YESTERDAY
  MAXIMUM         71    514 PM  92    1911  70      1       61
  MINIMUM         53    525 AM  34    1990  48      5       41
                                      1895
  AVERAGE         62                        59      3       51

PRECIPITATION (IN)
  YESTERDAY        T             1.00 1882   0.10  -0.10     0.00
  MONTH TO DATE    1.38                      2.02  -0.64     0.98
  SINCE MAR 1      4.76                      7.25  -2.49     5.02
  SINCE JAN 1     10.06                     11.61  -1.55     9.27

SNOWFALL (IN)
  YESTERDAY        0.0           T    2006   0.0    0.0      0.0
  MONTH TO DATE    T                         0.4   -0.4      0.0
  SINCE MAR 1     12.0                      20.6   -8.6     13.3
  SINCE JUL 1     63.7                      99.5  -35.8    101.9
  SNOW DEPTH       0

DEGREE DAYS
 HEATING
  YESTERDAY        3                         7     -4       14
  MONTH TO DATE  254                       221     33      103
  SINCE MAR 1   1690                      1738    -48     1695
  SINCE JUL 1   5607                      6524   -917     6789

 COOLING
  YESTERDAY        0                         1     -1        0
  MONTH TO DATE    0                        13    -13       55
  SINCE MAR 1      0                        17    -17       55
  SINCE JAN 1      0                        17    -17       55
..................................................................


WIND (MPH)
  HIGHEST WIND SPEED    16   HIGHEST WIND DIRECTION     N (10)
  HIGHEST GUST SPEED    19   HIGHEST GUST DIRECTION     N (20)
  AVERAGE WIND SPEED     6.1


SKY COVER
  AVERAGE SKY COVER 0.8


WEATHER CONDITIONS
 THE FOLLOWING WEATHER WAS RECORDED YESTERDAY.
  LIGHT RAIN


RELATIVE HUMIDITY (PERCENT)
 HIGHEST    93          1200 AM
 LOWEST     49           400 PM
 AVERAGE    71

..........................................................


THE ROCHESTER NY CLIMATE NORMALS FOR TODAY
                         NORMAL    RECORD    YEAR
 MAXIMUM TEMPERATURE (F)   70        90      1930
                                             1893
 MINIMUM TEMPERATURE (F)   49        31      1967


SUNRISE AND SUNSET
MAY 23 2016...........SUNRISE   539 AM EDT   SUNSET   836 PM EDT
MAY 24 2016...........SUNRISE   539 AM EDT   SUNSET   837 PM EDT


-  INDICATES NEGATIVE NUMBERS.
R  INDICATES RECORD WAS SET OR TIED.
MM INDICATES DATA IS MISSING.
T  INDICATES TRACE AMOUNT.




$$
