000
CDUS41 KBUF 201015
CLIROC


CLIMATE REPORT
NATIONAL WEATHER SERVICE BUFFALO NY
614 AM EDT MON OCT 20 2014


...................................

...THE ROCHESTER NY CLIMATE SUMMARY FOR OCTOBER 19 2014...

CLIMATE NORMAL PERIOD 1981 TO 2010
CLIMATE RECORD PERIOD 1871 TO 2014


WEATHER ITEM   OBSERVED TIME   RECORD YEAR NORMAL DEPARTURE LAST
                VALUE   (LST)  VALUE       VALUE  FROM      YEAR
                                                  NORMAL
..................................................................
TEMPERATURE (F)
 YESTERDAY
  MAXIMUM         47    331 PM  81    1953  58    -11       63
                                      1950
                                      1945
  MINIMUM         35   1107 PM  22    1972  41     -6       44
  AVERAGE         41                        49     -8       54

PRECIPITATION (IN)
  YESTERDAY        0.01          2.85 1996   0.08  -0.07     0.06
  MONTH TO DATE    0.92                      1.69  -0.77     2.26
  SINCE SEP 1      2.25                      5.07  -2.82     4.67
  SINCE JAN 1     27.28                     27.67  -0.39    29.88

SNOWFALL (IN)
  YESTERDAY        0.0           0.1  1981   0.0    0.0      0.0
  MONTH TO DATE    0.0                       0.0    0.0      0.0
  SINCE SEP 1      0.0                       0.0    0.0      0.0
  SINCE JUL 1      0.0                       0.0    0.0      0.0
  SNOW DEPTH       0

DEGREE DAYS
 HEATING
  YESTERDAY       24                        16      8       11
  MONTH TO DATE  177                       241    -64      119
  SINCE SEP 1    301                       388    -87      291
  SINCE JUL 1    326                       422    -96      309

 COOLING
  YESTERDAY        0                         0      0        0
  MONTH TO DATE    9                         0      9       10
  SINCE SEP 1     77                        50     27       69
  SINCE JAN 1    541                       534      7      660
..................................................................


WIND (MPH)
  HIGHEST WIND SPEED    21   HIGHEST WIND DIRECTION     W (290)
  HIGHEST GUST SPEED    24   HIGHEST GUST DIRECTION    NW (300)
  AVERAGE WIND SPEED     9.2


SKY COVER
  AVERAGE SKY COVER 0.8


WEATHER CONDITIONS
 THE FOLLOWING WEATHER WAS RECORDED YESTERDAY.
  LIGHT RAIN


RELATIVE HUMIDITY (PERCENT)
 HIGHEST    89          1200 AM
 LOWEST     49           400 PM
 AVERAGE    69

..........................................................


THE ROCHESTER NY CLIMATE NORMALS FOR TODAY
                         NORMAL    RECORD    YEAR
 MAXIMUM TEMPERATURE (F)   58        79      1971
                                             1936
 MINIMUM TEMPERATURE (F)   40        20      1972


SUNRISE AND SUNSET
OCTOBER 20 2014.......SUNRISE   730 AM EDT   SUNSET   620 PM EDT
OCTOBER 21 2014.......SUNRISE   732 AM EDT   SUNSET   618 PM EDT


-  INDICATES NEGATIVE NUMBERS.
R  INDICATES RECORD WAS SET OR TIED.
MM INDICATES DATA IS MISSING.
T  INDICATES TRACE AMOUNT.




$$
