000
CDUS41 KBUF 080705
CLIROC


CLIMATE REPORT
NATIONAL WEATHER SERVICE BUFFALO NY
205 AM EST MON FEB 8 2016


...................................

...THE ROCHESTER NY CLIMATE SUMMARY FOR FEBRUARY 7 2016...

CLIMATE NORMAL PERIOD 1981 TO 2010
CLIMATE RECORD PERIOD 1871 TO 2016


WEATHER ITEM   OBSERVED TIME   RECORD YEAR NORMAL DEPARTURE LAST
                VALUE   (LST)  VALUE       VALUE  FROM      YEAR
                                                  NORMAL
..................................................................
TEMPERATURE (F)
 YESTERDAY
  MAXIMUM         47    419 PM  53    1925  33     14       30
                                      1904
  MINIMUM         26    734 AM  -9    1875  18      8       23
  AVERAGE         37                        25     12       27

PRECIPITATION (IN)
  YESTERDAY        0.00          2.15 1942   0.07  -0.07     0.07
  MONTH TO DATE    0.80                      0.47   0.33     0.79
  SINCE DEC 1      5.05                      5.51  -0.46     4.84
  SINCE JAN 1      2.32                      2.88  -0.56     2.53

SNOWFALL (IN)
  YESTERDAY        0.0          13.0  1978   0.8   -0.8      0.9
  MONTH TO DATE    1.0                       5.6   -4.6     12.6
  SINCE DEC 1     23.5                      55.6  -32.1     46.9
  SINCE JUL 1     24.7                      63.0  -38.3     56.0
  SNOW DEPTH       0

DEGREE DAYS
 HEATING
  YESTERDAY       28                        40    -12       38
  MONTH TO DATE  184                       281    -97      330
  SINCE DEC 1   2042                      2617   -575     2672
  SINCE JUL 1   3082                      3985   -903     3952

 COOLING
  YESTERDAY        0                         0      0        0
  MONTH TO DATE    0                         0      0        0
  SINCE DEC 1      0                         0      0        0
  SINCE JAN 1      0                         0      0        0
..................................................................


WIND (MPH)
  HIGHEST WIND SPEED    15   HIGHEST WIND DIRECTION     S (190)
  HIGHEST GUST SPEED    19   HIGHEST GUST DIRECTION     S (200)
  AVERAGE WIND SPEED     6.4


SKY COVER
  AVERAGE SKY COVER 0.5


WEATHER CONDITIONS
 THE FOLLOWING WEATHER WAS RECORDED YESTERDAY.
  NO SIGNIFICANT WEATHER WAS OBSERVED.


RELATIVE HUMIDITY (PERCENT)
 HIGHEST    84           500 AM
 LOWEST     45           300 PM
 AVERAGE    65

..........................................................


THE ROCHESTER NY CLIMATE NORMALS FOR TODAY
                         NORMAL    RECORD    YEAR
 MAXIMUM TEMPERATURE (F)   33        63      1925
 MINIMUM TEMPERATURE (F)   18       -16      1934


SUNRISE AND SUNSET
FEBRUARY  8 2016......SUNRISE   718 AM EST   SUNSET   532 PM EST
FEBRUARY  9 2016......SUNRISE   717 AM EST   SUNSET   533 PM EST


-  INDICATES NEGATIVE NUMBERS.
R  INDICATES RECORD WAS SET OR TIED.
MM INDICATES DATA IS MISSING.
T  INDICATES TRACE AMOUNT.




$$
