000
CDUS41 KBUF 020706
CLIROC


CLIMATE REPORT
NATIONAL WEATHER SERVICE BUFFALO NY
305 AM EDT MON MAY 2 2016


...................................

...THE ROCHESTER NY CLIMATE SUMMARY FOR MAY 1 2016...

CLIMATE NORMAL PERIOD 1981 TO 2010
CLIMATE RECORD PERIOD 1871 TO 2016


WEATHER ITEM   OBSERVED TIME   RECORD YEAR NORMAL DEPARTURE LAST
                VALUE   (LST)  VALUE       VALUE  FROM      YEAR
                                                  NORMAL
..................................................................
TEMPERATURE (F)
 YESTERDAY
  MAXIMUM         53    136 AM  90    1970  63    -10       66
  MINIMUM         44   1136 PM  26    1978  42      2       44
  AVERAGE         49                        52     -3       55

PRECIPITATION (IN)
  YESTERDAY        0.27          0.77 1953   0.09   0.18     0.00
  MONTH TO DATE    0.27                      0.09   0.18     0.00
  SINCE MAR 1      3.65                      5.32  -1.67     4.04
  SINCE JAN 1      8.95                      9.68  -0.73     8.29

SNOWFALL (IN)
  YESTERDAY       MM             3.0  1908   0.0   MM        0.0
  MONTH TO DATE   MM                         0.0   MM        0.0
  SINCE MAR 1     12.0                      20.2   -8.2     13.3
  SINCE JUL 1     63.7                      99.1  -35.4    101.9
  SNOW DEPTH       0

DEGREE DAYS
 HEATING
  YESTERDAY       16                        13      3       10
  MONTH TO DATE   16                        13      3       10
  SINCE MAR 1   1452                      1530    -78     1602
  SINCE JUL 1   5369                      6316   -947     6696

 COOLING
  YESTERDAY        0                         0      0        0
  MONTH TO DATE    0                         0      0        0
  SINCE MAR 1      0                         4     -4        0
  SINCE JAN 1      0                         4     -4        0
..................................................................


WIND (MPH)
  HIGHEST WIND SPEED    16   HIGHEST WIND DIRECTION    SE (130)
  HIGHEST GUST SPEED    23   HIGHEST GUST DIRECTION    SE (130)
  AVERAGE WIND SPEED     9.2


SKY COVER
  AVERAGE SKY COVER 1.0


WEATHER CONDITIONS
 THE FOLLOWING WEATHER WAS RECORDED YESTERDAY.
  LIGHT RAIN
  FOG
  FOG W/VISIBILITY <= 1/4 MILE


RELATIVE HUMIDITY (PERCENT)
 HIGHEST   100           500 PM
 LOWEST     59          1200 AM
 AVERAGE    80

..........................................................


THE ROCHESTER NY CLIMATE NORMALS FOR TODAY
                         NORMAL    RECORD    YEAR
 MAXIMUM TEMPERATURE (F)   63        85      2001
                                             1942
                                             1887
 MINIMUM TEMPERATURE (F)   42        26      1979


SUNRISE AND SUNSET
MAY  2 2016...........SUNRISE   602 AM EDT   SUNSET   814 PM EDT
MAY  3 2016...........SUNRISE   601 AM EDT   SUNSET   815 PM EDT


-  INDICATES NEGATIVE NUMBERS.
R  INDICATES RECORD WAS SET OR TIED.
MM INDICATES DATA IS MISSING.
T  INDICATES TRACE AMOUNT.




$$
