000
CDUS41 KBUF 282106
CLIROC


CLIMATE REPORT
NATIONAL WEATHER SERVICE BUFFALO NY
505 PM EDT SUN AUG 28 2016


...................................

...THE ROCHESTER NY CLIMATE SUMMARY FOR AUGUST 28 2016...
VALID TODAY AS OF 0500 PM LOCAL TIME.

CLIMATE NORMAL PERIOD 1981 TO 2010
CLIMATE RECORD PERIOD 1871 TO 2016


WEATHER ITEM   OBSERVED TIME   RECORD YEAR NORMAL DEPARTURE LAST
                VALUE   (LST)  VALUE       VALUE  FROM      YEAR
                                                  NORMAL
..................................................................
TEMPERATURE (F)
 TODAY
  MAXIMUM         90    357 PM  99    1948  78     12       74
  MINIMUM         69    414 AM  41    1982  58     11       50
  AVERAGE         80                        68     12       62

PRECIPITATION (IN)
  TODAY            0.00          1.70 1913   0.11  -0.11     0.00
  MONTH TO DATE    3.15                      3.16  -0.01     4.67
  SINCE JUN 1      5.28                      9.83  -4.55    14.43
  SINCE JAN 1     16.89                     22.29  -5.40    26.13

SNOWFALL (IN)
  TODAY            0.0           0.0    MM   0.0    0.0      0.0
  MONTH TO DATE    0.0                       0.0    0.0      0.0
  SINCE JUN 1      0.0                       0.0    0.0      0.0
  SINCE JUL 1      0.0                       0.0    0.0      0.0
  SNOW DEPTH       0

DEGREE DAYS
 HEATING
  TODAY            0                         1     -1        3
  MONTH TO DATE    0                        18    -18        8
  SINCE JUN 1     47                        98    -51       76
  SINCE JUL 1      0                        30    -30       19

 COOLING
  TODAY           15                         4     11        0
  MONTH TO DATE  328                       145    183      137
  SINCE JUN 1    770                       444    326      431
  SINCE JAN 1    832                       474    358      534
..................................................................


WIND (MPH)
  HIGHEST WIND SPEED    18   HIGHEST WIND DIRECTION     W (290)
  HIGHEST GUST SPEED    25   HIGHEST GUST DIRECTION    SW (240)
  AVERAGE WIND SPEED     8.1


SKY COVER
  AVERAGE SKY COVER 0.8


WEATHER CONDITIONS
 THE FOLLOWING WEATHER WAS RECORDED TODAY.
  NO SIGNIFICANT WEATHER WAS OBSERVED.


RELATIVE HUMIDITY (PERCENT)
 HIGHEST    90           200 AM
 LOWEST     55           100 PM
 AVERAGE    73

..........................................................


THE ROCHESTER NY CLIMATE NORMALS FOR TOMORROW
                         NORMAL    RECORD    YEAR
 MAXIMUM TEMPERATURE (F)   77        94      1973
                                             1953
 MINIMUM TEMPERATURE (F)   58        38      1982


SUNRISE AND SUNSET
AUGUST 28 2016........SUNRISE   631 AM EDT   SUNSET   751 PM EDT
AUGUST 29 2016........SUNRISE   632 AM EDT   SUNSET   750 PM EDT


-  INDICATES NEGATIVE NUMBERS.
R  INDICATES RECORD WAS SET OR TIED.
MM INDICATES DATA IS MISSING.
T  INDICATES TRACE AMOUNT.




$$
