000
CDUS41 KBUF 280706
CLIROC


CLIMATE REPORT
NATIONAL WEATHER SERVICE BUFFALO NY
305 AM EDT SAT MAY 28 2016


...................................

...THE ROCHESTER NY CLIMATE SUMMARY FOR MAY 27 2016...

CLIMATE NORMAL PERIOD 1981 TO 2010
CLIMATE RECORD PERIOD 1871 TO 2016


WEATHER ITEM   OBSERVED TIME   RECORD YEAR NORMAL DEPARTURE LAST
                VALUE   (LST)  VALUE       VALUE  FROM      YEAR
                                                  NORMAL
..................................................................
TEMPERATURE (F)
 YESTERDAY
  MAXIMUM         88    355 PM  92    1978  71     17       84
  MINIMUM         66    258 AM  35    1969  50     16       65
  AVERAGE         77                        60     17       75

PRECIPITATION (IN)
  YESTERDAY        0.00          0.96 2011   0.09  -0.09     0.30
  MONTH TO DATE    1.45                      2.50  -1.05     1.50
  SINCE MAR 1      4.83                      7.73  -2.90     5.54
  SINCE JAN 1     10.13                     12.09  -1.96     9.79

SNOWFALL (IN)
  YESTERDAY        0.0           0.0    MM   0.0    0.0      0.0
  MONTH TO DATE    T                         0.4   -0.4      0.0
  SINCE MAR 1     12.0                      20.6   -8.6     13.3
  SINCE JUL 1     63.7                      99.5  -35.8    101.9
  SNOW DEPTH       0

DEGREE DAYS
 HEATING
  YESTERDAY        0                         6     -6        0
  MONTH TO DATE  255                       254      1      119
  SINCE MAR 1   1691                      1771    -80     1711
  SINCE JUL 1   5608                      6557   -949     6805

 COOLING
  YESTERDAY       12                         1     11       10
  MONTH TO DATE   26                        18      8       84
  SINCE MAR 1     26                        22      4       84
  SINCE JAN 1     26                        22      4       84
..................................................................


WIND (MPH)
  HIGHEST WIND SPEED    16   HIGHEST WIND DIRECTION    NW (300)
  HIGHEST GUST SPEED    23   HIGHEST GUST DIRECTION     W (250)
  AVERAGE WIND SPEED     8.3


SKY COVER
  AVERAGE SKY COVER 0.5


WEATHER CONDITIONS
 THE FOLLOWING WEATHER WAS RECORDED YESTERDAY.
  FOG


RELATIVE HUMIDITY (PERCENT)
 HIGHEST    93          1200 AM
 LOWEST     40           400 PM
 AVERAGE    67

..........................................................


THE ROCHESTER NY CLIMATE NORMALS FOR TODAY
                         NORMAL    RECORD    YEAR
 MAXIMUM TEMPERATURE (F)   71        93      1911
 MINIMUM TEMPERATURE (F)   50        35      1949


SUNRISE AND SUNSET
MAY 28 2016...........SUNRISE   536 AM EDT   SUNSET   841 PM EDT
MAY 29 2016...........SUNRISE   535 AM EDT   SUNSET   841 PM EDT


-  INDICATES NEGATIVE NUMBERS.
R  INDICATES RECORD WAS SET OR TIED.
MM INDICATES DATA IS MISSING.
T  INDICATES TRACE AMOUNT.




$$
