000
CDUS41 KBUF 291007
CLIROC


CLIMATE REPORT
NATIONAL WEATHER SERVICE BUFFALO NY
605 AM EDT WED OCT 29 2014


...................................

...THE ROCHESTER NY CLIMATE SUMMARY FOR OCTOBER 28 2014...

CLIMATE NORMAL PERIOD 1981 TO 2010
CLIMATE RECORD PERIOD 1871 TO 2014


WEATHER ITEM   OBSERVED TIME   RECORD YEAR NORMAL DEPARTURE LAST
                VALUE   (LST)  VALUE       VALUE  FROM      YEAR
                                                  NORMAL
..................................................................
TEMPERATURE (F)
 YESTERDAY
  MAXIMUM         80R   236 PM  76    1984  55     25       49
  MINIMUM         51   1225 AM  24    1940  38     13       29
  AVERAGE         66                        47     19       39

PRECIPITATION (IN)
  YESTERDAY        0.04          1.25 1889   0.09  -0.05     0.00
  MONTH TO DATE    1.83                      2.46  -0.63     2.79
  SINCE SEP 1      3.16                      5.84  -2.68     5.20
  SINCE JAN 1     28.19                     28.44  -0.25    30.41

SNOWFALL (IN)
  YESTERDAY        0.0           0.9  1965   0.0    0.0      0.0
  MONTH TO DATE    0.0                       0.1   -0.1      0.0
  SINCE SEP 1      0.0                       0.1   -0.1      0.0
  SINCE JUL 1      0.0                       0.1   -0.1      0.0
  SNOW DEPTH       0

DEGREE DAYS
 HEATING
  YESTERDAY        0                        18    -18       26
  MONTH TO DATE  295                       395   -100      308
  SINCE SEP 1    419                       542   -123      480
  SINCE JUL 1    444                       576   -132      498

 COOLING
  YESTERDAY        1                         0      1        0
  MONTH TO DATE   10                         0     10       10
  SINCE SEP 1     78                        50     28       69
  SINCE JAN 1    542                       534      8      660
..................................................................


WIND (MPH)
  HIGHEST WIND SPEED    26   HIGHEST WIND DIRECTION    SW (230)
  HIGHEST GUST SPEED    37   HIGHEST GUST DIRECTION    SW (220)
  AVERAGE WIND SPEED    13.9


SKY COVER
  AVERAGE SKY COVER 0.8


WEATHER CONDITIONS
 THE FOLLOWING WEATHER WAS RECORDED YESTERDAY.
  LIGHT RAIN
  FOG


RELATIVE HUMIDITY (PERCENT)
 HIGHEST    90           900 PM
 LOWEST     39           300 PM
 AVERAGE    65

..........................................................


THE ROCHESTER NY CLIMATE NORMALS FOR TODAY
                         NORMAL    RECORD    YEAR
 MAXIMUM TEMPERATURE (F)   55        76      1896
 MINIMUM TEMPERATURE (F)   38        20      1940


SUNRISE AND SUNSET
OCTOBER 29 2014.......SUNRISE   742 AM EDT   SUNSET   607 PM EDT
OCTOBER 30 2014.......SUNRISE   743 AM EDT   SUNSET   605 PM EDT


-  INDICATES NEGATIVE NUMBERS.
R  INDICATES RECORD WAS SET OR TIED.
MM INDICATES DATA IS MISSING.
T  INDICATES TRACE AMOUNT.




$$
