000
CDUS41 KBUF 030705
CLIROC


CLIMATE REPORT
NATIONAL WEATHER SERVICE BUFFALO NY
305 AM EDT MON AUG 3 2015


...................................

...THE ROCHESTER NY CLIMATE SUMMARY FOR AUGUST 2 2015...

CLIMATE NORMAL PERIOD 1981 TO 2010
CLIMATE RECORD PERIOD 1871 TO 2015


WEATHER ITEM   OBSERVED TIME   RECORD YEAR NORMAL DEPARTURE LAST
                VALUE   (LST)  VALUE       VALUE  FROM      YEAR
                                                  NORMAL
..................................................................
TEMPERATURE (F)
 YESTERDAY
  MAXIMUM         84    352 PM  96    1944  81      3       83
  MINIMUM         60    443 AM  47    1947  61     -1       63
  AVERAGE         72                        71      1       73

PRECIPITATION (IN)
  YESTERDAY        0.00          1.19 1928   0.13  -0.13     0.08
  MONTH TO DATE    0.02                      0.25  -0.23     0.34
  SINCE JUN 1      9.78                      6.92   2.86    10.10
  SINCE JAN 1     21.48                     19.38   2.10    23.10

SNOWFALL (IN)
  YESTERDAY        0.0           0.0    MM   0.0    0.0      0.0
  MONTH TO DATE    0.0                       0.0    0.0      0.0
  SINCE JUN 1      0.0                       0.0    0.0      0.0
  SINCE JUL 1      0.0                       0.0    0.0      0.0
  SNOW DEPTH       0

DEGREE DAYS
 HEATING
  YESTERDAY        0                         0      0        0
  MONTH TO DATE    0                         0      0        0
  SINCE JUN 1     68                        80    -12       36
  SINCE JUL 1     11                        12     -1        7

 COOLING
  YESTERDAY        7                         6      1        8
  MONTH TO DATE   13                        12      1       15
  SINCE JUN 1    307                       311     -4      315
  SINCE JAN 1    410                       341     69      354
..................................................................


WIND (MPH)
  HIGHEST WIND SPEED    20   HIGHEST WIND DIRECTION     N (350)
  HIGHEST GUST SPEED    24   HIGHEST GUST DIRECTION     N (340)
  AVERAGE WIND SPEED     9.7


SKY COVER
  AVERAGE SKY COVER 0.6


WEATHER CONDITIONS
 THE FOLLOWING WEATHER WAS RECORDED YESTERDAY.
  NO SIGNIFICANT WEATHER WAS OBSERVED.


RELATIVE HUMIDITY (PERCENT)
 HIGHEST    90           300 AM
 LOWEST     34           200 PM
 AVERAGE    62

..........................................................


THE ROCHESTER NY CLIMATE NORMALS FOR TODAY
                         NORMAL    RECORD    YEAR
 MAXIMUM TEMPERATURE (F)   80        95      1988
                                             1890
 MINIMUM TEMPERATURE (F)   61        46      1959
                                             1956


SUNRISE AND SUNSET
AUGUST  3 2015........SUNRISE   603 AM EDT   SUNSET   830 PM EDT
AUGUST  4 2015........SUNRISE   604 AM EDT   SUNSET   829 PM EDT


-  INDICATES NEGATIVE NUMBERS.
R  INDICATES RECORD WAS SET OR TIED.
MM INDICATES DATA IS MISSING.
T  INDICATES TRACE AMOUNT.




$$
