929
CDUS41 KBUF 211022
CLIROC


CLIMATE REPORT
NATIONAL WEATHER SERVICE BUFFALO NY
520 AM EST TUE NOV 21 2017


...................................

...THE ROCHESTER NY CLIMATE SUMMARY FOR NOVEMBER 20 2017...

CLIMATE NORMAL PERIOD 1981 TO 2010
CLIMATE RECORD PERIOD 1871 TO 2017


WEATHER ITEM   OBSERVED TIME   RECORD YEAR NORMAL DEPARTURE LAST
                VALUE   (LST)  VALUE       VALUE  FROM      YEAR
                                                  NORMAL
..................................................................
TEMPERATURE (F)
 YESTERDAY
  MAXIMUM         42    401 PM  72    1991  46     -4       37
  MINIMUM         30    118 AM  14    1879  32     -2       29
  AVERAGE         36                        39     -3       33

PRECIPITATION (IN)
  YESTERDAY        T             0.88 1974   0.10  -0.10     0.52
  MONTH TO DATE    3.91                      1.94   1.97     1.73
  SINCE SEP 1     11.90                      8.04   3.86     9.29
  SINCE JAN 1     42.91                     30.64  12.27    26.94

SNOWFALL (IN)
  YESTERDAY        0.3          11.2  2016   0.3    0.0     11.2
  MONTH TO DATE    2.4                       3.5   -1.1     11.2
  SINCE SEP 1      2.4                       3.6   -1.2     12.1
  SINCE JUL 1      2.4                       3.6   -1.2     12.1
  SNOW DEPTH       T

DEGREE DAYS
 HEATING
  YESTERDAY       29                        26      3       32
  MONTH TO DATE  492                       454     38      338
  SINCE SEP 1    827                      1053   -226      731
  SINCE JUL 1    854                      1087   -233      731

 COOLING
  YESTERDAY        0                         0      0        0
  MONTH TO DATE    0                         0      0        0
  SINCE SEP 1    139                        55     84      127
  SINCE JAN 1    655                       539    116      978
..................................................................


WIND (MPH)
  HIGHEST WIND SPEED    23   HIGHEST WIND DIRECTION     W (270)
  HIGHEST GUST SPEED    31   HIGHEST GUST DIRECTION     W (270)
  AVERAGE WIND SPEED    13.2


SKY COVER
  AVERAGE SKY COVER 0.7


WEATHER CONDITIONS
 THE FOLLOWING WEATHER WAS RECORDED YESTERDAY.
  LIGHT SNOW
  FOG


RELATIVE HUMIDITY (PERCENT)
 HIGHEST    89           200 PM
 LOWEST     59           900 PM
 AVERAGE    74

..........................................................


THE ROCHESTER NY CLIMATE NORMALS FOR TODAY
                         NORMAL    RECORD    YEAR
 MAXIMUM TEMPERATURE (F)   46        72      1913
 MINIMUM TEMPERATURE (F)   31         9      1880
                                             1879


SUNRISE AND SUNSET
NOVEMBER 21 2017......SUNRISE   711 AM EST   SUNSET   442 PM EST
NOVEMBER 22 2017......SUNRISE   712 AM EST   SUNSET   441 PM EST


-  INDICATES NEGATIVE NUMBERS.
R  INDICATES RECORD WAS SET OR TIED.
MM INDICATES DATA IS MISSING.
T  INDICATES TRACE AMOUNT.




$$
