000
CDUS41 KBUF 290706
CLIROC


CLIMATE REPORT
NATIONAL WEATHER SERVICE BUFFALO NY
305 AM EDT THU SEP 29 2016


...................................

...THE ROCHESTER NY CLIMATE SUMMARY FOR SEPTEMBER 28 2016...

CLIMATE NORMAL PERIOD 1981 TO 2010
CLIMATE RECORD PERIOD 1871 TO 2016


WEATHER ITEM   OBSERVED TIME   RECORD YEAR NORMAL DEPARTURE LAST
                VALUE   (LST)  VALUE       VALUE  FROM      YEAR
                                                  NORMAL
..................................................................
TEMPERATURE (F)
 YESTERDAY
  MAXIMUM         77    223 PM  90    1959  67     10       74
  MINIMUM         46    625 AM  28    1947  47     -1       63
  AVERAGE         62                        57      5       69

PRECIPITATION (IN)
  YESTERDAY        T             1.95 1962   0.11  -0.11     0.17
  MONTH TO DATE    2.01                      3.17  -1.16     2.83
  SINCE SEP 1      2.01                      3.17  -1.16     2.83
  SINCE JAN 1     19.66                     25.77  -6.11    28.96

SNOWFALL (IN)
  YESTERDAY       MM             0.0    MM   0.0   MM        0.0
  MONTH TO DATE    0.0                       0.0    0.0      0.0
  SINCE SEP 1      0.0                       0.0    0.0      0.0
  SINCE JUL 1      0.0                       0.0    0.0      0.0
  SNOW DEPTH       0

DEGREE DAYS
 HEATING
  YESTERDAY        3                         9     -6        0
  MONTH TO DATE   39                       130    -91       40
  SINCE SEP 1     39                       130    -91       40
  SINCE JUL 1     39                       164   -125       59

 COOLING
  YESTERDAY        0                         1     -1        4
  MONTH TO DATE  112                        50     62      142
  SINCE SEP 1    112                        50     62      142
  SINCE JAN 1    963                       534    429      696
..................................................................


WIND (MPH)
  HIGHEST WIND SPEED    22   HIGHEST WIND DIRECTION    SE (130)
  HIGHEST GUST SPEED    26   HIGHEST GUST DIRECTION    SE (140)
  AVERAGE WIND SPEED     8.8


SKY COVER
  AVERAGE SKY COVER 0.6


WEATHER CONDITIONS
 THE FOLLOWING WEATHER WAS RECORDED YESTERDAY.
  LIGHT RAIN


RELATIVE HUMIDITY (PERCENT)
 HIGHEST    93           600 AM
 LOWEST     27           100 PM
 AVERAGE    60

..........................................................


THE ROCHESTER NY CLIMATE NORMALS FOR TODAY
                         NORMAL    RECORD    YEAR
 MAXIMUM TEMPERATURE (F)   66        90      1959
 MINIMUM TEMPERATURE (F)   47        31      1942


SUNRISE AND SUNSET
SEPTEMBER 29 2016.....SUNRISE   706 AM EDT   SUNSET   655 PM EDT
SEPTEMBER 30 2016.....SUNRISE   707 AM EDT   SUNSET   653 PM EDT


-  INDICATES NEGATIVE NUMBERS.
R  INDICATES RECORD WAS SET OR TIED.
MM INDICATES DATA IS MISSING.
T  INDICATES TRACE AMOUNT.




$$
