000
CDUS41 KBUF 260705
CLIROC


CLIMATE REPORT
NATIONAL WEATHER SERVICE BUFFALO NY
305 AM EDT WED JUL 26 2017


...................................

...THE ROCHESTER NY CLIMATE SUMMARY FOR JULY 25 2017...

CLIMATE NORMAL PERIOD 1981 TO 2010
CLIMATE RECORD PERIOD 1871 TO 2017


WEATHER ITEM   OBSERVED TIME   RECORD YEAR NORMAL DEPARTURE LAST
                VALUE   (LST)  VALUE       VALUE  FROM      YEAR
                                                  NORMAL
..................................................................
TEMPERATURE (F)
 YESTERDAY
  MAXIMUM         69    513 PM  98    1941  81    -12       85
  MINIMUM         58   1159 PM  48    1953  61     -3       70
  AVERAGE         64                        71     -7       78

PRECIPITATION (IN)
  YESTERDAY        0.08          2.21 1929   0.11  -0.03     0.29
  MONTH TO DATE    3.85                      2.65   1.20     1.21
  SINCE JUN 1      7.39                      5.99   1.40     2.12
  SINCE JAN 1     27.37                     18.45   8.92    13.73

SNOWFALL (IN)
  YESTERDAY        0.0           0.0    MM   0.0    0.0      0.0
  MONTH TO DATE    0.0                       0.0    0.0      0.0
  SINCE JUN 1      0.0                       0.0    0.0      0.0
  SINCE JUL 1      0.0                       0.0    0.0      0.0
  SNOW DEPTH       0

DEGREE DAYS
 HEATING
  YESTERDAY        1                         0      1        0
  MONTH TO DATE    1                         6     -5        0
  SINCE JUN 1     46                        74    -28       47
  SINCE JUL 1      1                         6     -5        0

 COOLING
  YESTERDAY        0                         6     -6       13
  MONTH TO DATE  171                       150     21      247
  SINCE JUN 1    304                       256     48      376
  SINCE JAN 1    346                       286     60      438
..................................................................


WIND (MPH)
  HIGHEST WIND SPEED    14   HIGHEST WIND DIRECTION    NE (30)
  HIGHEST GUST SPEED    17   HIGHEST GUST DIRECTION    NE (40)
  AVERAGE WIND SPEED     5.0


SKY COVER
  AVERAGE SKY COVER 0.8


WEATHER CONDITIONS
 THE FOLLOWING WEATHER WAS RECORDED YESTERDAY.
  LIGHT RAIN
  FOG


RELATIVE HUMIDITY (PERCENT)
 HIGHEST    97           400 AM
 LOWEST     63           600 PM
 AVERAGE    80

..........................................................


THE ROCHESTER NY CLIMATE NORMALS FOR TODAY
                         NORMAL    RECORD    YEAR
 MAXIMUM TEMPERATURE (F)   81        95      1930
 MINIMUM TEMPERATURE (F)   61        47      1975


SUNRISE AND SUNSET
JULY 26 2017..........SUNRISE   555 AM EDT   SUNSET   838 PM EDT
JULY 27 2017..........SUNRISE   556 AM EDT   SUNSET   837 PM EDT


-  INDICATES NEGATIVE NUMBERS.
R  INDICATES RECORD WAS SET OR TIED.
MM INDICATES DATA IS MISSING.
T  INDICATES TRACE AMOUNT.




$$
